000
CDUS43 KDTX 112029
CLIFNT


CLIMATE REPORT
NATIONAL WEATHER SERVICE DETROIT/PONTIAC MI
427 PM EDT MON MAY 11 2015


...................................

...THE FLINT MI CLIMATE SUMMARY FOR MAY 11 2015...
VALID TODAY AS OF 0400 PM LOCAL TIME.

CLIMATE NORMAL PERIOD 1981 TO 2010
CLIMATE RECORD PERIOD 1921 TO 2015


WEATHER ITEM   OBSERVED TIME   RECORD YEAR NORMAL DEPARTURE LAST
                VALUE   (LST)  VALUE       VALUE  FROM      YEAR
                                                  NORMAL
..................................................................
TEMPERATURE (F)
 TODAY
  MAXIMUM         77   1150 AM  90    1922  67     10       81
  MINIMUM         51    545 AM  29    1945  44      7       42
  AVERAGE         64                        55      9       62

PRECIPITATION (IN)
  TODAY            0.07          1.48 1943   0.09  -0.02     0.00
  MONTH TO DATE    1.42                      1.08   0.34     1.60
  SINCE MAR 1      3.97                      5.88  -1.91     5.29
  SINCE JAN 1      6.14                      8.99  -2.85     9.30

SNOWFALL (IN)
  TODAY            0.0           0.0    MM   0.0    0.0      0.0
  MONTH TO DATE    0.0                       0.0    0.0      0.0
  SINCE MAR 1      4.8                       8.8   -4.0     10.7
  SINCE JUL 1     45.3                      47.4   -2.1     83.9
  SNOW DEPTH       0

DEGREE DAYS
 HEATING
  TODAY            1                        10     -9        3
  MONTH TO DATE   25                       129   -104      114
  SINCE MAR 1   1506                      1648   -142     1845
  SINCE JUL 1   6814                      6736     78     7366

 COOLING
  TODAY            0                         1     -1        0
  MONTH TO DATE   22                         3     19        7
  SINCE MAR 1     22                         7     15        7
  SINCE JAN 1     22                         7     15        7
..................................................................


WIND (MPH)
  HIGHEST WIND SPEED    12   HIGHEST WIND DIRECTION     W (250)
  HIGHEST GUST SPEED    14   HIGHEST GUST DIRECTION     W (260)
  AVERAGE WIND SPEED     5.0


SKY COVER
  POSSIBLE SUNSHINE  MM
  AVERAGE SKY COVER 0.7


WEATHER CONDITIONS
 THE FOLLOWING WEATHER WAS RECORDED TODAY.
  HEAVY RAIN
  LIGHT RAIN
  FOG
  FOG W/VISIBILITY <= 1/4 MILE


RELATIVE HUMIDITY (PERCENT)
 HIGHEST    93           700 AM
 LOWEST     64          1200 PM
 AVERAGE    79

..........................................................


THE FLINT MI CLIMATE NORMALS FOR TOMORROW
                         NORMAL    RECORD    YEAR
 MAXIMUM TEMPERATURE (F)   67        88      1991
 MINIMUM TEMPERATURE (F)   44        29      1946


SUNRISE AND SUNSET
MAY 11 2015...........SUNRISE   616 AM EDT   SUNSET   847 PM EDT
MAY 12 2015...........SUNRISE   615 AM EDT   SUNSET   848 PM EDT


-  INDICATES NEGATIVE NUMBERS.
R  INDICATES RECORD WAS SET OR TIED.
MM INDICATES DATA IS MISSING.
T  INDICATES TRACE AMOUNT.




$$
