000
CDUS43 KDTX 202131
CLIFNT


CLIMATE REPORT
NATIONAL WEATHER SERVICE DETROIT/PONTIAC MI
430 PM EST SUN NOV 20 2016


...................................

...THE FLINT MI CLIMATE SUMMARY FOR NOVEMBER 20 2016...
VALID TODAY AS OF 0400 PM LOCAL TIME.

CLIMATE NORMAL PERIOD 1981 TO 2010
CLIMATE RECORD PERIOD 1921 TO 2016


WEATHER ITEM   OBSERVED TIME   RECORD YEAR NORMAL DEPARTURE LAST
                VALUE   (LST)  VALUE       VALUE  FROM      YEAR
                                                  NORMAL
..................................................................
TEMPERATURE (F)
 TODAY
  MAXIMUM         35    201 PM  68    1953  45    -10       46
                                      1934
                                      1931
  MINIMUM         29    911 AM  11    2014  30     -1       34
  AVERAGE         32                        37     -5       40

PRECIPITATION (IN)
  TODAY            T             1.40 1942   0.09  -0.09     0.00
  MONTH TO DATE    0.98                      1.83  -0.85     0.65
  SINCE SEP 1      8.57                      8.05   0.52     6.44
  SINCE JAN 1     28.12                     28.61  -0.49    25.81

SNOWFALL (IN)
  TODAY            T             4.0  1986   0.1   -0.1      0.0
  MONTH TO DATE    T                         1.0   -1.0       T
  SINCE SEP 1      T                         1.4   -1.4       T
  SINCE JUL 1      T                         1.4   -1.4       T
  SNOW DEPTH       0

DEGREE DAYS
 HEATING
  TODAY           33                        28      5       25
  MONTH TO DATE  332                       483   -151      277
  SINCE SEP 1    771                      1135   -364      672
  SINCE JUL 1    771                      1179   -408      694

 COOLING
  TODAY            0                         0      0        0
  MONTH TO DATE    0                         0      0        2
  SINCE SEP 1     83                        54     29      153
  SINCE JAN 1   1022                       531    491      766
..................................................................


WIND (MPH)
  HIGHEST WIND SPEED    31   HIGHEST WIND DIRECTION    NW (300)
  HIGHEST GUST SPEED    39   HIGHEST GUST DIRECTION     W (290)
  AVERAGE WIND SPEED    19.8


SKY COVER
  POSSIBLE SUNSHINE  MM
  AVERAGE SKY COVER 1.0


WEATHER CONDITIONS
 THE FOLLOWING WEATHER WAS RECORDED TODAY.
  LIGHT SNOW


RELATIVE HUMIDITY (PERCENT)
 HIGHEST    78           900 AM
 LOWEST     52           200 PM
 AVERAGE    65

..........................................................


THE FLINT MI CLIMATE NORMALS FOR TOMORROW
                         NORMAL    RECORD    YEAR
 MAXIMUM TEMPERATURE (F)   44        66      1931
 MINIMUM TEMPERATURE (F)   29         3      2014


SUNRISE AND SUNSET
NOVEMBER 20 2016......SUNRISE   734 AM EST   SUNSET   507 PM EST
NOVEMBER 21 2016......SUNRISE   735 AM EST   SUNSET   506 PM EST


-  INDICATES NEGATIVE NUMBERS.
R  INDICATES RECORD WAS SET OR TIED.
MM INDICATES DATA IS MISSING.
T  INDICATES TRACE AMOUNT.




$$
