000
CDUS43 KDTX 170539
CLIFNT


CLIMATE REPORT
NATIONAL WEATHER SERVICE DETROIT/PONTIAC MI
138 AM EDT TUE MAR 17 2015


...................................

...THE FLINT MI CLIMATE SUMMARY FOR MARCH 16 2015...

CLIMATE NORMAL PERIOD 1981 TO 2010
CLIMATE RECORD PERIOD 1921 TO 2015


WEATHER ITEM   OBSERVED TIME   RECORD YEAR NORMAL DEPARTURE LAST
                VALUE   (LST)  VALUE       VALUE  FROM      YEAR
                                                  NORMAL
..................................................................
TEMPERATURE (F)
 YESTERDAY
  MAXIMUM         66    453 PM  75    2012  43     23       22
  MINIMUM         42    703 AM   6    1992  25     17        9
  AVERAGE         54                        34     20       16

PRECIPITATION (IN)
  YESTERDAY        0.00          1.92 1942   0.06  -0.06     0.00
  MONTH TO DATE    0.26                      0.89  -0.63     0.66
  SINCE MAR 1      0.26                      0.89  -0.63     0.66
  SINCE JAN 1      2.43                      4.00  -1.57     4.67

SNOWFALL (IN)
  YESTERDAY        0.0           2.3  2013   0.2   -0.2      0.0
  MONTH TO DATE    3.4                       4.1   -0.7      8.6
  SINCE MAR 1      3.4                       4.1   -0.7      8.6
  SINCE JUL 1     43.9                      42.7    1.2     81.8
  SNOW DEPTH       0

DEGREE DAYS
 HEATING
  YESTERDAY       11                        31    -20       49
  MONTH TO DATE  532                       540     -8      701
  SINCE MAR 1    532                       540     -8      701
  SINCE JUL 1   5840                      5628    212     6222

 COOLING
  YESTERDAY        0                         0      0        0
  MONTH TO DATE    0                         0      0        0
  SINCE MAR 1      0                         0      0        0
  SINCE JAN 1      0                         0      0        0
..................................................................


WIND (MPH)
  HIGHEST WIND SPEED    18   HIGHEST WIND DIRECTION     N (20)
  HIGHEST GUST SPEED    25   HIGHEST GUST DIRECTION     N (360)
  AVERAGE WIND SPEED     7.4


SKY COVER
  POSSIBLE SUNSHINE  MM
  AVERAGE SKY COVER 0.0


WEATHER CONDITIONS
 THE FOLLOWING WEATHER WAS RECORDED YESTERDAY.
  NO SIGNIFICANT WEATHER WAS OBSERVED.


RELATIVE HUMIDITY (PERCENT)
 HIGHEST    76           700 AM
 LOWEST     42           500 PM
 AVERAGE    59

..........................................................


THE FLINT MI CLIMATE NORMALS FOR TODAY
                         NORMAL    RECORD    YEAR
 MAXIMUM TEMPERATURE (F)   44        79      2012
 MINIMUM TEMPERATURE (F)   25        -5      1926


SUNRISE AND SUNSET
MARCH 17 2015.........SUNRISE   744 AM EDT   SUNSET   743 PM EDT
MARCH 18 2015.........SUNRISE   742 AM EDT   SUNSET   745 PM EDT


-  INDICATES NEGATIVE NUMBERS.
R  INDICATES RECORD WAS SET OR TIED.
MM INDICATES DATA IS MISSING.
T  INDICATES TRACE AMOUNT.




$$
