000
CDUS43 KDTX 190536
CLIFNT


CLIMATE REPORT
NATIONAL WEATHER SERVICE DETROIT/PONTIAC MI
136 AM EDT THU MAY 19 2016


...................................

...THE FLINT MI CLIMATE SUMMARY FOR MAY 18 2016...

CLIMATE NORMAL PERIOD 1981 TO 2010
CLIMATE RECORD PERIOD 1921 TO 2016


WEATHER ITEM   OBSERVED TIME   RECORD YEAR NORMAL DEPARTURE LAST
                VALUE   (LST)  VALUE       VALUE  FROM      YEAR
                                                  NORMAL
..................................................................
TEMPERATURE (F)
 YESTERDAY
  MAXIMUM         69    435 PM  90    1998  69      0       84
  MINIMUM         36    549 AM  29    1973  46    -10       59
  AVERAGE         53                        58     -5       72

PRECIPITATION (IN)
  YESTERDAY        0.00          2.23 2000   0.10  -0.10     0.09
  MONTH TO DATE    1.64                      1.77  -0.13     2.07
  SINCE MAR 1      8.30                      6.57   1.73     4.62
  SINCE JAN 1     12.15                      9.68   2.47     6.79

SNOWFALL (IN)
  YESTERDAY        0.0           T      MM   0.0    0.0      0.0
  MONTH TO DATE    T                         0.0    0.0      0.0
  SINCE MAR 1     18.4                       8.8    9.6      4.8
  SINCE JUL 1     69.0                      47.4   21.6     45.3
  SNOW DEPTH       0

DEGREE DAYS
 HEATING
  YESTERDAY       12                         8      4        0
  MONTH TO DATE  174                       194    -20       64
  SINCE MAR 1   1453                      1713   -260     1545
  SINCE JUL 1   5323                      6801  -1478     6853

 COOLING
  YESTERDAY        0                         1     -1        7
  MONTH TO DATE    4                        10     -6       38
  SINCE MAR 1      5                        14     -9       38
  SINCE JAN 1      5                        14     -9       38
..................................................................


WIND (MPH)
  HIGHEST WIND SPEED    15   HIGHEST WIND DIRECTION    NE (50)
  HIGHEST GUST SPEED    20   HIGHEST GUST DIRECTION    NE (60)
  AVERAGE WIND SPEED     4.0


SKY COVER
  POSSIBLE SUNSHINE  MM
  AVERAGE SKY COVER 0.2


WEATHER CONDITIONS
 THE FOLLOWING WEATHER WAS RECORDED YESTERDAY.
  NO SIGNIFICANT WEATHER WAS OBSERVED.


RELATIVE HUMIDITY (PERCENT)
 HIGHEST    82           500 AM
 LOWEST     28           400 PM
 AVERAGE    55

..........................................................


THE FLINT MI CLIMATE NORMALS FOR TODAY
                         NORMAL    RECORD    YEAR
 MAXIMUM TEMPERATURE (F)   70        89      1996
 MINIMUM TEMPERATURE (F)   46        29      2002


SUNRISE AND SUNSET
MAY 19 2016...........SUNRISE   607 AM EDT   SUNSET   856 PM EDT
MAY 20 2016...........SUNRISE   607 AM EDT   SUNSET   857 PM EDT


-  INDICATES NEGATIVE NUMBERS.
R  INDICATES RECORD WAS SET OR TIED.
MM INDICATES DATA IS MISSING.
T  INDICATES TRACE AMOUNT.




$$
