000
CDUS43 KDTX 290539
CLIFNT


CLIMATE REPORT
NATIONAL WEATHER SERVICE DETROIT/PONTIAC MI
139 AM EDT SUN MAY 29 2016


...................................

...THE FLINT MI CLIMATE SUMMARY FOR MAY 28 2016...

CLIMATE NORMAL PERIOD 1981 TO 2010
CLIMATE RECORD PERIOD 1921 TO 2016


WEATHER ITEM   OBSERVED TIME   RECORD YEAR NORMAL DEPARTURE LAST
                VALUE   (LST)  VALUE       VALUE  FROM      YEAR
                                                  NORMAL
..................................................................
TEMPERATURE (F)
 YESTERDAY
  MAXIMUM         89    441 PM  93    2012  72     17       83
  MINIMUM         70    448 AM  31    2008  49     21       52
  AVERAGE         80                        61     19       68

PRECIPITATION (IN)
  YESTERDAY        T             2.42 2013   0.10  -0.10     0.00
  MONTH TO DATE    1.72                      2.78  -1.06     2.24
  SINCE MAR 1      8.38                      7.58   0.80     4.79
  SINCE JAN 1     12.23                     10.69   1.54     6.96

SNOWFALL (IN)
  YESTERDAY        0.0           0.0    MM   0.0    0.0      0.0
  MONTH TO DATE    T                         0.0    0.0      0.0
  SINCE MAR 1     18.4                       8.8    9.6      4.8
  SINCE JUL 1     69.0                      47.4   21.6     45.3
  SNOW DEPTH       0

DEGREE DAYS
 HEATING
  YESTERDAY        0                         6     -6        0
  MONTH TO DATE  200                       264    -64      118
  SINCE MAR 1   1479                      1783   -304     1599
  SINCE JUL 1   5349                      6871  -1522     6907

 COOLING
  YESTERDAY       15                         2     13        3
  MONTH TO DATE   53                        22     31       67
  SINCE MAR 1     54                        26     28       67
  SINCE JAN 1     54                        26     28       67
..................................................................


WIND (MPH)
  HIGHEST WIND SPEED    18   HIGHEST WIND DIRECTION    SW (220)
  HIGHEST GUST SPEED    27   HIGHEST GUST DIRECTION     S (190)
  AVERAGE WIND SPEED     9.5


SKY COVER
  POSSIBLE SUNSHINE  MM
  AVERAGE SKY COVER 0.1


WEATHER CONDITIONS
 THE FOLLOWING WEATHER WAS RECORDED YESTERDAY.
  NO SIGNIFICANT WEATHER WAS OBSERVED.


RELATIVE HUMIDITY (PERCENT)
 HIGHEST    73           600 AM
 LOWEST     34           400 PM
 AVERAGE    54

..........................................................


THE FLINT MI CLIMATE NORMALS FOR TODAY
                         NORMAL    RECORD    YEAR
 MAXIMUM TEMPERATURE (F)   73        92      1934
 MINIMUM TEMPERATURE (F)   50        34      1966


SUNRISE AND SUNSET
MAY 29 2016...........SUNRISE   600 AM EDT   SUNSET   905 PM EDT
MAY 30 2016...........SUNRISE   559 AM EDT   SUNSET   906 PM EDT


-  INDICATES NEGATIVE NUMBERS.
R  INDICATES RECORD WAS SET OR TIED.
MM INDICATES DATA IS MISSING.
T  INDICATES TRACE AMOUNT.




$$
