303
CDUS43 KDTX 260544
CLIFNT


CLIMATE REPORT
NATIONAL WEATHER SERVICE DETROIT/PONTIAC MI
141 AM EDT SUN MAR 26 2017


...................................

...THE FLINT MI CLIMATE SUMMARY FOR MARCH 25 2017...

CLIMATE NORMAL PERIOD 1981 TO 2010
CLIMATE RECORD PERIOD 1921 TO 2017


WEATHER ITEM   OBSERVED TIME   RECORD YEAR NORMAL DEPARTURE LAST
                VALUE   (LST)  VALUE       VALUE  FROM      YEAR
                                                  NORMAL
..................................................................
TEMPERATURE (F)
 YESTERDAY
  MAXIMUM         41    914 PM  79    1945  48     -7       44
  MINIMUM         37    942 AM  -1    1960  28      9       29
  AVERAGE         39                        38      1       37

PRECIPITATION (IN)
  YESTERDAY        0.85          1.06 1954   0.07   0.78     0.00
  MONTH TO DATE    1.69                      1.47   0.22     2.69
  SINCE MAR 1      1.69                      1.47   0.22     2.69
  SINCE JAN 1      7.24                      4.58   2.66     6.54

SNOWFALL (IN)
  YESTERDAY        0.0           3.7  1979   0.2   -0.2      0.0
  MONTH TO DATE    5.4                       5.7   -0.3     11.6
  SINCE MAR 1      5.4                       5.7   -0.3     11.6
  SINCE JUL 1     37.9                      44.3   -6.4     62.2
  SNOW DEPTH       0

DEGREE DAYS
 HEATING
  YESTERDAY       26                        27     -1       28
  MONTH TO DATE  822                       801     21      608
  SINCE MAR 1    822                       801     21      608
  SINCE JUL 1   4971                      5889   -918     4478

 COOLING
  YESTERDAY        0                         0      0        0
  MONTH TO DATE    0                         0      0        1
  SINCE MAR 1      0                         0      0        1
  SINCE JAN 1      0                         0      0        1
..................................................................


WIND (MPH)
  HIGHEST WIND SPEED    21   HIGHEST WIND DIRECTION    NE (50)
  HIGHEST GUST SPEED    24   HIGHEST GUST DIRECTION    NE (60)
  AVERAGE WIND SPEED    10.9


SKY COVER
  POSSIBLE SUNSHINE  MM
  AVERAGE SKY COVER 1.0


WEATHER CONDITIONS
 THE FOLLOWING WEATHER WAS RECORDED YESTERDAY.
  RAIN
  LIGHT RAIN
  FOG


RELATIVE HUMIDITY (PERCENT)
 HIGHEST   100           500 AM
 LOWEST     79          1200 AM
 AVERAGE    90

..........................................................


THE FLINT MI CLIMATE NORMALS FOR TODAY
                         NORMAL    RECORD    YEAR
 MAXIMUM TEMPERATURE (F)   48        76      2007
 MINIMUM TEMPERATURE (F)   28         4      2001


SUNRISE AND SUNSET
MARCH 26 2017.........SUNRISE   727 AM EDT   SUNSET   755 PM EDT
MARCH 27 2017.........SUNRISE   725 AM EDT   SUNSET   756 PM EDT


-  INDICATES NEGATIVE NUMBERS.
R  INDICATES RECORD WAS SET OR TIED.
MM INDICATES DATA IS MISSING.
T  INDICATES TRACE AMOUNT.




$$
