000
CDUS43 KDTX 210555
CLIFNT


CLIMATE REPORT
NATIONAL WEATHER SERVICE DETROIT/PONTIAC MI
155 AM EDT THU AUG 21 2014


...................................

...THE FLINT MI CLIMATE SUMMARY FOR AUGUST 20 2014...

CLIMATE NORMAL PERIOD 1981 TO 2010
CLIMATE RECORD PERIOD 1921 TO 2014


WEATHER ITEM   OBSERVED TIME   RECORD YEAR NORMAL DEPARTURE LAST
                VALUE   (LST)  VALUE       VALUE  FROM      YEAR
                                                  NORMAL
..................................................................
TEMPERATURE (F)
 YESTERDAY
  MAXIMUM         84    334 PM  94    1955  80      4       87
  MINIMUM         66    444 AM  41    1977  58      8       56
                                      1929
  AVERAGE         75                        69      6       72

PRECIPITATION (IN)
  YESTERDAY        T             1.34 2007   0.09  -0.09     0.00
  MONTH TO DATE    3.73                      2.06   1.67     1.33
  SINCE JUN 1     11.95                      8.45   3.50     7.58
  SINCE JAN 1     26.90                     19.44   7.46    24.34

SNOWFALL (IN)
  YESTERDAY        0.0           0.0    MM   0.0    0.0      0.0
  MONTH TO DATE    0.0                       0.0    0.0      0.0
  SINCE JUN 1      0.0                       0.0    0.0      0.0
  SINCE JUL 1      0.0                       0.0    0.0      0.0
  SNOW DEPTH       0

DEGREE DAYS
 HEATING
  YESTERDAY        0                         1     -1        0
  MONTH TO DATE    7                        19    -12       13
  SINCE JUN 1     46                       100    -54       63
  SINCE JUL 1     24                        34    -10       22

 COOLING
  YESTERDAY       10                         5      5        7
  MONTH TO DATE  107                       105      2       60
  SINCE JUN 1    388                       404    -16      483
  SINCE JAN 1    436                       436      0      562
..................................................................


WIND (MPH)
  HIGHEST WIND SPEED    20   HIGHEST WIND DIRECTION     W (280)
  HIGHEST GUST SPEED    91   HIGHEST GUST DIRECTION     E (90)
  AVERAGE WIND SPEED     6.2


SKY COVER
  POSSIBLE SUNSHINE  MM
  AVERAGE SKY COVER 0.6


WEATHER CONDITIONS
 THE FOLLOWING WEATHER WAS RECORDED YESTERDAY.
  LIGHT RAIN
  FOG
  HAZE


RELATIVE HUMIDITY (PERCENT)
 HIGHEST    90           900 AM
 LOWEST     51           500 PM
 AVERAGE    71

..........................................................


THE FLINT MI CLIMATE NORMALS FOR TODAY
                         NORMAL    RECORD    YEAR
 MAXIMUM TEMPERATURE (F)   79        97      1955
 MINIMUM TEMPERATURE (F)   58        41      1950


SUNRISE AND SUNSET
AUGUST 21 2014........SUNRISE   647 AM EDT   SUNSET   828 PM EDT
AUGUST 22 2014........SUNRISE   648 AM EDT   SUNSET   826 PM EDT


-  INDICATES NEGATIVE NUMBERS.
R  INDICATES RECORD WAS SET OR TIED.
MM INDICATES DATA IS MISSING.
T  INDICATES TRACE AMOUNT.




$$
