000
CDUS43 KDTX 010538
CLIFNT


CLIMATE REPORT
NATIONAL WEATHER SERVICE DETROIT/PONTIAC MI
138 AM EDT TUE SEP 1 2015


...................................

...THE FLINT MI CLIMATE SUMMARY FOR AUGUST 31 2015...

CLIMATE NORMAL PERIOD 1981 TO 2010
CLIMATE RECORD PERIOD 1921 TO 2015


WEATHER ITEM   OBSERVED TIME   RECORD YEAR NORMAL DEPARTURE LAST
                VALUE   (LST)  VALUE       VALUE  FROM      YEAR
                                                  NORMAL
..................................................................
TEMPERATURE (F)
 YESTERDAY
  MAXIMUM         83    423 PM  97    1953  78      5       85
  MINIMUM         59    357 AM  39    1931  55      4       69
  AVERAGE         71                        66      5       77

PRECIPITATION (IN)
  YESTERDAY        0.00          1.50 1945   0.11  -0.11     0.00
  MONTH TO DATE    2.85                      3.18  -0.33     3.82
  SINCE JUN 1     11.25                      9.57   1.68    12.04
  SINCE JAN 1     19.37                     20.56  -1.19    26.99

SNOWFALL (IN)
  YESTERDAY        0.0           0.0    MM   0.0    0.0      0.0
  MONTH TO DATE    0.0                       0.0    0.0      0.0
  SINCE JUN 1      0.0                       0.0    0.0      0.0
  SINCE JUL 1      0.0                       0.0    0.0      0.0
  SNOW DEPTH       0

DEGREE DAYS
 HEATING
  YESTERDAY        0                         2     -2        0
  MONTH TO DATE   14                        33    -19        7
  SINCE JUN 1     50                       110    -60       46
  SINCE JUL 1     22                        44    -22       24

 COOLING
  YESTERDAY        6                         3      3       12
  MONTH TO DATE  196                       146     50      203
  SINCE JUN 1    538                       445     93      484
  SINCE JAN 1    613                       477    136      532
..................................................................


WIND (MPH)
  HIGHEST WIND SPEED     9   HIGHEST WIND DIRECTION    SW (240)
  HIGHEST GUST SPEED    17   HIGHEST GUST DIRECTION     W (280)
  AVERAGE WIND SPEED     4.0


SKY COVER
  POSSIBLE SUNSHINE  MM
  AVERAGE SKY COVER 0.4


WEATHER CONDITIONS
 THE FOLLOWING WEATHER WAS RECORDED YESTERDAY.
  FOG
  FOG W/VISIBILITY <= 1/4 MILE
  HAZE


RELATIVE HUMIDITY (PERCENT)
 HIGHEST    93           100 AM
 LOWEST     55           500 PM
 AVERAGE    74

..........................................................


THE FLINT MI CLIMATE NORMALS FOR TODAY
                         NORMAL    RECORD    YEAR
 MAXIMUM TEMPERATURE (F)   77        97      1953
 MINIMUM TEMPERATURE (F)   55        40      1967


SUNRISE AND SUNSET
SEPTEMBER  1 2015.....SUNRISE   659 AM EDT   SUNSET   810 PM EDT
SEPTEMBER  2 2015.....SUNRISE   700 AM EDT   SUNSET   808 PM EDT


-  INDICATES NEGATIVE NUMBERS.
R  INDICATES RECORD WAS SET OR TIED.
MM INDICATES DATA IS MISSING.
T  INDICATES TRACE AMOUNT.




$$
