000
CDUS43 KDTX 250535
CLIFNT


CLIMATE REPORT
NATIONAL WEATHER SERVICE DETROIT/PONTIAC MI
135 AM EDT MON MAY 25 2015


...................................

...THE FLINT MI CLIMATE SUMMARY FOR MAY 24 2015...

CLIMATE NORMAL PERIOD 1981 TO 2010
CLIMATE RECORD PERIOD 1921 TO 2015


WEATHER ITEM   OBSERVED TIME   RECORD YEAR NORMAL DEPARTURE LAST
                VALUE   (LST)  VALUE       VALUE  FROM      YEAR
                                                  NORMAL
..................................................................
TEMPERATURE (F)
 YESTERDAY
  MAXIMUM         79   1146 AM  88    2007  71      8       78
  MINIMUM         50   1251 AM  32    1956  48      2       48
                                      1931
  AVERAGE         65                        60      5       63

PRECIPITATION (IN)
  YESTERDAY        T             1.18 1975   0.10  -0.10     0.00
  MONTH TO DATE    2.07                      2.38  -0.31     6.47
  SINCE MAR 1      4.62                      7.18  -2.56    10.16
  SINCE JAN 1      6.79                     10.29  -3.50    14.17

SNOWFALL (IN)
  YESTERDAY        0.0           T      MM   0.0    0.0      0.0
  MONTH TO DATE    0.0                       0.0    0.0      0.0
  SINCE MAR 1      4.8                       8.8   -4.0     10.7
  SINCE JUL 1     45.3                      47.4   -2.1     83.9
  SNOW DEPTH       0

DEGREE DAYS
 HEATING
  YESTERDAY        0                         7     -7        2
  MONTH TO DATE  118                       239   -121      203
  SINCE MAR 1   1599                      1758   -159     1934
  SINCE JUL 1   6907                      6846     61     7455

 COOLING
  YESTERDAY        0                         1     -1        0
  MONTH TO DATE   38                        16     22       24
  SINCE MAR 1     38                        20     18       24
  SINCE JAN 1     38                        20     18       24
..................................................................


WIND (MPH)
  HIGHEST WIND SPEED    13   HIGHEST WIND DIRECTION    SW (220)
  HIGHEST GUST SPEED    17   HIGHEST GUST DIRECTION    SW (220)
  AVERAGE WIND SPEED     6.4


SKY COVER
  POSSIBLE SUNSHINE  MM
  AVERAGE SKY COVER 0.5


WEATHER CONDITIONS
 THE FOLLOWING WEATHER WAS RECORDED YESTERDAY.
  LIGHT RAIN


RELATIVE HUMIDITY (PERCENT)
 HIGHEST    71           100 AM
 LOWEST     38          1000 AM
 AVERAGE    55

..........................................................


THE FLINT MI CLIMATE NORMALS FOR TODAY
                         NORMAL    RECORD    YEAR
 MAXIMUM TEMPERATURE (F)   71        88      1965
 MINIMUM TEMPERATURE (F)   48        30      1992


SUNRISE AND SUNSET
MAY 25 2015...........SUNRISE   603 AM EDT   SUNSET   901 PM EDT
MAY 26 2015...........SUNRISE   602 AM EDT   SUNSET   902 PM EDT


-  INDICATES NEGATIVE NUMBERS.
R  INDICATES RECORD WAS SET OR TIED.
MM INDICATES DATA IS MISSING.
T  INDICATES TRACE AMOUNT.




$$
