000
CDUS43 KDTX 260606
CLIFNT


CLIMATE REPORT
NATIONAL WEATHER SERVICE DETROIT/PONTIAC MI
206 AM EDT THU MAR 26 2015


...................................

...THE FLINT MI CLIMATE SUMMARY FOR MARCH 25 2015...

CLIMATE NORMAL PERIOD 1981 TO 2010
CLIMATE RECORD PERIOD 1921 TO 2015


WEATHER ITEM   OBSERVED TIME   RECORD YEAR NORMAL DEPARTURE LAST
                VALUE   (LST)  VALUE       VALUE  FROM      YEAR
                                                  NORMAL
..................................................................
TEMPERATURE (F)
 YESTERDAY
  MAXIMUM         51    503 PM  79    1945  48      3       33
  MINIMUM         27    220 AM  -1    1960  28     -1       16
  AVERAGE         39                        38      1       25

PRECIPITATION (IN)
  YESTERDAY        0.16          1.06 1954   0.07   0.09     0.01
  MONTH TO DATE    0.42                      1.47  -1.05     1.04
  SINCE MAR 1      0.42                      1.47  -1.05     1.04
  SINCE JAN 1      2.59                      4.58  -1.99     5.05

SNOWFALL (IN)
  YESTERDAY        0.0           3.7  1979   0.2   -0.2      0.3
  MONTH TO DATE    3.4                       5.7   -2.3      9.4
  SINCE MAR 1      3.4                       5.7   -2.3      9.4
  SINCE JUL 1     43.9                      44.3   -0.4     82.6
  SNOW DEPTH       0

DEGREE DAYS
 HEATING
  YESTERDAY       26                        27     -1       40
  MONTH TO DATE  808                       801      7     1028
  SINCE MAR 1    808                       801      7     1028
  SINCE JUL 1   6116                      5889    227     6549

 COOLING
  YESTERDAY        0                         0      0        0
  MONTH TO DATE    0                         0      0        0
  SINCE MAR 1      0                         0      0        0
  SINCE JAN 1      0                         0      0        0
..................................................................


WIND (MPH)
  HIGHEST WIND SPEED    24   HIGHEST WIND DIRECTION     W (280)
  HIGHEST GUST SPEED    31   HIGHEST GUST DIRECTION     W (250)
  AVERAGE WIND SPEED    14.0


SKY COVER
  POSSIBLE SUNSHINE  MM
  AVERAGE SKY COVER 0.7


WEATHER CONDITIONS
 THE FOLLOWING WEATHER WAS RECORDED YESTERDAY.
  RAIN
  LIGHT RAIN
  FOG
  HAZE


RELATIVE HUMIDITY (PERCENT)
 HIGHEST    89          1200 PM
 LOWEST     52           400 AM
 AVERAGE    71

..........................................................


THE FLINT MI CLIMATE NORMALS FOR TODAY
                         NORMAL    RECORD    YEAR
 MAXIMUM TEMPERATURE (F)   48        76      2007
 MINIMUM TEMPERATURE (F)   28         4      2001


SUNRISE AND SUNSET
MARCH 26 2015.........SUNRISE   728 AM EDT   SUNSET   754 PM EDT
MARCH 27 2015.........SUNRISE   726 AM EDT   SUNSET   755 PM EDT


-  INDICATES NEGATIVE NUMBERS.
R  INDICATES RECORD WAS SET OR TIED.
MM INDICATES DATA IS MISSING.
T  INDICATES TRACE AMOUNT.




$$
