000
CDUS43 KDTX 250543
CLIFNT


CLIMATE REPORT
NATIONAL WEATHER SERVICE DETROIT/PONTIAC MI
143 AM EDT MON SEP 25 2017


...................................

...THE FLINT MI CLIMATE SUMMARY FOR SEPTEMBER 24 2017...

CLIMATE NORMAL PERIOD 1981 TO 2010
CLIMATE RECORD PERIOD 1921 TO 2017


WEATHER ITEM   OBSERVED TIME   RECORD YEAR NORMAL DEPARTURE LAST
                VALUE   (LST)  VALUE       VALUE  FROM      YEAR
                                                  NORMAL
..................................................................
TEMPERATURE (F)
 YESTERDAY
  MAXIMUM         91R   353 PM  89    2007  69     22       69
  MINIMUM         59    658 AM  31    1989  47     12       51
  AVERAGE         75                        58     17       60

PRECIPITATION (IN)
  YESTERDAY        0.00          1.10 2003   0.13  -0.13     0.00
  MONTH TO DATE    0.63                      3.05  -2.42     2.66
  SINCE SEP 1      0.63                      3.05  -2.42     2.66
  SINCE JAN 1     26.32                     23.61   2.71    22.21

SNOWFALL (IN)
  YESTERDAY        0.0           0.0    MM   0.0    0.0      0.0
  MONTH TO DATE    0.0                       0.0    0.0      0.0
  SINCE SEP 1      0.0                       0.0    0.0      0.0
  SINCE JUL 1      0.0                       0.0    0.0      0.0
  SNOW DEPTH       0

DEGREE DAYS
 HEATING
  YESTERDAY        0                         8     -8        5
  MONTH TO DATE   95                       109    -14       29
  SINCE SEP 1     95                       109    -14       29
  SINCE JUL 1    127                       153    -26       29

 COOLING
  YESTERDAY       10                         1      9        0
  MONTH TO DATE   72                        43     29       72
  SINCE SEP 1     72                        43     29       72
  SINCE JAN 1    529                       520      9     1011
..................................................................


WIND (MPH)
  HIGHEST WIND SPEED    14   HIGHEST WIND DIRECTION     S (160)
  HIGHEST GUST SPEED    27   HIGHEST GUST DIRECTION    SE (120)
  AVERAGE WIND SPEED     4.9


SKY COVER
  POSSIBLE SUNSHINE  MM
  AVERAGE SKY COVER 0.0


WEATHER CONDITIONS
 THE FOLLOWING WEATHER WAS RECORDED YESTERDAY.
  NO SIGNIFICANT WEATHER WAS OBSERVED.


RELATIVE HUMIDITY (PERCENT)
 HIGHEST    93           300 AM
 LOWEST     32           300 PM
 AVERAGE    63

..........................................................


THE FLINT MI CLIMATE NORMALS FOR TODAY
                         NORMAL    RECORD    YEAR
 MAXIMUM TEMPERATURE (F)   69        86      1935
                                             1933
 MINIMUM TEMPERATURE (F)   46        30      1947
                                             1942


SUNRISE AND SUNSET
SEPTEMBER 25 2017.....SUNRISE   726 AM EDT   SUNSET   726 PM EDT
SEPTEMBER 26 2017.....SUNRISE   727 AM EDT   SUNSET   725 PM EDT


-  INDICATES NEGATIVE NUMBERS.
R  INDICATES RECORD WAS SET OR TIED.
MM INDICATES DATA IS MISSING.
T  INDICATES TRACE AMOUNT.




$$
