403
CDUS43 KDTX 250536
CLIFNT


CLIMATE REPORT
NATIONAL WEATHER SERVICE DETROIT/PONTIAC MI
136 AM EDT MON JUL 25 2016


...................................

...THE FLINT MI CLIMATE SUMMARY FOR JULY 24 2016...

CLIMATE NORMAL PERIOD 1981 TO 2010
CLIMATE RECORD PERIOD 1921 TO 2016


WEATHER ITEM   OBSERVED TIME   RECORD YEAR NORMAL DEPARTURE LAST
                VALUE   (LST)  VALUE       VALUE  FROM      YEAR
                                                  NORMAL
..................................................................
TEMPERATURE (F)
 YESTERDAY
  MAXIMUM         88    534 PM 105    1934  82      6       88
  MINIMUM         74   1026 AM  45    1953  59     15       62
  AVERAGE         81                        70     11       75

PRECIPITATION (IN)
  YESTERDAY        0.15          1.25 2005   0.11   0.04     0.00
  MONTH TO DATE    1.32                      2.49  -1.17     2.78
  SINCE JUN 1      1.99                      5.56  -3.57     8.24
  SINCE JAN 1     14.22                     16.55  -2.33    16.36

SNOWFALL (IN)
  YESTERDAY        0.0           0.0    MM   0.0    0.0      0.0
  MONTH TO DATE    0.0                       0.0    0.0      0.0
  SINCE JUN 1      0.0                       0.0    0.0      0.0
  SINCE JUL 1      0.0                       0.0    0.0      0.0
  SNOW DEPTH       0

DEGREE DAYS
 HEATING
  YESTERDAY        0                         0      0        0
  MONTH TO DATE    0                        10    -10        8
  SINCE JUN 1     28                        76    -48       36
  SINCE JUL 1      0                        10    -10        8

 COOLING
  YESTERDAY       16                         6     10       10
  MONTH TO DATE  268                       144    124      135
  SINCE JUN 1    446                       256    190      259
  SINCE JAN 1    525                       288    237      334
..................................................................


WIND (MPH)
  HIGHEST WIND SPEED    14   HIGHEST WIND DIRECTION     S (200)
  HIGHEST GUST SPEED    20   HIGHEST GUST DIRECTION     S (200)
  AVERAGE WIND SPEED     7.4


SKY COVER
  POSSIBLE SUNSHINE  MM
  AVERAGE SKY COVER 0.4


WEATHER CONDITIONS
 THE FOLLOWING WEATHER WAS RECORDED YESTERDAY.
  THUNDERSTORM
  RAIN
  LIGHT RAIN
  FOG


RELATIVE HUMIDITY (PERCENT)
 HIGHEST    87           900 AM
 LOWEST     45           500 AM
 AVERAGE    66

..........................................................


THE FLINT MI CLIMATE NORMALS FOR TODAY
                         NORMAL    RECORD    YEAR
 MAXIMUM TEMPERATURE (F)   82       103      1934
 MINIMUM TEMPERATURE (F)   59        47      2013


SUNRISE AND SUNSET
JULY 25 2016..........SUNRISE   619 AM EDT   SUNSET   903 PM EDT
JULY 26 2016..........SUNRISE   620 AM EDT   SUNSET   902 PM EDT


-  INDICATES NEGATIVE NUMBERS.
R  INDICATES RECORD WAS SET OR TIED.
MM INDICATES DATA IS MISSING.
T  INDICATES TRACE AMOUNT.




$$
