000
CDUS43 KDTX 190542
CLIFNT


CLIMATE REPORT
NATIONAL WEATHER SERVICE DETROIT/PONTIAC MI
1242 AM EST SUN NOV 19 2017


...................................

...THE FLINT MI CLIMATE SUMMARY FOR NOVEMBER 18 2017...

CLIMATE NORMAL PERIOD 1981 TO 2010
CLIMATE RECORD PERIOD 1921 TO 2017


WEATHER ITEM   OBSERVED TIME   RECORD YEAR NORMAL DEPARTURE LAST
                VALUE   (LST)  VALUE       VALUE  FROM      YEAR
                                                  NORMAL
..................................................................
TEMPERATURE (F)
 YESTERDAY
  MAXIMUM         46   1147 AM  71    2016  46      0       71
  MINIMUM         33    806 PM  11    1959  30      3       56
  AVERAGE         40                        38      2       64

PRECIPITATION (IN)
  YESTERDAY        0.93          1.03 2003   0.10   0.83     0.22
  MONTH TO DATE    2.97                      1.65   1.32     0.83
  SINCE SEP 1      8.50                      7.87   0.63     8.42
  SINCE JAN 1     34.19                     28.43   5.76    27.97

SNOWFALL (IN)
  YESTERDAY        0.3           1.8  2014   0.1    0.2      0.0
  MONTH TO DATE    0.3                       0.8   -0.5      0.0
  SINCE SEP 1      0.4                       1.2   -0.8       T
  SINCE JUL 1      0.4                       1.2   -0.8       T
  SNOW DEPTH       0

DEGREE DAYS
 HEATING
  YESTERDAY       25                        27     -2        1
  MONTH TO DATE  493                       428     65      279
  SINCE SEP 1    944                      1080   -136      718
  SINCE JUL 1    976                      1124   -148      718

 COOLING
  YESTERDAY        0                         0      0        0
  MONTH TO DATE    0                         0      0        0
  SINCE SEP 1    110                        54     56       83
  SINCE JAN 1    567                       531     36     1022
..................................................................


WIND (MPH)
  HIGHEST WIND SPEED    23   HIGHEST WIND DIRECTION    NW (330)
  HIGHEST GUST SPEED    34   HIGHEST GUST DIRECTION    NW (320)
  AVERAGE WIND SPEED    10.1


SKY COVER
  POSSIBLE SUNSHINE  MM
  AVERAGE SKY COVER 1.0


WEATHER CONDITIONS
 THE FOLLOWING WEATHER WAS RECORDED YESTERDAY.
  HEAVY RAIN
  RAIN
  LIGHT RAIN
  LIGHT SNOW
  FOG


RELATIVE HUMIDITY (PERCENT)
 HIGHEST   100           900 AM
 LOWEST     82          1100 PM
 AVERAGE    91

..........................................................


THE FLINT MI CLIMATE NORMALS FOR TODAY
                         NORMAL    RECORD    YEAR
 MAXIMUM TEMPERATURE (F)   45        70      1953
 MINIMUM TEMPERATURE (F)   30        13      1986


SUNRISE AND SUNSET
NOVEMBER 19 2017......SUNRISE   733 AM EST   SUNSET   508 PM EST
NOVEMBER 20 2017......SUNRISE   734 AM EST   SUNSET   507 PM EST


-  INDICATES NEGATIVE NUMBERS.
R  INDICATES RECORD WAS SET OR TIED.
MM INDICATES DATA IS MISSING.
T  INDICATES TRACE AMOUNT.




$$
