000
CDUS43 KDTX 010536
CLIFNT


CLIMATE REPORT
NATIONAL WEATHER SERVICE DETROIT/PONTIAC MI
136 AM EDT WED OCT 1 2014


...................................

...THE FLINT MI CLIMATE SUMMARY FOR SEPTEMBER 30 2014...

CLIMATE NORMAL PERIOD 1981 TO 2010
CLIMATE RECORD PERIOD 1921 TO 2014


WEATHER ITEM   OBSERVED TIME   RECORD YEAR NORMAL DEPARTURE LAST
                VALUE   (LST)  VALUE       VALUE  FROM      YEAR
                                                  NORMAL
..................................................................
TEMPERATURE (F)
 YESTERDAY
  MAXIMUM         57   1204 AM  86    2002  66     -9       72
  MINIMUM         51    813 AM  30    1993  44      7       48
                                      1947
  AVERAGE         54                        55     -1       60

PRECIPITATION (IN)
  YESTERDAY        T             2.24 1981   0.11  -0.11     0.00
  MONTH TO DATE    3.25                      3.75  -0.50     0.61
  SINCE SEP 1      3.25                      3.75  -0.50     0.61
  SINCE JAN 1     30.24                     24.31   5.93    26.20

SNOWFALL (IN)
  YESTERDAY        0.0           0.0    MM   0.0    0.0      0.0
  MONTH TO DATE    0.0                       0.0    0.0      0.0
  SINCE SEP 1      0.0                       0.0    0.0      0.0
  SINCE JUL 1      0.0                       0.0    0.0      0.0
  SNOW DEPTH       0

DEGREE DAYS
 HEATING
  YESTERDAY       11                        10      1        5
  MONTH TO DATE  139                       165    -26      152
  SINCE SEP 1    139                       166    -27      152
  SINCE JUL 1    163                       210    -47      174

 COOLING
  YESTERDAY        0                         1     -1        0
  MONTH TO DATE   64                        49     15       73
  SINCE SEP 1     64                        49     15       73
  SINCE JAN 1    596                       526     70      743
..................................................................


WIND (MPH)
  HIGHEST WIND SPEED    15   HIGHEST WIND DIRECTION    NW (330)
  HIGHEST GUST SPEED    19   HIGHEST GUST DIRECTION    NW (330)
  AVERAGE WIND SPEED     8.9


SKY COVER
  POSSIBLE SUNSHINE  MM
  AVERAGE SKY COVER 1.0


WEATHER CONDITIONS
 THE FOLLOWING WEATHER WAS RECORDED YESTERDAY.
  FOG
  HAZE


RELATIVE HUMIDITY (PERCENT)
 HIGHEST    93           200 AM
 LOWEST     77          1100 AM
 AVERAGE    85

..........................................................


THE FLINT MI CLIMATE NORMALS FOR TODAY
                         NORMAL    RECORD    YEAR
 MAXIMUM TEMPERATURE (F)   66        89      2002
 MINIMUM TEMPERATURE (F)   44        28      1960


SUNRISE AND SUNSET
OCTOBER  1 2014.......SUNRISE   732 AM EDT   SUNSET   716 PM EDT
OCTOBER  2 2014.......SUNRISE   733 AM EDT   SUNSET   714 PM EDT


-  INDICATES NEGATIVE NUMBERS.
R  INDICATES RECORD WAS SET OR TIED.
MM INDICATES DATA IS MISSING.
T  INDICATES TRACE AMOUNT.




$$
