000
CDUS43 KDTX 240537
CLIFNT


CLIMATE REPORT
NATIONAL WEATHER SERVICE DETROIT/PONTIAC MI
1237 AM EST SAT FEB 24 2018


...................................

...THE FLINT MI CLIMATE SUMMARY FOR FEBRUARY 23 2018...

CLIMATE NORMAL PERIOD 1981 TO 2010
CLIMATE RECORD PERIOD 1921 TO 2018


WEATHER ITEM   OBSERVED TIME   RECORD YEAR NORMAL DEPARTURE LAST
                VALUE   (LST)  VALUE       VALUE  FROM      YEAR
                                                  NORMAL
..................................................................
TEMPERATURE (F)
 YESTERDAY
  MAXIMUM         46    234 PM  63    1984  35     11       59
  MINIMUM         31    106 AM -17    2015  18     13       38
  AVERAGE         39                        27     12       49

PRECIPITATION (IN)
  YESTERDAY        0.04          1.49 1985   0.06  -0.02     0.01
  MONTH TO DATE    4.01                      1.18   2.83     0.98
  SINCE DEC 1      7.25                      4.73   2.52     5.70
  SINCE JAN 1      5.87                      2.81   3.06     4.11

SNOWFALL (IN)
  YESTERDAY        0.0           4.3  1994   0.3   -0.3      0.0
  MONTH TO DATE   21.8                       9.0   12.8      1.8
  SINCE DEC 1     65.3                      33.9   31.4     32.4
  SINCE JUL 1     65.7                      36.8   28.9     32.4
  SNOW DEPTH       0

DEGREE DAYS
 HEATING
  YESTERDAY       26                        38    -12       16
  MONTH TO DATE  922                       936    -14      726
  SINCE DEC 1   3540                      3419    121     2987
  SINCE JUL 1   4838                      4900    -62     4028

 COOLING
  YESTERDAY        0                         0      0        0
  MONTH TO DATE    0                         0      0        0
  SINCE DEC 1      0                         0      0        0
  SINCE JAN 1      0                         0      0        0
..................................................................


WIND (MPH)
  HIGHEST WIND SPEED    21   HIGHEST WIND DIRECTION     W (270)
  HIGHEST GUST SPEED    27   HIGHEST GUST DIRECTION     W (270)
  AVERAGE WIND SPEED    11.8


SKY COVER
  POSSIBLE SUNSHINE  MM
  AVERAGE SKY COVER 1.0


WEATHER CONDITIONS
 THE FOLLOWING WEATHER WAS RECORDED YESTERDAY.
  LIGHT RAIN
  FOG


RELATIVE HUMIDITY (PERCENT)
 HIGHEST   100           600 AM
 LOWEST     85          1200 AM
 AVERAGE    93

..........................................................


THE FLINT MI CLIMATE NORMALS FOR TODAY
                         NORMAL    RECORD    YEAR
 MAXIMUM TEMPERATURE (F)   35        61      2017
 MINIMUM TEMPERATURE (F)   19        -9      1924


SUNRISE AND SUNSET
FEBRUARY 24 2018......SUNRISE   719 AM EST   SUNSET   618 PM EST
FEBRUARY 25 2018......SUNRISE   717 AM EST   SUNSET   619 PM EST


-  INDICATES NEGATIVE NUMBERS.
R  INDICATES RECORD WAS SET OR TIED.
MM INDICATES DATA IS MISSING.
T  INDICATES TRACE AMOUNT.




$$
