000
CDUS43 KDTX 250538
CLIFNT


CLIMATE REPORT
NATIONAL WEATHER SERVICE DETROIT/PONTIAC MI
1237 AM EST TUE NOV 25 2014


...................................

...THE FLINT MI CLIMATE SUMMARY FOR NOVEMBER 24 2014...

CLIMATE NORMAL PERIOD 1981 TO 2010
CLIMATE RECORD PERIOD 1921 TO 2014


WEATHER ITEM   OBSERVED TIME   RECORD YEAR NORMAL DEPARTURE LAST
                VALUE   (LST)  VALUE       VALUE  FROM      YEAR
                                                  NORMAL
..................................................................
TEMPERATURE (F)
 YESTERDAY
  MAXIMUM         58    116 PM  64    1931  43     15       26
  MINIMUM         34   1159 PM   5    1950  28      6       13
  AVERAGE         46                        36     10       20

PRECIPITATION (IN)
  YESTERDAY        0.50          1.32 1973   0.08   0.42     0.00
  MONTH TO DATE    1.67                      2.18  -0.51     1.65
  SINCE SEP 1      6.77                      8.40  -1.63     5.17
  SINCE JAN 1     33.76                     28.96   4.80    30.76

SNOWFALL (IN)
  YESTERDAY        0.0           7.2  1949   0.2   -0.2      0.0
  MONTH TO DATE    7.9                       1.5    6.4      0.6
  SINCE SEP 1      8.6                       1.9    6.7      0.6
  SINCE JUL 1      8.6                       1.9    6.7      0.6
  SNOW DEPTH       0

DEGREE DAYS
 HEATING
  YESTERDAY       19                        30    -11       45
  MONTH TO DATE  694                       599     95      605
  SINCE SEP 1   1252                      1251      1     1149
  SINCE JUL 1   1276                      1295    -19     1171

 COOLING
  YESTERDAY        0                         0      0        0
  MONTH TO DATE    0                         0      0        0
  SINCE SEP 1     65                        54     11       88
  SINCE JAN 1    597                       531     66      758
..................................................................


WIND (MPH)
  HIGHEST WIND SPEED    36   HIGHEST WIND DIRECTION    SW (220)
  HIGHEST GUST SPEED    50   HIGHEST GUST DIRECTION    SW (240)
  AVERAGE WIND SPEED    18.5


SKY COVER
  POSSIBLE SUNSHINE  MM
  AVERAGE SKY COVER 1.0


WEATHER CONDITIONS
 THE FOLLOWING WEATHER WAS RECORDED YESTERDAY.
  HEAVY RAIN
  RAIN
  LIGHT RAIN
  FOG


RELATIVE HUMIDITY (PERCENT)
 HIGHEST    89          1200 AM
 LOWEST     70           400 PM
 AVERAGE    80

..........................................................


THE FLINT MI CLIMATE NORMALS FOR TODAY
                         NORMAL    RECORD    YEAR
 MAXIMUM TEMPERATURE (F)   42        63      2011
                                             2001
 MINIMUM TEMPERATURE (F)   28         9      1950


SUNRISE AND SUNSET
NOVEMBER 25 2014......SUNRISE   739 AM EST   SUNSET   504 PM EST
NOVEMBER 26 2014......SUNRISE   741 AM EST   SUNSET   504 PM EST


-  INDICATES NEGATIVE NUMBERS.
R  INDICATES RECORD WAS SET OR TIED.
MM INDICATES DATA IS MISSING.
T  INDICATES TRACE AMOUNT.




$$
