000
CDUS43 KDTX 140537
CLIFNT


CLIMATE REPORT
NATIONAL WEATHER SERVICE DETROIT/PONTIAC MI
1237 AM EST TUE NOV 14 2017


...................................

...THE FLINT MI CLIMATE SUMMARY FOR NOVEMBER 13 2017...

CLIMATE NORMAL PERIOD 1981 TO 2010
CLIMATE RECORD PERIOD 1921 TO 2017


WEATHER ITEM   OBSERVED TIME   RECORD YEAR NORMAL DEPARTURE LAST
                VALUE   (LST)  VALUE       VALUE  FROM      YEAR
                                                  NORMAL
..................................................................
TEMPERATURE (F)
 YESTERDAY
  MAXIMUM         43    234 PM  71    1989  48     -5       57
  MINIMUM         33   1157 PM  12    1986  32      1       35
  AVERAGE         38                        40     -2       46

PRECIPITATION (IN)
  YESTERDAY        0.00          0.85 1959   0.09  -0.09     0.00
  MONTH TO DATE    1.43                      1.17   0.26     0.61
  SINCE SEP 1      6.96                      7.39  -0.43     8.20
  SINCE JAN 1     32.65                     27.95   4.70    27.75

SNOWFALL (IN)
  YESTERDAY        0.0           1.2  1974   0.0    0.0      0.0
  MONTH TO DATE    T                         0.4   -0.4      0.0
  SINCE SEP 1      0.1                       0.8   -0.7       T
  SINCE JUL 1      0.1                       0.8   -0.7       T
  SNOW DEPTH       0

DEGREE DAYS
 HEATING
  YESTERDAY       27                        25      2       19
  MONTH TO DATE  362                       297     65      205
  SINCE SEP 1    813                       949   -136      644
  SINCE JUL 1    845                       993   -148      644

 COOLING
  YESTERDAY        0                         0      0        0
  MONTH TO DATE    0                         0      0        0
  SINCE SEP 1    110                        54     56       83
  SINCE JAN 1    567                       531     36     1022
..................................................................


WIND (MPH)
  HIGHEST WIND SPEED    13   HIGHEST WIND DIRECTION     W (280)
  HIGHEST GUST SPEED    16   HIGHEST GUST DIRECTION     W (270)
  AVERAGE WIND SPEED     4.7


SKY COVER
  POSSIBLE SUNSHINE  MM
  AVERAGE SKY COVER 1.0


WEATHER CONDITIONS
 THE FOLLOWING WEATHER WAS RECORDED YESTERDAY.
  FOG


RELATIVE HUMIDITY (PERCENT)
 HIGHEST   100           500 AM
 LOWEST     57           100 PM
 AVERAGE    79

..........................................................


THE FLINT MI CLIMATE NORMALS FOR TODAY
                         NORMAL    RECORD    YEAR
 MAXIMUM TEMPERATURE (F)   48        66      2009
                                             1956
                                             1953
 MINIMUM TEMPERATURE (F)   32        12      1986


SUNRISE AND SUNSET
NOVEMBER 14 2017......SUNRISE   726 AM EST   SUNSET   512 PM EST
NOVEMBER 15 2017......SUNRISE   728 AM EST   SUNSET   511 PM EST


-  INDICATES NEGATIVE NUMBERS.
R  INDICATES RECORD WAS SET OR TIED.
MM INDICATES DATA IS MISSING.
T  INDICATES TRACE AMOUNT.




$$
