764
CDUS43 KDTX 220535
CLIFNT


CLIMATE REPORT
NATIONAL WEATHER SERVICE DETROIT/PONTIAC MI
135 AM EDT FRI SEP 22 2017


...................................

...THE FLINT MI CLIMATE SUMMARY FOR SEPTEMBER 21 2017...

CLIMATE NORMAL PERIOD 1981 TO 2010
CLIMATE RECORD PERIOD 1921 TO 2017


WEATHER ITEM   OBSERVED TIME   RECORD YEAR NORMAL DEPARTURE LAST
                VALUE   (LST)  VALUE       VALUE  FROM      YEAR
                                                  NORMAL
..................................................................
TEMPERATURE (F)
 YESTERDAY
  MAXIMUM         93R   239 PM  90    1931  70     23       78
  MINIMUM         63    110 AM  32    1956  48     15       51
  AVERAGE         78                        59     19       65

PRECIPITATION (IN)
  YESTERDAY        0.02          1.73 1947   0.14  -0.12     0.09
  MONTH TO DATE    0.63                      2.66  -2.03     2.66
  SINCE SEP 1      0.63                      2.66  -2.03     2.66
  SINCE JAN 1     26.32                     23.22   3.10    22.21

SNOWFALL (IN)
  YESTERDAY        0.0           0.0    MM   0.0    0.0      0.0
  MONTH TO DATE    0.0                       0.0    0.0      0.0
  SINCE SEP 1      0.0                       0.0    0.0      0.0
  SINCE JUL 1      0.0                       0.0    0.0      0.0
  SNOW DEPTH       0

DEGREE DAYS
 HEATING
  YESTERDAY        0                         7     -7        0
  MONTH TO DATE   95                        86      9       24
  SINCE SEP 1     95                        86      9       24
  SINCE JUL 1    127                       130     -3       24

 COOLING
  YESTERDAY       13                         1     12        0
  MONTH TO DATE   36                        40     -4       66
  SINCE SEP 1     36                        40     -4       66
  SINCE JAN 1    493                       517    -24     1005
..................................................................


WIND (MPH)
  HIGHEST WIND SPEED    21   HIGHEST WIND DIRECTION     W (290)
  HIGHEST GUST SPEED    26   HIGHEST GUST DIRECTION     W (270)
  AVERAGE WIND SPEED     7.1


SKY COVER
  POSSIBLE SUNSHINE  MM
  AVERAGE SKY COVER 0.1


WEATHER CONDITIONS
 THE FOLLOWING WEATHER WAS RECORDED YESTERDAY.
  THUNDERSTORM
  LIGHT RAIN
  FOG


RELATIVE HUMIDITY (PERCENT)
 HIGHEST   100           100 AM
 LOWEST     44           200 PM
 AVERAGE    72

..........................................................


THE FLINT MI CLIMATE NORMALS FOR TODAY
                         NORMAL    RECORD    YEAR
 MAXIMUM TEMPERATURE (F)   70        90      1941
 MINIMUM TEMPERATURE (F)   47        30      1999


SUNRISE AND SUNSET
SEPTEMBER 22 2017.....SUNRISE   722 AM EDT   SUNSET   732 PM EDT
SEPTEMBER 23 2017.....SUNRISE   724 AM EDT   SUNSET   730 PM EDT


-  INDICATES NEGATIVE NUMBERS.
R  INDICATES RECORD WAS SET OR TIED.
MM INDICATES DATA IS MISSING.
T  INDICATES TRACE AMOUNT.




$$
