000
CDUS43 KDTX 010555
CLIFNT


CLIMATE REPORT
NATIONAL WEATHER SERVICE DETROIT/PONTIAC MI
155 AM EDT MON JUN 1 2015


...................................

...THE FLINT MI CLIMATE SUMMARY FOR MAY 31 2015...

CLIMATE NORMAL PERIOD 1981 TO 2010
CLIMATE RECORD PERIOD 1921 TO 2015


WEATHER ITEM   OBSERVED TIME   RECORD YEAR NORMAL DEPARTURE LAST
                VALUE   (LST)  VALUE       VALUE  FROM      YEAR
                                                  NORMAL
..................................................................
TEMPERATURE (F)
 YESTERDAY
  MAXIMUM         54    525 PM  93    1988  73    -19       83
                                      1934
  MINIMUM         49   1055 PM  34    1984  51     -2       57
                                      1930
  AVERAGE         52                        62    -10       70

PRECIPITATION (IN)
  YESTERDAY        0.28          0.99 1989   0.10   0.18     0.00
  MONTH TO DATE    3.40                      3.08   0.32     7.25
  SINCE MAR 1      5.95                      7.88  -1.93    10.94
  SINCE JAN 1      8.12                     10.99  -2.87    14.95

SNOWFALL (IN)
  YESTERDAY       MM             0.0    MM   0.0   MM        0.0
  MONTH TO DATE    0.0                       T      0.0      0.0
  SINCE MAR 1      4.8                       8.8   -4.0     10.7
  SINCE JUL 1     45.3                      47.4   -2.1     83.9
  SNOW DEPTH       0

DEGREE DAYS
 HEATING
  YESTERDAY       13                         5      8        0
  MONTH TO DATE  131                       279   -148      205
  SINCE MAR 1   1612                      1799   -187     1936
  SINCE JUL 1   6920                      6887     33     7457

 COOLING
  YESTERDAY        0                         2     -2        5
  MONTH TO DATE   75                        28     47       48
  SINCE MAR 1     75                        32     43       48
  SINCE JAN 1     75                        32     43       48
..................................................................


WIND (MPH)
  HIGHEST WIND SPEED    24   HIGHEST WIND DIRECTION    NE (40)
  HIGHEST GUST SPEED    29   HIGHEST GUST DIRECTION    NE (40)
  AVERAGE WIND SPEED    14.7


SKY COVER
  POSSIBLE SUNSHINE  MM
  AVERAGE SKY COVER 1.0


WEATHER CONDITIONS
 THE FOLLOWING WEATHER WAS RECORDED YESTERDAY.
  LIGHT RAIN
  FOG


RELATIVE HUMIDITY (PERCENT)
 HIGHEST    86           300 AM
 LOWEST     61          1000 PM
 AVERAGE    74

..........................................................


THE FLINT MI CLIMATE NORMALS FOR TODAY
                         NORMAL    RECORD    YEAR
 MAXIMUM TEMPERATURE (F)   74       104      1934
 MINIMUM TEMPERATURE (F)   51        33      1966


SUNRISE AND SUNSET
JUNE  1 2015..........SUNRISE   559 AM EDT   SUNSET   907 PM EDT
JUNE  2 2015..........SUNRISE   558 AM EDT   SUNSET   908 PM EDT


-  INDICATES NEGATIVE NUMBERS.
R  INDICATES RECORD WAS SET OR TIED.
MM INDICATES DATA IS MISSING.
T  INDICATES TRACE AMOUNT.




$$
