000
CDUS43 KDTX 230555
CLIFNT


CLIMATE REPORT
NATIONAL WEATHER SERVICE DETROIT/PONTIAC MI
1255 AM EST FRI JAN 23 2015


...................................

...THE FLINT MI CLIMATE SUMMARY FOR JANUARY 22 2015...

CLIMATE NORMAL PERIOD 1981 TO 2010
CLIMATE RECORD PERIOD 1921 TO 2015


WEATHER ITEM   OBSERVED TIME   RECORD YEAR NORMAL DEPARTURE LAST
                VALUE   (LST)  VALUE       VALUE  FROM      YEAR
                                                  NORMAL
..................................................................
TEMPERATURE (F)
 YESTERDAY
  MAXIMUM         31    302 PM  55    1933  29      2       11
  MINIMUM         19   1159 PM -13    2014  15      4      -13
                                      2000
  AVERAGE         25                        22      3       -1

PRECIPITATION (IN)
  YESTERDAY        T             1.17 1999   0.04  -0.04     0.07
  MONTH TO DATE    1.19                      1.20  -0.01     2.23
  SINCE DEC 1      2.83                      3.12  -0.29     4.08
  SINCE JAN 1      1.19                      1.20  -0.01     2.23

SNOWFALL (IN)
  YESTERDAY       MM             9.0  2005   0.5   MM        1.3
  MONTH TO DATE   12.4                       9.4    3.0     26.4
  SINCE DEC 1     13.0                      21.2   -8.2     43.3
  SINCE JUL 1     22.4                      24.1   -1.7     44.9
  SNOW DEPTH       0

DEGREE DAYS
 HEATING
  YESTERDAY       40                        43     -3       66
  MONTH TO DATE  980                       935     45     1038
  SINCE DEC 1   1970                      2099   -129     2269
  SINCE JUL 1   3434                      3580   -146     3668

 COOLING
  YESTERDAY        0                         0      0        0
  MONTH TO DATE    0                         0      0        0
  SINCE DEC 1      0                         0      0        0
  SINCE JAN 1      0                         0      0        0
..................................................................


WIND (MPH)
  HIGHEST WIND SPEED    14   HIGHEST WIND DIRECTION     W (270)
  HIGHEST GUST SPEED    17   HIGHEST GUST DIRECTION     W (290)
  AVERAGE WIND SPEED     6.4


SKY COVER
  POSSIBLE SUNSHINE  MM
  AVERAGE SKY COVER 0.8


WEATHER CONDITIONS
 THE FOLLOWING WEATHER WAS RECORDED YESTERDAY.
  LIGHT SNOW
  FOG
  HAZE


RELATIVE HUMIDITY (PERCENT)
 HIGHEST    84           100 AM
 LOWEST     63           300 PM
 AVERAGE    74

..........................................................


THE FLINT MI CLIMATE NORMALS FOR TODAY
                         NORMAL    RECORD    YEAR
 MAXIMUM TEMPERATURE (F)   29        56      1967
 MINIMUM TEMPERATURE (F)   15       -13      1963


SUNRISE AND SUNSET
JANUARY 23 2015.......SUNRISE   758 AM EST   SUNSET   536 PM EST
JANUARY 24 2015.......SUNRISE   758 AM EST   SUNSET   537 PM EST


-  INDICATES NEGATIVE NUMBERS.
R  INDICATES RECORD WAS SET OR TIED.
MM INDICATES DATA IS MISSING.
T  INDICATES TRACE AMOUNT.




$$
