000
CDUS43 KDTX 240537
CLIFNT


CLIMATE REPORT
NATIONAL WEATHER SERVICE DETROIT/PONTIAC MI
1237 AM EST FRI FEB 24 2017


...................................

...THE FLINT MI CLIMATE SUMMARY FOR FEBRUARY 23 2017...

CLIMATE NORMAL PERIOD 1981 TO 2010
CLIMATE RECORD PERIOD 1921 TO 2017


WEATHER ITEM   OBSERVED TIME   RECORD YEAR NORMAL DEPARTURE LAST
                VALUE   (LST)  VALUE       VALUE  FROM      YEAR
                                                  NORMAL
..................................................................
TEMPERATURE (F)
 YESTERDAY
  MAXIMUM         59    538 AM  63    1984  35     24       44
  MINIMUM         38   1159 PM -17    2015  18     20       22
  AVERAGE         49                        27     22       33

PRECIPITATION (IN)
  YESTERDAY        0.01          1.49 1985   0.06  -0.05     0.00
  MONTH TO DATE    0.98                      1.18  -0.20     1.21
  SINCE DEC 1      5.70                      4.73   0.97     4.75
  SINCE JAN 1      4.11                      2.81   1.30     2.85

SNOWFALL (IN)
  YESTERDAY        0.0           4.3  1994   0.3   -0.3      0.0
  MONTH TO DATE    1.8                       9.0   -7.2     12.4
  SINCE DEC 1     32.4                      33.9   -1.5     29.5
  SINCE JUL 1     32.4                      36.8   -4.4     40.3
  SNOW DEPTH       0

DEGREE DAYS
 HEATING
  YESTERDAY       16                        38    -22       32
  MONTH TO DATE  726                       936   -210      837
  SINCE DEC 1   2987                      3419   -432     2713
  SINCE JUL 1   4028                      4900   -872     3694

 COOLING
  YESTERDAY        0                         0      0        0
  MONTH TO DATE    0                         0      0        0
  SINCE DEC 1      0                         0      0        0
  SINCE JAN 1      0                         0      0        0
..................................................................


WIND (MPH)
  HIGHEST WIND SPEED    21   HIGHEST WIND DIRECTION     W (280)
  HIGHEST GUST SPEED    35   HIGHEST GUST DIRECTION    NW (320)
  AVERAGE WIND SPEED    11.5


SKY COVER
  POSSIBLE SUNSHINE  MM
  AVERAGE SKY COVER 0.3


WEATHER CONDITIONS
 THE FOLLOWING WEATHER WAS RECORDED YESTERDAY.
  LIGHT RAIN


RELATIVE HUMIDITY (PERCENT)
 HIGHEST    86          1200 AM
 LOWEST     55           300 PM
 AVERAGE    71

..........................................................


THE FLINT MI CLIMATE NORMALS FOR TODAY
                         NORMAL    RECORD    YEAR
 MAXIMUM TEMPERATURE (F)   35        57      2002
                                             1930
 MINIMUM TEMPERATURE (F)   19        -9      1924


SUNRISE AND SUNSET
FEBRUARY 24 2017......SUNRISE   718 AM EST   SUNSET   618 PM EST
FEBRUARY 25 2017......SUNRISE   717 AM EST   SUNSET   620 PM EST


-  INDICATES NEGATIVE NUMBERS.
R  INDICATES RECORD WAS SET OR TIED.
MM INDICATES DATA IS MISSING.
T  INDICATES TRACE AMOUNT.




$$
