000
CDUS43 KDTX 250557
CLIFNT


CLIMATE REPORT
NATIONAL WEATHER SERVICE DETROIT/PONTIAC MI
156 AM EDT SAT MAR 25 2017


...................................

...THE FLINT MI CLIMATE SUMMARY FOR MARCH 24 2017...

CLIMATE NORMAL PERIOD 1981 TO 2010
CLIMATE RECORD PERIOD 1921 TO 2017


WEATHER ITEM   OBSERVED TIME   RECORD YEAR NORMAL DEPARTURE LAST
                VALUE   (LST)  VALUE       VALUE  FROM      YEAR
                                                  NORMAL
..................................................................
TEMPERATURE (F)
 YESTERDAY
  MAXIMUM         74R   249 PM  73    1928  47     27       46
  MINIMUM         37   1230 AM  -7    1965  28      9       32
  AVERAGE         56                        37     19       39

PRECIPITATION (IN)
  YESTERDAY        0.01          0.78 2016   0.07  -0.06     0.78
  MONTH TO DATE    0.84                      1.40  -0.56     2.69
  SINCE MAR 1      0.84                      1.40  -0.56     2.69
  SINCE JAN 1      6.39                      4.51   1.88     6.54

SNOWFALL (IN)
  YESTERDAY        0.0           2.2  1960   0.2   -0.2      0.1
  MONTH TO DATE    5.4                       5.5   -0.1     11.6
  SINCE MAR 1      5.4                       5.5   -0.1     11.6
  SINCE JUL 1     37.9                      44.1   -6.2     62.2
  SNOW DEPTH       0

DEGREE DAYS
 HEATING
  YESTERDAY        9                        28    -19       26
  MONTH TO DATE  796                       774     22      580
  SINCE MAR 1    796                       774     22      580
  SINCE JUL 1   4945                      5862   -917     4450

 COOLING
  YESTERDAY        0                         0      0        0
  MONTH TO DATE    0                         0      0        1
  SINCE MAR 1      0                         0      0        1
  SINCE JAN 1      0                         0      0        1
..................................................................


WIND (MPH)
  HIGHEST WIND SPEED    26   HIGHEST WIND DIRECTION     S (180)
  HIGHEST GUST SPEED    35   HIGHEST GUST DIRECTION     S (170)
  AVERAGE WIND SPEED    12.3


SKY COVER
  POSSIBLE SUNSHINE  MM
  AVERAGE SKY COVER 0.4


WEATHER CONDITIONS
 THE FOLLOWING WEATHER WAS RECORDED YESTERDAY.
  LIGHT RAIN


RELATIVE HUMIDITY (PERCENT)
 HIGHEST    79           300 AM
 LOWEST     47           300 PM
 AVERAGE    63

..........................................................


THE FLINT MI CLIMATE NORMALS FOR TODAY
                         NORMAL    RECORD    YEAR
 MAXIMUM TEMPERATURE (F)   48        79      1945
 MINIMUM TEMPERATURE (F)   28        -1      1960


SUNRISE AND SUNSET
MARCH 25 2017.........SUNRISE   729 AM EDT   SUNSET   753 PM EDT
MARCH 26 2017.........SUNRISE   727 AM EDT   SUNSET   755 PM EDT


-  INDICATES NEGATIVE NUMBERS.
R  INDICATES RECORD WAS SET OR TIED.
MM INDICATES DATA IS MISSING.
T  INDICATES TRACE AMOUNT.




$$
