000
CDUS43 KDTX 190552
CLIFNT


CLIMATE REPORT
NATIONAL WEATHER SERVICE DETROIT/PONTIAC MI
152 AM EDT FRI MAY 19 2017


...................................

...THE FLINT MI CLIMATE SUMMARY FOR MAY 18 2017...

CLIMATE NORMAL PERIOD 1981 TO 2010
CLIMATE RECORD PERIOD 1921 TO 2017


WEATHER ITEM   OBSERVED TIME   RECORD YEAR NORMAL DEPARTURE LAST
                VALUE   (LST)  VALUE       VALUE  FROM      YEAR
                                                  NORMAL
..................................................................
TEMPERATURE (F)
 YESTERDAY
  MAXIMUM         84    305 PM  90    1998  69     15       69
  MINIMUM         50   1159 PM  29    1973  46      4       36
  AVERAGE         67                        58      9       53

PRECIPITATION (IN)
  YESTERDAY        0.00          2.23 2000   0.10  -0.10     0.00
  MONTH TO DATE    1.61                      1.77  -0.16     1.64
  SINCE MAR 1     10.01                      6.57   3.44     8.30
  SINCE JAN 1     15.56                      9.68   5.88    12.15

SNOWFALL (IN)
  YESTERDAY        0.0           T      MM   0.0    0.0      0.0
  MONTH TO DATE    0.0                       0.0    0.0       T
  SINCE MAR 1      6.9                       8.8   -1.9     18.4
  SINCE JUL 1     39.4                      47.4   -8.0     69.0
  SNOW DEPTH       0

DEGREE DAYS
 HEATING
  YESTERDAY        0                         8     -8       12
  MONTH TO DATE  218                       194     24      181
  SINCE MAR 1   1580                      1713   -133     1460
  SINCE JUL 1   5729                      6801  -1072     5330

 COOLING
  YESTERDAY        2                         1      1        0
  MONTH TO DATE   17                        10      7        4
  SINCE MAR 1     20                        14      6        5
  SINCE JAN 1     20                        14      6        5
..................................................................


WIND (MPH)
  HIGHEST WIND SPEED    38   HIGHEST WIND DIRECTION     W (270)
  HIGHEST GUST SPEED    51   HIGHEST GUST DIRECTION     W (270)
  AVERAGE WIND SPEED    16.0


SKY COVER
  POSSIBLE SUNSHINE  MM
  AVERAGE SKY COVER 0.2


WEATHER CONDITIONS
 THE FOLLOWING WEATHER WAS RECORDED YESTERDAY.
  NO SIGNIFICANT WEATHER WAS OBSERVED.


RELATIVE HUMIDITY (PERCENT)
 HIGHEST    78           900 PM
 LOWEST     34           300 PM
 AVERAGE    56

..........................................................


THE FLINT MI CLIMATE NORMALS FOR TODAY
                         NORMAL    RECORD    YEAR
 MAXIMUM TEMPERATURE (F)   70        89      1996
 MINIMUM TEMPERATURE (F)   46        29      2002


SUNRISE AND SUNSET
MAY 19 2017...........SUNRISE   608 AM EDT   SUNSET   856 PM EDT
MAY 20 2017...........SUNRISE   607 AM EDT   SUNSET   857 PM EDT


-  INDICATES NEGATIVE NUMBERS.
R  INDICATES RECORD WAS SET OR TIED.
MM INDICATES DATA IS MISSING.
T  INDICATES TRACE AMOUNT.




$$
