100
CDUS43 KDTX 220537
CLIFNT


CLIMATE REPORT
NATIONAL WEATHER SERVICE DETROIT/PONTIAC MI
137 AM EDT SUN MAY 22 2016


...................................

...THE FLINT MI CLIMATE SUMMARY FOR MAY 21 2016...

CLIMATE NORMAL PERIOD 1981 TO 2010
CLIMATE RECORD PERIOD 1921 TO 2016


WEATHER ITEM   OBSERVED TIME   RECORD YEAR NORMAL DEPARTURE LAST
                VALUE   (LST)  VALUE       VALUE  FROM      YEAR
                                                  NORMAL
..................................................................
TEMPERATURE (F)
 YESTERDAY
  MAXIMUM         76    509 PM  93    1921  70      6       68
  MINIMUM         51   1109 PM  31    1954  47      4       48
  AVERAGE         64                        58      6       58

PRECIPITATION (IN)
  YESTERDAY        0.00          1.37 2014   0.11  -0.11     0.00
  MONTH TO DATE    1.64                      2.08  -0.44     2.07
  SINCE MAR 1      8.30                      6.88   1.42     4.62
  SINCE JAN 1     12.15                      9.99   2.16     6.79

SNOWFALL (IN)
  YESTERDAY        0.0           T      MM   0.0    0.0      0.0
  MONTH TO DATE    T                         0.0    0.0      0.0
  SINCE MAR 1     18.4                       8.8    9.6      4.8
  SINCE JUL 1     69.0                      47.4   21.6     45.3
  SNOW DEPTH       0

DEGREE DAYS
 HEATING
  YESTERDAY        1                         8     -7        7
  MONTH TO DATE  190                       218    -28      100
  SINCE MAR 1   1469                      1737   -268     1581
  SINCE JUL 1   5339                      6825  -1486     6889

 COOLING
  YESTERDAY        0                         1     -1        0
  MONTH TO DATE    4                        13     -9       38
  SINCE MAR 1      5                        17    -12       38
  SINCE JAN 1      5                        17    -12       38
..................................................................


WIND (MPH)
  HIGHEST WIND SPEED    18   HIGHEST WIND DIRECTION    NE (30)
  HIGHEST GUST SPEED    24   HIGHEST GUST DIRECTION    NE (30)
  AVERAGE WIND SPEED     6.9


SKY COVER
  POSSIBLE SUNSHINE  MM
  AVERAGE SKY COVER 0.1


WEATHER CONDITIONS
 THE FOLLOWING WEATHER WAS RECORDED YESTERDAY.
  NO SIGNIFICANT WEATHER WAS OBSERVED.


RELATIVE HUMIDITY (PERCENT)
 HIGHEST    68          1100 PM
 LOWEST     23           500 PM
 AVERAGE    46

..........................................................


THE FLINT MI CLIMATE NORMALS FOR TODAY
                         NORMAL    RECORD    YEAR
 MAXIMUM TEMPERATURE (F)   70        91      1934
 MINIMUM TEMPERATURE (F)   47        32      1929


SUNRISE AND SUNSET
MAY 22 2016...........SUNRISE   605 AM EDT   SUNSET   859 PM EDT
MAY 23 2016...........SUNRISE   604 AM EDT   SUNSET   900 PM EDT


-  INDICATES NEGATIVE NUMBERS.
R  INDICATES RECORD WAS SET OR TIED.
MM INDICATES DATA IS MISSING.
T  INDICATES TRACE AMOUNT.




$$
