000
CDUS43 KDTX 142041
CLIFNT


CLIMATE REPORT
NATIONAL WEATHER SERVICE DETROIT/PONTIAC MI
440 PM EDT SAT OCT 14 2017


...................................

...THE FLINT MI CLIMATE SUMMARY FOR OCTOBER 14 2017...
VALID TODAY AS OF 0400 PM LOCAL TIME.

CLIMATE NORMAL PERIOD 1981 TO 2010
CLIMATE RECORD PERIOD 1921 TO 2017


WEATHER ITEM   OBSERVED TIME   RECORD YEAR NORMAL DEPARTURE LAST
                VALUE   (LST)  VALUE       VALUE  FROM      YEAR
                                                  NORMAL
..................................................................
TEMPERATURE (F)
 TODAY
  MAXIMUM         62   1236 PM  82    1989  60      2       61
                                      1975
  MINIMUM         58    849 AM  25    1937  40     18       32
  AVERAGE         60                        50     10       47

PRECIPITATION (IN)
  TODAY            0.47          1.42 1970   0.08   0.39     0.00
  MONTH TO DATE    1.93                      1.22   0.71     1.21
  SINCE SEP 1      2.77                      4.97  -2.20     5.62
  SINCE JAN 1     28.46                     25.53   2.93    25.17

SNOWFALL (IN)
  TODAY            0.0           0.0    MM   0.0    0.0      0.0
  MONTH TO DATE    0.0                       0.1   -0.1      0.0
  SINCE SEP 1      0.0                       0.1   -0.1      0.0
  SINCE JUL 1      0.0                       0.1   -0.1      0.0
  SNOW DEPTH       0

DEGREE DAYS
 HEATING
  TODAY            5                        15    -10       18
  MONTH TO DATE   75                       182   -107      126
  SINCE SEP 1    198                       348   -150      196
  SINCE JUL 1    230                       392   -162      196

 COOLING
  TODAY            0                         0      0        0
  MONTH TO DATE   13                         2     11        6
  SINCE SEP 1    108                        51     57       78
  SINCE JAN 1    565                       528     37     1017
..................................................................


WIND (MPH)
  HIGHEST WIND SPEED    13   HIGHEST WIND DIRECTION    SE (140)
  HIGHEST GUST SPEED    16   HIGHEST GUST DIRECTION    SE (140)
  AVERAGE WIND SPEED     6.6


SKY COVER
  POSSIBLE SUNSHINE  MM
  AVERAGE SKY COVER 1.0


WEATHER CONDITIONS
 THE FOLLOWING WEATHER WAS RECORDED TODAY.
  RAIN
  LIGHT RAIN
  FOG


RELATIVE HUMIDITY (PERCENT)
 HIGHEST   100           400 AM
 LOWEST     78           100 AM
 AVERAGE    89

..........................................................


THE FLINT MI CLIMATE NORMALS FOR TOMORROW
                         NORMAL    RECORD    YEAR
 MAXIMUM TEMPERATURE (F)   60        86      1947
 MINIMUM TEMPERATURE (F)   40        26      1944


SUNRISE AND SUNSET
OCTOBER 14 2017.......SUNRISE   748 AM EDT   SUNSET   654 PM EDT
OCTOBER 15 2017.......SUNRISE   749 AM EDT   SUNSET   652 PM EDT


-  INDICATES NEGATIVE NUMBERS.
R  INDICATES RECORD WAS SET OR TIED.
MM INDICATES DATA IS MISSING.
T  INDICATES TRACE AMOUNT.




$$
