000
CDUS43 KDTX 200535
CLIFNT


CLIMATE REPORT
NATIONAL WEATHER SERVICE DETROIT/PONTIAC MI
135 AM EDT TUE JUN 20 2017


...................................

...THE FLINT MI CLIMATE SUMMARY FOR JUNE 19 2017...

CLIMATE NORMAL PERIOD 1981 TO 2010
CLIMATE RECORD PERIOD 1921 TO 2017


WEATHER ITEM   OBSERVED TIME   RECORD YEAR NORMAL DEPARTURE LAST
                VALUE   (LST)  VALUE       VALUE  FROM      YEAR
                                                  NORMAL
..................................................................
TEMPERATURE (F)
 YESTERDAY
  MAXIMUM         76   1206 PM  96    1995  79     -3       93
                                      1933
  MINIMUM         59   1159 PM  44    2005  56      3       60
                                      1970
                                      1959
  AVERAGE         68                        68      0       77

PRECIPITATION (IN)
  YESTERDAY        0.39          1.70 1993   0.10   0.29     0.00
  MONTH TO DATE    1.84                      1.97  -0.13     0.66
  SINCE JUN 1      1.84                      1.97  -0.13     0.66
  SINCE JAN 1     18.27                     12.96   5.31    12.89

SNOWFALL (IN)
  YESTERDAY        0.0           0.0    MM   0.0    0.0      0.0
  MONTH TO DATE    0.0                       0.0    0.0      0.0
  SINCE JUN 1      0.0                       0.0    0.0      0.0
  SINCE JUL 1     39.4                      47.4   -8.0     69.0
  SNOW DEPTH       0

DEGREE DAYS
 HEATING
  YESTERDAY        0                         1     -1        0
  MONTH TO DATE   24                        55    -31       22
  SINCE JUN 1     24                        55    -31       22
  SINCE JUL 1   5812                      6942  -1130     5378

 COOLING
  YESTERDAY        3                         4     -1       12
  MONTH TO DATE  108                        55     53      102
  SINCE JUN 1    108                        55     53      102
  SINCE JAN 1    133                        87     46      181
..................................................................


WIND (MPH)
  HIGHEST WIND SPEED    22   HIGHEST WIND DIRECTION     W (270)
  HIGHEST GUST SPEED    26   HIGHEST GUST DIRECTION     W (270)
  AVERAGE WIND SPEED     8.6


SKY COVER
  POSSIBLE SUNSHINE  MM
  AVERAGE SKY COVER 0.4


WEATHER CONDITIONS
 THE FOLLOWING WEATHER WAS RECORDED YESTERDAY.
  THUNDERSTORM
  HEAVY RAIN
  RAIN
  LIGHT RAIN
  FOG


RELATIVE HUMIDITY (PERCENT)
 HIGHEST    90           200 AM
 LOWEST     53          1100 AM
 AVERAGE    72

..........................................................


THE FLINT MI CLIMATE NORMALS FOR TODAY
                         NORMAL    RECORD    YEAR
 MAXIMUM TEMPERATURE (F)   79        97      1988
                                             1953
                                             1933
 MINIMUM TEMPERATURE (F)   57        40      1970
                                             1926


SUNRISE AND SUNSET
JUNE 20 2017..........SUNRISE   556 AM EDT   SUNSET   917 PM EDT
JUNE 21 2017..........SUNRISE   556 AM EDT   SUNSET   918 PM EDT


-  INDICATES NEGATIVE NUMBERS.
R  INDICATES RECORD WAS SET OR TIED.
MM INDICATES DATA IS MISSING.
T  INDICATES TRACE AMOUNT.




$$
