204
CDUS43 KDTX 120542
CLIFNT


CLIMATE REPORT
NATIONAL WEATHER SERVICE DETROIT/PONTIAC MI
1241 AM EST FRI JAN 12 2018


...................................

...THE FLINT MI CLIMATE SUMMARY FOR JANUARY 11 2018...

CLIMATE NORMAL PERIOD 1981 TO 2010
CLIMATE RECORD PERIOD 1921 TO 2018


WEATHER ITEM   OBSERVED TIME   RECORD YEAR NORMAL DEPARTURE LAST
                VALUE   (LST)  VALUE       VALUE  FROM      YEAR
                                                  NORMAL
..................................................................
TEMPERATURE (F)
 YESTERDAY
  MAXIMUM         56R  1054 PM  56    1975  30     26       48
  MINIMUM         48   1228 AM -19    1984  15     33       28
  AVERAGE         52                        22     30       38

PRECIPITATION (IN)
  YESTERDAY        0.08          0.65 2017   0.06   0.02     0.65
  MONTH TO DATE    0.29                      0.64  -0.35     1.79
  SINCE DEC 1      1.67                      2.56  -0.89     3.38
  SINCE JAN 1      0.29                      0.64  -0.35     1.79

SNOWFALL (IN)
  YESTERDAY        0.0           6.9  1991   0.4   -0.4      0.0
  MONTH TO DATE    2.7                       4.7   -2.0      5.3
  SINCE DEC 1     26.0                      16.5    9.5     25.5
  SINCE JUL 1     26.4                      19.4    7.0     25.5
  SNOW DEPTH       0

DEGREE DAYS
 HEATING
  YESTERDAY       13                        43    -30       27
  MONTH TO DATE  531                       462     69      444
  SINCE DEC 1   1839                      1626    213     1592
  SINCE JUL 1   3137                      3107     30     2633

 COOLING
  YESTERDAY        0                         0      0        0
  MONTH TO DATE    0                         0      0        0
  SINCE DEC 1      0                         0      0        0
  SINCE JAN 1      0                         0      0        0
..................................................................


WIND (MPH)
  HIGHEST WIND SPEED    21   HIGHEST WIND DIRECTION     S (200)
  HIGHEST GUST SPEED    28   HIGHEST GUST DIRECTION     S (200)
  AVERAGE WIND SPEED    13.5


SKY COVER
  POSSIBLE SUNSHINE  MM
  AVERAGE SKY COVER 1.0


WEATHER CONDITIONS
 THE FOLLOWING WEATHER WAS RECORDED YESTERDAY.
  RAIN
  LIGHT RAIN
  FOG


RELATIVE HUMIDITY (PERCENT)
 HIGHEST    96           500 AM
 LOWEST     83           100 PM
 AVERAGE    90

..........................................................


THE FLINT MI CLIMATE NORMALS FOR TODAY
                         NORMAL    RECORD    YEAR
 MAXIMUM TEMPERATURE (F)   29        60      2013
 MINIMUM TEMPERATURE (F)   15       -11      1926


SUNRISE AND SUNSET
JANUARY 12 2018.......SUNRISE   805 AM EST   SUNSET   522 PM EST
JANUARY 13 2018.......SUNRISE   804 AM EST   SUNSET   524 PM EST


-  INDICATES NEGATIVE NUMBERS.
R  INDICATES RECORD WAS SET OR TIED.
MM INDICATES DATA IS MISSING.
T  INDICATES TRACE AMOUNT.




$$
