000
CDUS43 KDTX 300536
CLIFNT


CLIMATE REPORT
NATIONAL WEATHER SERVICE DETROIT/PONTIAC MI
1236 AM EST WED NOV 30 2016


...................................

...THE FLINT MI CLIMATE SUMMARY FOR NOVEMBER 29 2016...

CLIMATE NORMAL PERIOD 1981 TO 2010
CLIMATE RECORD PERIOD 1921 TO 2016


WEATHER ITEM   OBSERVED TIME   RECORD YEAR NORMAL DEPARTURE LAST
                VALUE   (LST)  VALUE       VALUE  FROM      YEAR
                                                  NORMAL
..................................................................
TEMPERATURE (F)
 YESTERDAY
  MAXIMUM         58    324 PM  68    1941  40     18       42
  MINIMUM         47    549 PM   1    1929  26     21       18
  AVERAGE         53                        33     20       30

PRECIPITATION (IN)
  YESTERDAY        0.05          1.26 2011   0.08  -0.03     0.00
  MONTH TO DATE    2.01                      2.59  -0.58     2.22
  SINCE SEP 1      9.60                      8.81   0.79     8.01
  SINCE JAN 1     29.15                     29.37  -0.22    27.38

SNOWFALL (IN)
  YESTERDAY        0.0           3.9  1966   0.2   -0.2      0.0
  MONTH TO DATE    T                         2.3   -2.3     10.8
  SINCE SEP 1      T                         2.7   -2.7     10.8
  SINCE JUL 1      T                         2.7   -2.7     10.8
  SNOW DEPTH       0

DEGREE DAYS
 HEATING
  YESTERDAY       12                        32    -20       35
  MONTH TO DATE  580                       753   -173      534
  SINCE SEP 1   1019                      1405   -386      929
  SINCE JUL 1   1019                      1449   -430      951

 COOLING
  YESTERDAY        0                         0      0        0
  MONTH TO DATE    0                         0      0        2
  SINCE SEP 1     83                        54     29      153
  SINCE JAN 1   1022                       531    491      766
..................................................................


WIND (MPH)
  HIGHEST WIND SPEED    32   HIGHEST WIND DIRECTION     S (160)
  HIGHEST GUST SPEED    44   HIGHEST GUST DIRECTION     S (170)
  AVERAGE WIND SPEED    14.3


SKY COVER
  POSSIBLE SUNSHINE  MM
  AVERAGE SKY COVER 0.5


WEATHER CONDITIONS
 THE FOLLOWING WEATHER WAS RECORDED YESTERDAY.
  THUNDERSTORM
  RAIN
  LIGHT RAIN
  FOG


RELATIVE HUMIDITY (PERCENT)
 HIGHEST    93           100 AM
 LOWEST     43           400 PM
 AVERAGE    68

..........................................................


THE FLINT MI CLIMATE NORMALS FOR TODAY
                         NORMAL    RECORD    YEAR
 MAXIMUM TEMPERATURE (F)   40        64      1998
 MINIMUM TEMPERATURE (F)   26         2      1958


SUNRISE AND SUNSET
NOVEMBER 30 2016......SUNRISE   746 AM EST   SUNSET   502 PM EST
DECEMBER  1 2016......SUNRISE   747 AM EST   SUNSET   501 PM EST


-  INDICATES NEGATIVE NUMBERS.
R  INDICATES RECORD WAS SET OR TIED.
MM INDICATES DATA IS MISSING.
T  INDICATES TRACE AMOUNT.




$$
