000
CDUS43 KDTX 220543
CLIFNT


CLIMATE REPORT
NATIONAL WEATHER SERVICE DETROIT/PONTIAC MI
143 AM EDT THU SEP 22 2016


...................................

...THE FLINT MI CLIMATE SUMMARY FOR SEPTEMBER 21 2016...

CLIMATE NORMAL PERIOD 1981 TO 2010
CLIMATE RECORD PERIOD 1921 TO 2016


WEATHER ITEM   OBSERVED TIME   RECORD YEAR NORMAL DEPARTURE LAST
                VALUE   (LST)  VALUE       VALUE  FROM      YEAR
                                                  NORMAL
..................................................................
TEMPERATURE (F)
 YESTERDAY
  MAXIMUM         78    505 PM  90    1931  70      8       75
  MINIMUM         51    603 AM  32    1956  48      3       44
  AVERAGE         65                        59      6       60

PRECIPITATION (IN)
  YESTERDAY        0.09          1.73 1947   0.14  -0.05     0.00
  MONTH TO DATE    2.66                      2.66   0.00     3.48
  SINCE SEP 1      2.66                      2.66   0.00     3.48
  SINCE JAN 1     22.21                     23.22  -1.01    22.85

SNOWFALL (IN)
  YESTERDAY        0.0           0.0    MM   0.0    0.0      0.0
  MONTH TO DATE    0.0                       0.0    0.0      0.0
  SINCE SEP 1      0.0                       0.0    0.0      0.0
  SINCE JUL 1      0.0                       0.0    0.0      0.0
  SNOW DEPTH       0

DEGREE DAYS
 HEATING
  YESTERDAY        0                         7     -7        5
  MONTH TO DATE   24                        86    -62       38
  SINCE SEP 1     24                        86    -62       38
  SINCE JUL 1     24                       130   -106       60

 COOLING
  YESTERDAY        0                         1     -1        0
  MONTH TO DATE   66                        40     26      131
  SINCE SEP 1     66                        40     26      131
  SINCE JAN 1   1005                       517    488      744
..................................................................


WIND (MPH)
  HIGHEST WIND SPEED    25   HIGHEST WIND DIRECTION    NW (300)
  HIGHEST GUST SPEED    33   HIGHEST GUST DIRECTION    NW (300)
  AVERAGE WIND SPEED     4.0


SKY COVER
  POSSIBLE SUNSHINE  MM
  AVERAGE SKY COVER 0.1


WEATHER CONDITIONS
 THE FOLLOWING WEATHER WAS RECORDED YESTERDAY.
  THUNDERSTORM
  LIGHT RAIN
  FOG


RELATIVE HUMIDITY (PERCENT)
 HIGHEST   100          1200 AM
 LOWEST     62           500 PM
 AVERAGE    81

..........................................................


THE FLINT MI CLIMATE NORMALS FOR TODAY
                         NORMAL    RECORD    YEAR
 MAXIMUM TEMPERATURE (F)   70        90      1941
 MINIMUM TEMPERATURE (F)   47        30      1999


SUNRISE AND SUNSET
SEPTEMBER 22 2016.....SUNRISE   723 AM EDT   SUNSET   731 PM EDT
SEPTEMBER 23 2016.....SUNRISE   724 AM EDT   SUNSET   730 PM EDT


-  INDICATES NEGATIVE NUMBERS.
R  INDICATES RECORD WAS SET OR TIED.
MM INDICATES DATA IS MISSING.
T  INDICATES TRACE AMOUNT.




$$
