117
CDUS43 KDTX 270548
CLIFNT


CLIMATE REPORT
NATIONAL WEATHER SERVICE DETROIT/PONTIAC MI
1248 AM EST MON FEB 27 2017


...................................

...THE FLINT MI CLIMATE SUMMARY FOR FEBRUARY 26 2017...

CLIMATE NORMAL PERIOD 1981 TO 2010
CLIMATE RECORD PERIOD 1921 TO 2017


WEATHER ITEM   OBSERVED TIME   RECORD YEAR NORMAL DEPARTURE LAST
                VALUE   (LST)  VALUE       VALUE  FROM      YEAR
                                                  NORMAL
..................................................................
TEMPERATURE (F)
 YESTERDAY
  MAXIMUM         41    515 PM  63    2000  36      5       32
  MINIMUM         22    740 AM -10    1963  19      3       23
  AVERAGE         32                        28      4       28

PRECIPITATION (IN)
  YESTERDAY        T             0.58 1946   0.06  -0.06      T
  MONTH TO DATE    1.75                      1.36   0.39     1.99
  SINCE DEC 1      6.47                      4.91   1.56     5.53
  SINCE JAN 1      4.88                      2.99   1.89     3.63

SNOWFALL (IN)
  YESTERDAY        T             4.4  2011   0.3   -0.3      0.4
  MONTH TO DATE    1.9                      10.1   -8.2     22.7
  SINCE DEC 1     32.5                      35.0   -2.5     39.8
  SINCE JUL 1     32.5                      37.9   -5.4     50.6
  SNOW DEPTH       T

DEGREE DAYS
 HEATING
  YESTERDAY       33                        37     -4       37
  MONTH TO DATE  803                      1049   -246      940
  SINCE DEC 1   3064                      3532   -468     2816
  SINCE JUL 1   4105                      5013   -908     3797

 COOLING
  YESTERDAY        0                         0      0        0
  MONTH TO DATE    0                         0      0        0
  SINCE DEC 1      0                         0      0        0
  SINCE JAN 1      0                         0      0        0
..................................................................


WIND (MPH)
  HIGHEST WIND SPEED    24   HIGHEST WIND DIRECTION     S (200)
  HIGHEST GUST SPEED    33   HIGHEST GUST DIRECTION     S (200)
  AVERAGE WIND SPEED    12.2


SKY COVER
  POSSIBLE SUNSHINE  MM
  AVERAGE SKY COVER 0.5


WEATHER CONDITIONS
 THE FOLLOWING WEATHER WAS RECORDED YESTERDAY.
  LIGHT SNOW


RELATIVE HUMIDITY (PERCENT)
 HIGHEST    81           800 AM
 LOWEST     41           500 PM
 AVERAGE    61

..........................................................


THE FLINT MI CLIMATE NORMALS FOR TODAY
                         NORMAL    RECORD    YEAR
 MAXIMUM TEMPERATURE (F)   36        58      1932
 MINIMUM TEMPERATURE (F)   19       -17      2015


SUNRISE AND SUNSET
FEBRUARY 27 2017......SUNRISE   714 AM EST   SUNSET   622 PM EST
FEBRUARY 28 2017......SUNRISE   712 AM EST   SUNSET   623 PM EST


-  INDICATES NEGATIVE NUMBERS.
R  INDICATES RECORD WAS SET OR TIED.
MM INDICATES DATA IS MISSING.
T  INDICATES TRACE AMOUNT.




$$
