000
CDUS43 KDTX 210537
CLIFNT


CLIMATE REPORT
NATIONAL WEATHER SERVICE DETROIT/PONTIAC MI
1236 AM EST WED FEB 21 2018


...................................

...THE FLINT MI CLIMATE SUMMARY FOR FEBRUARY 20 2018...

CLIMATE NORMAL PERIOD 1981 TO 2010
CLIMATE RECORD PERIOD 1921 TO 2018


WEATHER ITEM   OBSERVED TIME   RECORD YEAR NORMAL DEPARTURE LAST
                VALUE   (LST)  VALUE       VALUE  FROM      YEAR
                                                  NORMAL
..................................................................
TEMPERATURE (F)
 YESTERDAY
  MAXIMUM         60    722 PM  61    1930  34     26       56
  MINIMUM         53    928 PM -25    2015  18     35       29
  AVERAGE         57                        26     31       43

PRECIPITATION (IN)
  YESTERDAY        1.85R         0.65 2002   0.06   1.79     0.00
  MONTH TO DATE    3.60                      1.01   2.59     0.94
  SINCE DEC 1      6.84                      4.56   2.28     5.66
  SINCE JAN 1      5.46                      2.64   2.82     4.07

SNOWFALL (IN)
  YESTERDAY        0.0           6.3  2011   0.4   -0.4      0.0
  MONTH TO DATE   21.8                       7.9   13.9      1.8
  SINCE DEC 1     65.3                      32.8   32.5     32.4
  SINCE JUL 1     65.7                      35.7   30.0     32.4
  SNOW DEPTH       T

DEGREE DAYS
 HEATING
  YESTERDAY        8                        39    -31       22
  MONTH TO DATE  842                       820     22      679
  SINCE DEC 1   3460                      3303    157     2940
  SINCE JUL 1   4758                      4784    -26     3981

 COOLING
  YESTERDAY        0                         0      0        0
  MONTH TO DATE    0                         0      0        0
  SINCE DEC 1      0                         0      0        0
  SINCE JAN 1      0                         0      0        0
..................................................................


WIND (MPH)
  HIGHEST WIND SPEED    25   HIGHEST WIND DIRECTION    NW (300)
  HIGHEST GUST SPEED    32   HIGHEST GUST DIRECTION    SW (210)
  AVERAGE WIND SPEED    11.3


SKY COVER
  POSSIBLE SUNSHINE  MM
  AVERAGE SKY COVER 0.9


WEATHER CONDITIONS
 THE FOLLOWING WEATHER WAS RECORDED YESTERDAY.
  HEAVY RAIN
  RAIN
  LIGHT RAIN
  FOG


RELATIVE HUMIDITY (PERCENT)
 HIGHEST   100          1200 AM
 LOWEST     86           100 AM
 AVERAGE    93

..........................................................


THE FLINT MI CLIMATE NORMALS FOR TODAY
                         NORMAL    RECORD    YEAR
 MAXIMUM TEMPERATURE (F)   34        63      1930
 MINIMUM TEMPERATURE (F)   18        -9      1946


SUNRISE AND SUNSET
FEBRUARY 21 2018......SUNRISE   723 AM EST   SUNSET   614 PM EST
FEBRUARY 22 2018......SUNRISE   722 AM EST   SUNSET   615 PM EST


-  INDICATES NEGATIVE NUMBERS.
R  INDICATES RECORD WAS SET OR TIED.
MM INDICATES DATA IS MISSING.
T  INDICATES TRACE AMOUNT.




$$
