000
CDUS43 KDTX 240536
CLIFNT


CLIMATE REPORT
NATIONAL WEATHER SERVICE DETROIT/PONTIAC MI
136 AM EDT MON JUL 24 2017


...................................

...THE FLINT MI CLIMATE SUMMARY FOR JULY 23 2017...

CLIMATE NORMAL PERIOD 1981 TO 2010
CLIMATE RECORD PERIOD 1921 TO 2017


WEATHER ITEM   OBSERVED TIME   RECORD YEAR NORMAL DEPARTURE LAST
                VALUE   (LST)  VALUE       VALUE  FROM      YEAR
                                                  NORMAL
..................................................................
TEMPERATURE (F)
 YESTERDAY
  MAXIMUM         83    551 PM 100    1933  82      1       98
                                      1924
  MINIMUM         65   1156 PM  44    1985  59      6       66
  AVERAGE         74                        71      3       82

PRECIPITATION (IN)
  YESTERDAY        0.00          2.06 1959   0.11  -0.11     0.00
  MONTH TO DATE    2.56                      2.38   0.18     1.17
  SINCE JUN 1      5.22                      5.45  -0.23     1.84
  SINCE JAN 1     21.65                     16.44   5.21    14.07

SNOWFALL (IN)
  YESTERDAY        0.0           0.0    MM   0.0    0.0      0.0
  MONTH TO DATE    0.0                       0.0    0.0      0.0
  SINCE JUN 1      0.0                       0.0    0.0      0.0
  SINCE JUL 1      0.0                       0.0    0.0      0.0
  SNOW DEPTH       0

DEGREE DAYS
 HEATING
  YESTERDAY        0                         0      0        0
  MONTH TO DATE    0                        10    -10        0
  SINCE JUN 1     39                        76    -37       28
  SINCE JUL 1      0                        10    -10        0

 COOLING
  YESTERDAY        9                         6      3       17
  MONTH TO DATE  164                       138     26      252
  SINCE JUN 1    309                       250     59      430
  SINCE JAN 1    334                       282     52      509
..................................................................


WIND (MPH)
  HIGHEST WIND SPEED    17   HIGHEST WIND DIRECTION    NE (40)
  HIGHEST GUST SPEED    21   HIGHEST GUST DIRECTION    NE (30)
  AVERAGE WIND SPEED     5.6


SKY COVER
  POSSIBLE SUNSHINE  MM
  AVERAGE SKY COVER 0.6


WEATHER CONDITIONS
 THE FOLLOWING WEATHER WAS RECORDED YESTERDAY.
  FOG


RELATIVE HUMIDITY (PERCENT)
 HIGHEST    93           300 AM
 LOWEST     55           400 PM
 AVERAGE    74

..........................................................


THE FLINT MI CLIMATE NORMALS FOR TODAY
                         NORMAL    RECORD    YEAR
 MAXIMUM TEMPERATURE (F)   82       105      1934
 MINIMUM TEMPERATURE (F)   59        45      1953


SUNRISE AND SUNSET
JULY 24 2017..........SUNRISE   618 AM EDT   SUNSET   904 PM EDT
JULY 25 2017..........SUNRISE   619 AM EDT   SUNSET   903 PM EDT


-  INDICATES NEGATIVE NUMBERS.
R  INDICATES RECORD WAS SET OR TIED.
MM INDICATES DATA IS MISSING.
T  INDICATES TRACE AMOUNT.




$$
