000
CDUS43 KDTX 180536
CLIFNT


CLIMATE REPORT
NATIONAL WEATHER SERVICE DETROIT/PONTIAC MI
135 AM EDT SUN SEP 18 2016


...................................

...THE FLINT MI CLIMATE SUMMARY FOR SEPTEMBER 17 2016...

CLIMATE NORMAL PERIOD 1981 TO 2010
CLIMATE RECORD PERIOD 1921 TO 2016


WEATHER ITEM   OBSERVED TIME   RECORD YEAR NORMAL DEPARTURE LAST
                VALUE   (LST)  VALUE       VALUE  FROM      YEAR
                                                  NORMAL
..................................................................
TEMPERATURE (F)
 YESTERDAY
  MAXIMUM         76    459 PM  94    1955  72      4       83
  MINIMUM         64   1149 PM  30    1959  49     15       57
  AVERAGE         70                        61      9       70

PRECIPITATION (IN)
  YESTERDAY        1.66          1.68 1973   0.14   1.52     0.00
  MONTH TO DATE    2.57                      2.11   0.46     3.14
  SINCE SEP 1      2.57                      2.11   0.46     3.14
  SINCE JAN 1     22.12                     22.67  -0.55    22.51

SNOWFALL (IN)
  YESTERDAY        0.0           0.0    MM   0.0    0.0      0.0
  MONTH TO DATE    0.0                       0.0    0.0      0.0
  SINCE SEP 1      0.0                       0.0    0.0      0.0
  SINCE JUL 1      0.0                       0.0    0.0      0.0
  SNOW DEPTH       0

DEGREE DAYS
 HEATING
  YESTERDAY        0                         6     -6        0
  MONTH TO DATE   24                        60    -36       23
  SINCE SEP 1     24                        60    -36       23
  SINCE JUL 1     24                       104    -80       45

 COOLING
  YESTERDAY        5                         1      4        5
  MONTH TO DATE   61                        36     25      123
  SINCE SEP 1     61                        36     25      123
  SINCE JAN 1   1000                       513    487      736
..................................................................


WIND (MPH)
  HIGHEST WIND SPEED    14   HIGHEST WIND DIRECTION    SW (220)
  HIGHEST GUST SPEED    27   HIGHEST GUST DIRECTION    SW (210)
  AVERAGE WIND SPEED     6.9


SKY COVER
  POSSIBLE SUNSHINE  MM
  AVERAGE SKY COVER 0.6


WEATHER CONDITIONS
 THE FOLLOWING WEATHER WAS RECORDED YESTERDAY.
  HEAVY RAIN
  RAIN
  LIGHT RAIN
  FOG


RELATIVE HUMIDITY (PERCENT)
 HIGHEST    93           700 AM
 LOWEST     73           500 PM
 AVERAGE    83

..........................................................


THE FLINT MI CLIMATE NORMALS FOR TODAY
                         NORMAL    RECORD    YEAR
 MAXIMUM TEMPERATURE (F)   72        93      1955
 MINIMUM TEMPERATURE (F)   49        34      1995


SUNRISE AND SUNSET
SEPTEMBER 18 2016.....SUNRISE   718 AM EDT   SUNSET   739 PM EDT
SEPTEMBER 19 2016.....SUNRISE   719 AM EDT   SUNSET   737 PM EDT


-  INDICATES NEGATIVE NUMBERS.
R  INDICATES RECORD WAS SET OR TIED.
MM INDICATES DATA IS MISSING.
T  INDICATES TRACE AMOUNT.




$$
