000
CDUS43 KDTX 090538
CLIFNT


CLIMATE REPORT
NATIONAL WEATHER SERVICE DETROIT/PONTIAC MI
1238 AM EST TUE FEB 9 2016


...................................

...THE FLINT MI CLIMATE SUMMARY FOR FEBRUARY 8 2016...

CLIMATE NORMAL PERIOD 1981 TO 2010
CLIMATE RECORD PERIOD 1921 TO 2016


WEATHER ITEM   OBSERVED TIME   RECORD YEAR NORMAL DEPARTURE LAST
                VALUE   (LST)  VALUE       VALUE  FROM      YEAR
                                                  NORMAL
..................................................................
TEMPERATURE (F)
 YESTERDAY
  MAXIMUM         43   1222 AM  57    1937  31     12       39
  MINIMUM         33    819 AM -13    1974  16     17       23
  AVERAGE         38                        23     15       31

PRECIPITATION (IN)
  YESTERDAY        T             0.86 2001   0.04  -0.04     0.02
  MONTH TO DATE    0.39                      0.37   0.02     0.69
  SINCE DEC 1      3.93                      3.92   0.01     3.63
  SINCE JAN 1      2.03                      2.00   0.03     1.99

SNOWFALL (IN)
  YESTERDAY        T             5.6  1994   0.4   -0.4      0.3
  MONTH TO DATE    1.1                       3.2   -2.1     11.9
  SINCE DEC 1     18.2                      28.1   -9.9     25.6
  SINCE JUL 1     29.0                      31.0   -2.0     35.0
  SNOW DEPTH       0

DEGREE DAYS
 HEATING
  YESTERDAY       27                        42    -15       34
  MONTH TO DATE  235                       336   -101      364
  SINCE DEC 1   2111                      2819   -708     2712
  SINCE JUL 1   3092                      4300  -1208     4176

 COOLING
  YESTERDAY        0                         0      0        0
  MONTH TO DATE    0                         0      0        0
  SINCE DEC 1      0                         0      0        0
  SINCE JAN 1      0                         0      0        0
..................................................................


WIND (MPH)
  HIGHEST WIND SPEED    12   HIGHEST WIND DIRECTION    NW (310)
  HIGHEST GUST SPEED    14   HIGHEST GUST DIRECTION     W (260)
  AVERAGE WIND SPEED     6.6


SKY COVER
  POSSIBLE SUNSHINE  MM
  AVERAGE SKY COVER 0.9


WEATHER CONDITIONS
 THE FOLLOWING WEATHER WAS RECORDED YESTERDAY.
  LIGHT SNOW


RELATIVE HUMIDITY (PERCENT)
 HIGHEST    82           800 AM
 LOWEST     60           200 PM
 AVERAGE    71

..........................................................


THE FLINT MI CLIMATE NORMALS FOR TODAY
                         NORMAL    RECORD    YEAR
 MAXIMUM TEMPERATURE (F)   31        54      2001
                                             1966
 MINIMUM TEMPERATURE (F)   16       -15      1979
                                             1951
                                             1934


SUNRISE AND SUNSET
FEBRUARY  9 2016......SUNRISE   741 AM EST   SUNSET   558 PM EST
FEBRUARY 10 2016......SUNRISE   740 AM EST   SUNSET   559 PM EST


-  INDICATES NEGATIVE NUMBERS.
R  INDICATES RECORD WAS SET OR TIED.
MM INDICATES DATA IS MISSING.
T  INDICATES TRACE AMOUNT.




$$
