000
CDUS43 KDTX 310537
CLIFNT


CLIMATE REPORT
NATIONAL WEATHER SERVICE DETROIT/PONTIAC MI
136 AM EDT FRI JUL 31 2015


...................................

...THE FLINT MI CLIMATE SUMMARY FOR JULY 30 2015...

CLIMATE NORMAL PERIOD 1981 TO 2010
CLIMATE RECORD PERIOD 1921 TO 2015


WEATHER ITEM   OBSERVED TIME   RECORD YEAR NORMAL DEPARTURE LAST
                VALUE   (LST)  VALUE       VALUE  FROM      YEAR
                                                  NORMAL
..................................................................
TEMPERATURE (F)
 YESTERDAY
  MAXIMUM         87    435 PM  98    1933  81      6       74
  MINIMUM         65    601 AM  44    1965  59      6       54
  AVERAGE         76                        70      6       64

PRECIPITATION (IN)
  YESTERDAY        0.00          1.12 2000   0.12  -0.12     0.02
  MONTH TO DATE    2.94                      3.20  -0.26     5.69
  SINCE JUN 1      8.40                      6.27   2.13     8.15
  SINCE JAN 1     16.52                     17.26  -0.74    23.10

SNOWFALL (IN)
  YESTERDAY        0.0           0.0    MM   0.0    0.0      0.0
  MONTH TO DATE    0.0                       0.0    0.0      0.0
  SINCE JUN 1      0.0                       0.0    0.0      0.0
  SINCE JUL 1      0.0                       0.0    0.0      0.0
  SNOW DEPTH       0

DEGREE DAYS
 HEATING
  YESTERDAY        0                         0      0        1
  MONTH TO DATE    8                        10     -2       17
  SINCE JUN 1     36                        76    -40       39
  SINCE JUL 1      8                        10     -2       17

 COOLING
  YESTERDAY       11                         6      5        0
  MONTH TO DATE  207                       180     27      127
  SINCE JUN 1    331                       292     39      279
  SINCE JAN 1    406                       324     82      327
..................................................................


WIND (MPH)
  HIGHEST WIND SPEED    26   HIGHEST WIND DIRECTION     W (290)
  HIGHEST GUST SPEED    32   HIGHEST GUST DIRECTION     W (290)
  AVERAGE WIND SPEED    11.1


SKY COVER
  POSSIBLE SUNSHINE  MM
  AVERAGE SKY COVER 0.0


WEATHER CONDITIONS
 THE FOLLOWING WEATHER WAS RECORDED YESTERDAY.
  NO SIGNIFICANT WEATHER WAS OBSERVED.


RELATIVE HUMIDITY (PERCENT)
 HIGHEST    78           500 AM
 LOWEST     32           300 PM
 AVERAGE    55

..........................................................


THE FLINT MI CLIMATE NORMALS FOR TODAY
                         NORMAL    RECORD    YEAR
 MAXIMUM TEMPERATURE (F)   81        97      1955
                                             1933
 MINIMUM TEMPERATURE (F)   59        47      1960


SUNRISE AND SUNSET
JULY 31 2015..........SUNRISE   625 AM EDT   SUNSET   857 PM EDT
AUGUST  1 2015........SUNRISE   626 AM EDT   SUNSET   856 PM EDT


-  INDICATES NEGATIVE NUMBERS.
R  INDICATES RECORD WAS SET OR TIED.
MM INDICATES DATA IS MISSING.
T  INDICATES TRACE AMOUNT.




$$
