000
CDUS43 KDTX 140548
CLIFNT


CLIMATE REPORT
NATIONAL WEATHER SERVICE DETROIT/PONTIAC MI
1248 AM EST TUE FEB 14 2017


...................................

...THE FLINT MI CLIMATE SUMMARY FOR FEBRUARY 13 2017...

CLIMATE NORMAL PERIOD 1981 TO 2010
CLIMATE RECORD PERIOD 1921 TO 2017


WEATHER ITEM   OBSERVED TIME   RECORD YEAR NORMAL DEPARTURE LAST
                VALUE   (LST)  VALUE       VALUE  FROM      YEAR
                                                  NORMAL
..................................................................
TEMPERATURE (F)
 YESTERDAY
  MAXIMUM         42    346 PM  57    1938  32     10       14
  MINIMUM         24    720 AM  -8    2015  16      8       -5
  AVERAGE         33                        24      9        5

PRECIPITATION (IN)
  YESTERDAY        0.00          0.99 1938   0.05  -0.05      T
  MONTH TO DATE    0.93                      0.63   0.30     1.15
  SINCE DEC 1      5.65                      4.18   1.47     4.69
  SINCE JAN 1      4.06                      2.26   1.80     2.79

SNOWFALL (IN)
  YESTERDAY        0.0           3.1  1950   0.4   -0.4       T
  MONTH TO DATE    1.4                       5.2   -3.8     11.0
  SINCE DEC 1     32.0                      30.1    1.9     28.1
  SINCE JUL 1     32.0                      33.0   -1.0     38.9
  SNOW DEPTH       0

DEGREE DAYS
 HEATING
  YESTERDAY       32                        41     -9       60
  MONTH TO DATE  497                       541    -44      478
  SINCE DEC 1   2758                      3024   -266     2354
  SINCE JUL 1   3799                      4505   -706     3335

 COOLING
  YESTERDAY        0                         0      0        0
  MONTH TO DATE    0                         0      0        0
  SINCE DEC 1      0                         0      0        0
  SINCE JAN 1      0                         0      0        0
..................................................................


WIND (MPH)
  HIGHEST WIND SPEED    25   HIGHEST WIND DIRECTION    NW (320)
  HIGHEST GUST SPEED    32   HIGHEST GUST DIRECTION    NW (320)
  AVERAGE WIND SPEED    10.1


SKY COVER
  POSSIBLE SUNSHINE  MM
  AVERAGE SKY COVER 0.3


WEATHER CONDITIONS
 THE FOLLOWING WEATHER WAS RECORDED YESTERDAY.
  NO SIGNIFICANT WEATHER WAS OBSERVED.


RELATIVE HUMIDITY (PERCENT)
 HIGHEST    81           800 AM
 LOWEST     44           500 PM
 AVERAGE    63

..........................................................


THE FLINT MI CLIMATE NORMALS FOR TODAY
                         NORMAL    RECORD    YEAR
 MAXIMUM TEMPERATURE (F)   32        52      1939
 MINIMUM TEMPERATURE (F)   17       -10      2016


SUNRISE AND SUNSET
FEBRUARY 14 2017......SUNRISE   733 AM EST   SUNSET   605 PM EST
FEBRUARY 15 2017......SUNRISE   732 AM EST   SUNSET   607 PM EST


-  INDICATES NEGATIVE NUMBERS.
R  INDICATES RECORD WAS SET OR TIED.
MM INDICATES DATA IS MISSING.
T  INDICATES TRACE AMOUNT.




$$
