000
CDUS43 KDTX 230536
CLIFNT


CLIMATE REPORT
NATIONAL WEATHER SERVICE DETROIT/PONTIAC MI
136 AM EDT MON MAY 23 2016


...................................

...THE FLINT MI CLIMATE SUMMARY FOR MAY 22 2016...

CLIMATE NORMAL PERIOD 1981 TO 2010
CLIMATE RECORD PERIOD 1921 TO 2016


WEATHER ITEM   OBSERVED TIME   RECORD YEAR NORMAL DEPARTURE LAST
                VALUE   (LST)  VALUE       VALUE  FROM      YEAR
                                                  NORMAL
..................................................................
TEMPERATURE (F)
 YESTERDAY
  MAXIMUM         71    526 PM  91    1934  70      1       68
  MINIMUM         48   1109 PM  32    1929  47      1       41
  AVERAGE         60                        59      1       55

PRECIPITATION (IN)
  YESTERDAY        0.00          1.12 2004   0.10  -0.10     0.00
  MONTH TO DATE    1.64                      2.18  -0.54     2.07
  SINCE MAR 1      8.30                      6.98   1.32     4.62
  SINCE JAN 1     12.15                     10.09   2.06     6.79

SNOWFALL (IN)
  YESTERDAY        0.0           T      MM   0.0    0.0      0.0
  MONTH TO DATE    T                         0.0    0.0      0.0
  SINCE MAR 1     18.4                       8.8    9.6      4.8
  SINCE JUL 1     69.0                      47.4   21.6     45.3
  SNOW DEPTH       0

DEGREE DAYS
 HEATING
  YESTERDAY        5                         7     -2       10
  MONTH TO DATE  195                       225    -30      110
  SINCE MAR 1   1474                      1744   -270     1591
  SINCE JUL 1   5344                      6832  -1488     6899

 COOLING
  YESTERDAY        0                         1     -1        0
  MONTH TO DATE    4                        14    -10       38
  SINCE MAR 1      5                        18    -13       38
  SINCE JAN 1      5                        18    -13       38
..................................................................


WIND (MPH)
  HIGHEST WIND SPEED    21   HIGHEST WIND DIRECTION     N (360)
  HIGHEST GUST SPEED    27   HIGHEST GUST DIRECTION    NE (30)
  AVERAGE WIND SPEED     8.3


SKY COVER
  POSSIBLE SUNSHINE  MM
  AVERAGE SKY COVER 0.2


WEATHER CONDITIONS
 THE FOLLOWING WEATHER WAS RECORDED YESTERDAY.
  NO SIGNIFICANT WEATHER WAS OBSERVED.


RELATIVE HUMIDITY (PERCENT)
 HIGHEST    72          1200 AM
 LOWEST     20           400 PM
 AVERAGE    46

..........................................................


THE FLINT MI CLIMATE NORMALS FOR TODAY
                         NORMAL    RECORD    YEAR
 MAXIMUM TEMPERATURE (F)   71        88      1936
                                             1925
 MINIMUM TEMPERATURE (F)   48        28      1963


SUNRISE AND SUNSET
MAY 23 2016...........SUNRISE   604 AM EDT   SUNSET   900 PM EDT
MAY 24 2016...........SUNRISE   603 AM EDT   SUNSET   901 PM EDT


-  INDICATES NEGATIVE NUMBERS.
R  INDICATES RECORD WAS SET OR TIED.
MM INDICATES DATA IS MISSING.
T  INDICATES TRACE AMOUNT.




$$
