000
CDUS43 KDTX 220536
CLIFNT


CLIMATE REPORT
NATIONAL WEATHER SERVICE DETROIT/PONTIAC MI
136 AM EDT WED JUL 22 2015


...................................

...THE FLINT MI CLIMATE SUMMARY FOR JULY 21 2015...

CLIMATE NORMAL PERIOD 1981 TO 2010
CLIMATE RECORD PERIOD 1921 TO 2015


WEATHER ITEM   OBSERVED TIME   RECORD YEAR NORMAL DEPARTURE LAST
                VALUE   (LST)  VALUE       VALUE  FROM      YEAR
                                                  NORMAL
..................................................................
TEMPERATURE (F)
 YESTERDAY
  MAXIMUM         82    252 PM 102    1934  82      0       86
  MINIMUM         61   1139 PM  44    1958  59      2       58
                                      1944
  AVERAGE         72                        71      1       72

PRECIPITATION (IN)
  YESTERDAY        T             1.64 1932   0.11  -0.11     0.00
  MONTH TO DATE    2.78                      2.15   0.63     4.68
  SINCE JUN 1      8.24                      5.22   3.02     7.14
  SINCE JAN 1     16.36                     16.21   0.15    22.09

SNOWFALL (IN)
  YESTERDAY        0.0           0.0    MM   0.0    0.0      0.0
  MONTH TO DATE    0.0                       0.0    0.0      0.0
  SINCE JUN 1      0.0                       0.0    0.0      0.0
  SINCE JUL 1      0.0                       0.0    0.0      0.0
  SNOW DEPTH       0

DEGREE DAYS
 HEATING
  YESTERDAY        0                         0      0        0
  MONTH TO DATE    8                        10     -2        8
  SINCE JUN 1     36                        76    -40       30
  SINCE JUL 1      8                        10     -2        8

 COOLING
  YESTERDAY        7                         6      1        7
  MONTH TO DATE  116                       126    -10       97
  SINCE JUN 1    240                       238      2      249
  SINCE JAN 1    315                       270     45      297
..................................................................


WIND (MPH)
  HIGHEST WIND SPEED    18   HIGHEST WIND DIRECTION     W (280)
  HIGHEST GUST SPEED    23   HIGHEST GUST DIRECTION     W (270)
  AVERAGE WIND SPEED     9.2


SKY COVER
  POSSIBLE SUNSHINE  MM
  AVERAGE SKY COVER 0.2


WEATHER CONDITIONS
 THE FOLLOWING WEATHER WAS RECORDED YESTERDAY.
  LIGHT RAIN


RELATIVE HUMIDITY (PERCENT)
 HIGHEST    90           200 AM
 LOWEST     39          1200 PM
 AVERAGE    65

..........................................................


THE FLINT MI CLIMATE NORMALS FOR TODAY
                         NORMAL    RECORD    YEAR
 MAXIMUM TEMPERATURE (F)   82        99      1934
 MINIMUM TEMPERATURE (F)   59        47      1947


SUNRISE AND SUNSET
JULY 22 2015..........SUNRISE   616 AM EDT   SUNSET   907 PM EDT
JULY 23 2015..........SUNRISE   617 AM EDT   SUNSET   906 PM EDT


-  INDICATES NEGATIVE NUMBERS.
R  INDICATES RECORD WAS SET OR TIED.
MM INDICATES DATA IS MISSING.
T  INDICATES TRACE AMOUNT.




$$
