000
CDUS43 KDTX 150535
CLIFNT


CLIMATE REPORT
NATIONAL WEATHER SERVICE DETROIT/PONTIAC MI
135 AM EDT THU SEP 15 2016


...................................

...THE FLINT MI CLIMATE SUMMARY FOR SEPTEMBER 14 2016...

CLIMATE NORMAL PERIOD 1981 TO 2010
CLIMATE RECORD PERIOD 1921 TO 2016


WEATHER ITEM   OBSERVED TIME   RECORD YEAR NORMAL DEPARTURE LAST
                VALUE   (LST)  VALUE       VALUE  FROM      YEAR
                                                  NORMAL
..................................................................
TEMPERATURE (F)
 YESTERDAY
  MAXIMUM         73    311 PM  98    1939  73      0       78
  MINIMUM         54   1159 PM  33    1963  51      3       46
  AVERAGE         64                        62      2       62

PRECIPITATION (IN)
  YESTERDAY        0.01          2.63 2008   0.13  -0.12     0.00
  MONTH TO DATE    0.91                      1.71  -0.80     3.14
  SINCE SEP 1      0.91                      1.71  -0.80     3.14
  SINCE JAN 1     20.46                     22.27  -1.81    22.51

SNOWFALL (IN)
  YESTERDAY        0.0           0.0    MM   0.0    0.0      0.0
  MONTH TO DATE    0.0                       0.0    0.0      0.0
  SINCE SEP 1      0.0                       0.0    0.0      0.0
  SINCE JUL 1      0.0                       0.0    0.0      0.0
  SNOW DEPTH       0

DEGREE DAYS
 HEATING
  YESTERDAY        1                         5     -4        3
  MONTH TO DATE   16                        44    -28       23
  SINCE SEP 1     16                        44    -28       23
  SINCE JUL 1     16                        88    -72       45

 COOLING
  YESTERDAY        0                         2     -2        0
  MONTH TO DATE   56                        33     23      104
  SINCE SEP 1     56                        33     23      104
  SINCE JAN 1    995                       510    485      717
..................................................................


WIND (MPH)
  HIGHEST WIND SPEED    15   HIGHEST WIND DIRECTION    NE (40)
  HIGHEST GUST SPEED    18   HIGHEST GUST DIRECTION    NE (30)
  AVERAGE WIND SPEED     7.5


SKY COVER
  POSSIBLE SUNSHINE  MM
  AVERAGE SKY COVER 0.4


WEATHER CONDITIONS
 THE FOLLOWING WEATHER WAS RECORDED YESTERDAY.
  LIGHT RAIN


RELATIVE HUMIDITY (PERCENT)
 HIGHEST    90           300 AM
 LOWEST     53           300 PM
 AVERAGE    72

..........................................................


THE FLINT MI CLIMATE NORMALS FOR TODAY
                         NORMAL    RECORD    YEAR
 MAXIMUM TEMPERATURE (F)   73       100      1939
 MINIMUM TEMPERATURE (F)   50        38      2011
                                             2010
                                             2007


SUNRISE AND SUNSET
SEPTEMBER 15 2016.....SUNRISE   715 AM EDT   SUNSET   744 PM EDT
SEPTEMBER 16 2016.....SUNRISE   716 AM EDT   SUNSET   742 PM EDT


-  INDICATES NEGATIVE NUMBERS.
R  INDICATES RECORD WAS SET OR TIED.
MM INDICATES DATA IS MISSING.
T  INDICATES TRACE AMOUNT.




$$
