903
CDUS43 KDTX 240536
CLIFNT


CLIMATE REPORT
NATIONAL WEATHER SERVICE DETROIT/PONTIAC MI
136 AM EDT WED MAY 24 2017


...................................

...THE FLINT MI CLIMATE SUMMARY FOR MAY 23 2017...

CLIMATE NORMAL PERIOD 1981 TO 2010
CLIMATE RECORD PERIOD 1921 TO 2017


WEATHER ITEM   OBSERVED TIME   RECORD YEAR NORMAL DEPARTURE LAST
                VALUE   (LST)  VALUE       VALUE  FROM      YEAR
                                                  NORMAL
..................................................................
TEMPERATURE (F)
 YESTERDAY
  MAXIMUM         70    254 PM  88    1936  71     -1       81
                                      1925
  MINIMUM         56   1159 PM  28    1963  48      8       38
  AVERAGE         63                        59      4       60

PRECIPITATION (IN)
  YESTERDAY        0.02          1.90 1952   0.10  -0.08     0.00
  MONTH TO DATE    2.19                      2.28  -0.09     1.64
  SINCE MAR 1     10.59                      7.08   3.51     8.30
  SINCE JAN 1     16.14                     10.19   5.95    12.15

SNOWFALL (IN)
  YESTERDAY        0.0           0.0    MM   0.0    0.0      0.0
  MONTH TO DATE    0.0                       0.0    0.0       T
  SINCE MAR 1      6.9                       8.8   -1.9     18.4
  SINCE JUL 1     39.4                      47.4   -8.0     69.0
  SNOW DEPTH       0

DEGREE DAYS
 HEATING
  YESTERDAY        2                         7     -5        5
  MONTH TO DATE  251                       232     19      207
  SINCE MAR 1   1613                      1751   -138     1486
  SINCE JUL 1   5762                      6839  -1077     5356

 COOLING
  YESTERDAY        0                         1     -1        0
  MONTH TO DATE   17                        15      2        4
  SINCE MAR 1     20                        19      1        5
  SINCE JAN 1     20                        19      1        5
..................................................................


WIND (MPH)
  HIGHEST WIND SPEED    18   HIGHEST WIND DIRECTION    NE (50)
  HIGHEST GUST SPEED    21   HIGHEST GUST DIRECTION    NE (50)
  AVERAGE WIND SPEED     6.9


SKY COVER
  POSSIBLE SUNSHINE  MM
  AVERAGE SKY COVER 0.8


WEATHER CONDITIONS
 THE FOLLOWING WEATHER WAS RECORDED YESTERDAY.
  LIGHT RAIN


RELATIVE HUMIDITY (PERCENT)
 HIGHEST    86          1000 PM
 LOWEST     57           300 PM
 AVERAGE    72

..........................................................


THE FLINT MI CLIMATE NORMALS FOR TODAY
                         NORMAL    RECORD    YEAR
 MAXIMUM TEMPERATURE (F)   71        88      2016
                                             2007
 MINIMUM TEMPERATURE (F)   48        32      1956
                                             1931


SUNRISE AND SUNSET
MAY 24 2017...........SUNRISE   604 AM EDT   SUNSET   901 PM EDT
MAY 25 2017...........SUNRISE   603 AM EDT   SUNSET   902 PM EDT


-  INDICATES NEGATIVE NUMBERS.
R  INDICATES RECORD WAS SET OR TIED.
MM INDICATES DATA IS MISSING.
T  INDICATES TRACE AMOUNT.




$$
