000
CDUS43 KDTX 130550
CLIFNT


CLIMATE REPORT
NATIONAL WEATHER SERVICE DETROIT/PONTIAC MI
1249 AM EST MON NOV 13 2017


...................................

...THE FLINT MI CLIMATE SUMMARY FOR NOVEMBER 12 2017...

CLIMATE NORMAL PERIOD 1981 TO 2010
CLIMATE RECORD PERIOD 1921 TO 2017


WEATHER ITEM   OBSERVED TIME   RECORD YEAR NORMAL DEPARTURE LAST
                VALUE   (LST)  VALUE       VALUE  FROM      YEAR
                                                  NORMAL
..................................................................
TEMPERATURE (F)
 YESTERDAY
  MAXIMUM         38    318 PM  68    2010  49    -11       49
                                      1964
                                      1927
  MINIMUM         32    527 AM  15    1997  32      0       20
  AVERAGE         35                        40     -5       35

PRECIPITATION (IN)
  YESTERDAY        0.11          1.35 1992   0.09   0.02     0.00
  MONTH TO DATE    1.43                      1.08   0.35     0.61
  SINCE SEP 1      6.96                      7.30  -0.34     8.20
  SINCE JAN 1     32.65                     27.86   4.79    27.75

SNOWFALL (IN)
  YESTERDAY        T             1.4  1959   0.1   -0.1      0.0
  MONTH TO DATE    T                         0.4   -0.4      0.0
  SINCE SEP 1      0.1                       0.8   -0.7       T
  SINCE JUL 1      0.1                       0.8   -0.7       T
  SNOW DEPTH       0

DEGREE DAYS
 HEATING
  YESTERDAY       30                        25      5       30
  MONTH TO DATE  335                       272     63      186
  SINCE SEP 1    786                       924   -138      625
  SINCE JUL 1    818                       968   -150      625

 COOLING
  YESTERDAY        0                         0      0        0
  MONTH TO DATE    0                         0      0        0
  SINCE SEP 1    110                        54     56       83
  SINCE JAN 1    567                       531     36     1022
..................................................................


WIND (MPH)
  HIGHEST WIND SPEED     7   HIGHEST WIND DIRECTION     S (200)
  HIGHEST GUST SPEED     9   HIGHEST GUST DIRECTION     S (190)
  AVERAGE WIND SPEED     2.4


SKY COVER
  POSSIBLE SUNSHINE  MM
  AVERAGE SKY COVER 1.0


WEATHER CONDITIONS
 THE FOLLOWING WEATHER WAS RECORDED YESTERDAY.
  LIGHT RAIN
  LIGHT SNOW
  FOG


RELATIVE HUMIDITY (PERCENT)
 HIGHEST   100           800 PM
 LOWEST     49          1200 AM
 AVERAGE    75

..........................................................


THE FLINT MI CLIMATE NORMALS FOR TODAY
                         NORMAL    RECORD    YEAR
 MAXIMUM TEMPERATURE (F)   48        71      1989
 MINIMUM TEMPERATURE (F)   32        12      1986


SUNRISE AND SUNSET
NOVEMBER 13 2017......SUNRISE   725 AM EST   SUNSET   513 PM EST
NOVEMBER 14 2017......SUNRISE   726 AM EST   SUNSET   512 PM EST


-  INDICATES NEGATIVE NUMBERS.
R  INDICATES RECORD WAS SET OR TIED.
MM INDICATES DATA IS MISSING.
T  INDICATES TRACE AMOUNT.




$$
