000
CDUS43 KDTX 260536
CLIFNT


CLIMATE REPORT
NATIONAL WEATHER SERVICE DETROIT/PONTIAC MI
136 AM EDT FRI SEP 26 2014


...................................

...THE FLINT MI CLIMATE SUMMARY FOR SEPTEMBER 25 2014...

CLIMATE NORMAL PERIOD 1981 TO 2010
CLIMATE RECORD PERIOD 1921 TO 2014


WEATHER ITEM   OBSERVED TIME   RECORD YEAR NORMAL DEPARTURE LAST
                VALUE   (LST)  VALUE       VALUE  FROM      YEAR
                                                  NORMAL
..................................................................
TEMPERATURE (F)
 YESTERDAY
  MAXIMUM         77    341 PM  86    1935  69      8       75
                                      1933
  MINIMUM         48    341 AM  30    1947  46      2       38
                                      1942
  AVERAGE         63                        57      6       57

PRECIPITATION (IN)
  YESTERDAY        0.00          2.62 1933   0.12  -0.12     0.00
  MONTH TO DATE    3.17                      3.17   0.00     0.43
  SINCE SEP 1      3.17                      3.17   0.00     0.43
  SINCE JAN 1     30.16                     23.73   6.43    26.02

SNOWFALL (IN)
  YESTERDAY        0.0           0.0    MM   0.0    0.0      0.0
  MONTH TO DATE    0.0                       0.0    0.0      0.0
  SINCE SEP 1      0.0                       0.0    0.0      0.0
  SINCE JUL 1      0.0                       0.0    0.0      0.0
  SNOW DEPTH       0

DEGREE DAYS
 HEATING
  YESTERDAY        2                         8     -6        8
  MONTH TO DATE  124                       117      7      132
  SINCE SEP 1    124                       117      7      132
  SINCE JUL 1    148                       161    -13      154

 COOLING
  YESTERDAY        0                         1     -1        0
  MONTH TO DATE   64                        44     20       73
  SINCE SEP 1     64                        44     20       73
  SINCE JAN 1    596                       521     75      743
..................................................................


WIND (MPH)
  HIGHEST WIND SPEED    10   HIGHEST WIND DIRECTION    SE (150)
  HIGHEST GUST SPEED    16   HIGHEST GUST DIRECTION    SE (120)
  AVERAGE WIND SPEED     3.0


SKY COVER
  POSSIBLE SUNSHINE  MM
  AVERAGE SKY COVER 0.0


WEATHER CONDITIONS
 THE FOLLOWING WEATHER WAS RECORDED YESTERDAY.
  FOG


RELATIVE HUMIDITY (PERCENT)
 HIGHEST    96           700 AM
 LOWEST     40           100 PM
 AVERAGE    68

..........................................................


THE FLINT MI CLIMATE NORMALS FOR TODAY
                         NORMAL    RECORD    YEAR
 MAXIMUM TEMPERATURE (F)   68        90      1998
 MINIMUM TEMPERATURE (F)   46        30      1926


SUNRISE AND SUNSET
SEPTEMBER 26 2014.....SUNRISE   727 AM EDT   SUNSET   725 PM EDT
SEPTEMBER 27 2014.....SUNRISE   728 AM EDT   SUNSET   723 PM EDT


-  INDICATES NEGATIVE NUMBERS.
R  INDICATES RECORD WAS SET OR TIED.
MM INDICATES DATA IS MISSING.
T  INDICATES TRACE AMOUNT.




$$
