000
CDUS43 KDTX 290545
CLIFNT


CLIMATE REPORT
NATIONAL WEATHER SERVICE DETROIT/PONTIAC MI
1245 AM EST TUE NOV 29 2016


...................................

...THE FLINT MI CLIMATE SUMMARY FOR NOVEMBER 28 2016...

CLIMATE NORMAL PERIOD 1981 TO 2010
CLIMATE RECORD PERIOD 1921 TO 2016


WEATHER ITEM   OBSERVED TIME   RECORD YEAR NORMAL DEPARTURE LAST
                VALUE   (LST)  VALUE       VALUE  FROM      YEAR
                                                  NORMAL
..................................................................
TEMPERATURE (F)
 YESTERDAY
  MAXIMUM         49   1159 PM  64    2006  41      8       39
                                      2005
  MINIMUM         35    128 AM   2    1930  27      8       23
  AVERAGE         42                        34      8       31

PRECIPITATION (IN)
  YESTERDAY        0.35          1.64 1968   0.08   0.27     0.00
  MONTH TO DATE    1.96                      2.51  -0.55     2.22
  SINCE SEP 1      9.55                      8.73   0.82     8.01
  SINCE JAN 1     29.10                     29.29  -0.19    27.38

SNOWFALL (IN)
  YESTERDAY        0.0           4.2  1991   0.1   -0.1      0.0
  MONTH TO DATE    T                         2.1   -2.1     10.8
  SINCE SEP 1      T                         2.5   -2.5     10.8
  SINCE JUL 1      T                         2.5   -2.5     10.8
  SNOW DEPTH       0

DEGREE DAYS
 HEATING
  YESTERDAY       23                        31     -8       34
  MONTH TO DATE  568                       721   -153      499
  SINCE SEP 1   1007                      1373   -366      894
  SINCE JUL 1   1007                      1417   -410      916

 COOLING
  YESTERDAY        0                         0      0        0
  MONTH TO DATE    0                         0      0        2
  SINCE SEP 1     83                        54     29      153
  SINCE JAN 1   1022                       531    491      766
..................................................................


WIND (MPH)
  HIGHEST WIND SPEED    30   HIGHEST WIND DIRECTION    SE (150)
  HIGHEST GUST SPEED    38   HIGHEST GUST DIRECTION    SE (130)
  AVERAGE WIND SPEED    15.4


SKY COVER
  POSSIBLE SUNSHINE  MM
  AVERAGE SKY COVER 0.7


WEATHER CONDITIONS
 THE FOLLOWING WEATHER WAS RECORDED YESTERDAY.
  RAIN
  LIGHT RAIN
  FOG


RELATIVE HUMIDITY (PERCENT)
 HIGHEST    93           900 PM
 LOWEST     65          1000 AM
 AVERAGE    79

..........................................................


THE FLINT MI CLIMATE NORMALS FOR TODAY
                         NORMAL    RECORD    YEAR
 MAXIMUM TEMPERATURE (F)   40        68      1941
 MINIMUM TEMPERATURE (F)   26         1      1929


SUNRISE AND SUNSET
NOVEMBER 29 2016......SUNRISE   745 AM EST   SUNSET   502 PM EST
NOVEMBER 30 2016......SUNRISE   746 AM EST   SUNSET   502 PM EST


-  INDICATES NEGATIVE NUMBERS.
R  INDICATES RECORD WAS SET OR TIED.
MM INDICATES DATA IS MISSING.
T  INDICATES TRACE AMOUNT.




$$
