000
CDUS43 KDTX 092132
CLIFNT


CLIMATE REPORT
NATIONAL WEATHER SERVICE DETROIT/PONTIAC MI
432 PM EST THU NOV 9 2017


...................................

...THE FLINT MI CLIMATE SUMMARY FOR NOVEMBER 9 2017...
VALID TODAY AS OF 0400 PM LOCAL TIME.

CLIMATE NORMAL PERIOD 1981 TO 2010
CLIMATE RECORD PERIOD 1921 TO 2017


WEATHER ITEM   OBSERVED TIME   RECORD YEAR NORMAL DEPARTURE LAST
                VALUE   (LST)  VALUE       VALUE  FROM      YEAR
                                                  NORMAL
..................................................................
TEMPERATURE (F)
 TODAY
  MAXIMUM         42    135 PM  73    1999  50     -8       51
  MINIMUM         29   1202 AM  14    1991  33     -4       33
  AVERAGE         36                        42     -6       42

PRECIPITATION (IN)
  TODAY            0.02          1.58 2005   0.09  -0.07      T
  MONTH TO DATE    1.32                      0.81   0.51     0.61
  SINCE SEP 1      6.85                      7.03  -0.18     8.20
  SINCE JAN 1     32.54                     27.59   4.95    27.75

SNOWFALL (IN)
  TODAY            0.0           2.6  1971   0.0    0.0      0.0
  MONTH TO DATE    0.0                       0.2   -0.2      0.0
  SINCE SEP 1      0.1                       0.6   -0.5       T
  SINCE JUL 1      0.1                       0.6   -0.5       T
  SNOW DEPTH       0

DEGREE DAYS
 HEATING
  TODAY           29                        24      5       23
  MONTH TO DATE  219                       199     20      116
  SINCE SEP 1    670                       851   -181      555
  SINCE JUL 1    702                       895   -193      555

 COOLING
  TODAY            0                         0      0        0
  MONTH TO DATE    0                         0      0        0
  SINCE SEP 1    110                        54     56       83
  SINCE JAN 1    567                       531     36     1022
..................................................................


WIND (MPH)
  HIGHEST WIND SPEED    26   HIGHEST WIND DIRECTION     W (270)
  HIGHEST GUST SPEED    34   HIGHEST GUST DIRECTION     W (280)
  AVERAGE WIND SPEED     9.9


SKY COVER
  POSSIBLE SUNSHINE  MM
  AVERAGE SKY COVER 0.7


WEATHER CONDITIONS
 THE FOLLOWING WEATHER WAS RECORDED TODAY.
  LIGHT RAIN
  FOG


RELATIVE HUMIDITY (PERCENT)
 HIGHEST    85          1200 AM
 LOWEST     55          1100 AM
 AVERAGE    70

..........................................................


THE FLINT MI CLIMATE NORMALS FOR TOMORROW
                         NORMAL    RECORD    YEAR
 MAXIMUM TEMPERATURE (F)   49        68      1999
                                             1931
 MINIMUM TEMPERATURE (F)   33        17      2003


SUNRISE AND SUNSET
NOVEMBER  9 2017......SUNRISE   720 AM EST   SUNSET   517 PM EST
NOVEMBER 10 2017......SUNRISE   721 AM EST   SUNSET   516 PM EST


-  INDICATES NEGATIVE NUMBERS.
R  INDICATES RECORD WAS SET OR TIED.
MM INDICATES DATA IS MISSING.
T  INDICATES TRACE AMOUNT.




$$
