000
CDUS43 KDTX 150551
CLIFNT


CLIMATE REPORT
NATIONAL WEATHER SERVICE DETROIT/PONTIAC MI
1251 AM EST WED FEB 15 2017


...................................

...THE FLINT MI CLIMATE SUMMARY FOR FEBRUARY 14 2017...

CLIMATE NORMAL PERIOD 1981 TO 2010
CLIMATE RECORD PERIOD 1921 TO 2017


WEATHER ITEM   OBSERVED TIME   RECORD YEAR NORMAL DEPARTURE LAST
                VALUE   (LST)  VALUE       VALUE  FROM      YEAR
                                                  NORMAL
..................................................................
TEMPERATURE (F)
 YESTERDAY
  MAXIMUM         46    313 PM  52    1939  32     14       19
  MINIMUM         31   1219 AM -10    2016  17     14      -10
  AVERAGE         39                        24     15        5

PRECIPITATION (IN)
  YESTERDAY        0.01          1.60 1950   0.06  -0.05      T
  MONTH TO DATE    0.94                      0.69   0.25     1.15
  SINCE DEC 1      5.66                      4.24   1.42     4.69
  SINCE JAN 1      4.07                      2.32   1.75     2.79

SNOWFALL (IN)
  YESTERDAY        0.1           3.5  1991   0.4   -0.3       T
  MONTH TO DATE    1.5                       5.6   -4.1     11.0
  SINCE DEC 1     32.1                      30.5    1.6     28.1
  SINCE JUL 1     32.1                      33.4   -1.3     38.9
  SNOW DEPTH       T

DEGREE DAYS
 HEATING
  YESTERDAY       26                        41    -15       60
  MONTH TO DATE  523                       582    -59      538
  SINCE DEC 1   2784                      3065   -281     2414
  SINCE JUL 1   3825                      4546   -721     3395

 COOLING
  YESTERDAY        0                         0      0        0
  MONTH TO DATE    0                         0      0        0
  SINCE DEC 1      0                         0      0        0
  SINCE JAN 1      0                         0      0        0
..................................................................


WIND (MPH)
  HIGHEST WIND SPEED    25   HIGHEST WIND DIRECTION     W (280)
  HIGHEST GUST SPEED    32   HIGHEST GUST DIRECTION     W (290)
  AVERAGE WIND SPEED    13.3


SKY COVER
  POSSIBLE SUNSHINE  MM
  AVERAGE SKY COVER 0.3


WEATHER CONDITIONS
 THE FOLLOWING WEATHER WAS RECORDED YESTERDAY.
  LIGHT SNOW
  FOG


RELATIVE HUMIDITY (PERCENT)
 HIGHEST    70          1000 AM
 LOWEST     53           300 PM
 AVERAGE    62

..........................................................


THE FLINT MI CLIMATE NORMALS FOR TODAY
                         NORMAL    RECORD    YEAR
 MAXIMUM TEMPERATURE (F)   33        62      1954
 MINIMUM TEMPERATURE (F)   17       -17      2015


SUNRISE AND SUNSET
FEBRUARY 15 2017......SUNRISE   732 AM EST   SUNSET   607 PM EST
FEBRUARY 16 2017......SUNRISE   731 AM EST   SUNSET   608 PM EST


-  INDICATES NEGATIVE NUMBERS.
R  INDICATES RECORD WAS SET OR TIED.
MM INDICATES DATA IS MISSING.
T  INDICATES TRACE AMOUNT.




$$
