000
CDUS43 KDTX 210540
CLIFNT


CLIMATE REPORT
NATIONAL WEATHER SERVICE DETROIT/PONTIAC MI
140 AM EDT SUN AUG 21 2016


...................................

...THE FLINT MI CLIMATE SUMMARY FOR AUGUST 20 2016...

CLIMATE NORMAL PERIOD 1981 TO 2010
CLIMATE RECORD PERIOD 1921 TO 2016


WEATHER ITEM   OBSERVED TIME   RECORD YEAR NORMAL DEPARTURE LAST
                VALUE   (LST)  VALUE       VALUE  FROM      YEAR
                                                  NORMAL
..................................................................
TEMPERATURE (F)
 YESTERDAY
  MAXIMUM         87    119 PM  94    1955  80      7       76
  MINIMUM         69    628 AM  41    1977  58     11       63
                                      1929
  AVERAGE         78                        69      9       70

PRECIPITATION (IN)
  YESTERDAY        0.09          1.34 2007   0.09   0.00     0.09
  MONTH TO DATE    3.61                      2.06   1.55     2.50
  SINCE JUN 1      6.03                      8.45  -2.42    10.90
  SINCE JAN 1     18.26                     19.44  -1.18    19.02

SNOWFALL (IN)
  YESTERDAY        0.0           0.0    MM   0.0    0.0      0.0
  MONTH TO DATE    0.0                       0.0    0.0      0.0
  SINCE JUN 1      0.0                       0.0    0.0      0.0
  SINCE JUL 1      0.0                       0.0    0.0      0.0
  SNOW DEPTH       0

DEGREE DAYS
 HEATING
  YESTERDAY        0                         1     -1        0
  MONTH TO DATE    0                        19    -19        0
  SINCE JUN 1     28                       100    -72       36
  SINCE JUL 1      0                        34    -34        8

 COOLING
  YESTERDAY       13                         5      8        5
  MONTH TO DATE  262                       105    157      164
  SINCE JUN 1    789                       404    385      506
  SINCE JAN 1    868                       436    432      581
..................................................................


WIND (MPH)
  HIGHEST WIND SPEED    23   HIGHEST WIND DIRECTION     W (270)
  HIGHEST GUST SPEED    29   HIGHEST GUST DIRECTION     W (260)
  AVERAGE WIND SPEED     8.9


SKY COVER
  POSSIBLE SUNSHINE  MM
  AVERAGE SKY COVER 0.4


WEATHER CONDITIONS
 THE FOLLOWING WEATHER WAS RECORDED YESTERDAY.
  LIGHT RAIN


RELATIVE HUMIDITY (PERCENT)
 HIGHEST    90           300 AM
 LOWEST     55           200 PM
 AVERAGE    73

..........................................................


THE FLINT MI CLIMATE NORMALS FOR TODAY
                         NORMAL    RECORD    YEAR
 MAXIMUM TEMPERATURE (F)   79        97      1955
 MINIMUM TEMPERATURE (F)   58        41      1950


SUNRISE AND SUNSET
AUGUST 21 2016........SUNRISE   648 AM EDT   SUNSET   827 PM EDT
AUGUST 22 2016........SUNRISE   649 AM EDT   SUNSET   825 PM EDT


-  INDICATES NEGATIVE NUMBERS.
R  INDICATES RECORD WAS SET OR TIED.
MM INDICATES DATA IS MISSING.
T  INDICATES TRACE AMOUNT.




$$
