000
CDUS43 KDTX 160541
CLIFNT


CLIMATE REPORT
NATIONAL WEATHER SERVICE DETROIT/PONTIAC MI
141 AM EDT SUN APR 16 2017


...................................

...THE FLINT MI CLIMATE SUMMARY FOR APRIL 15 2017...

CLIMATE NORMAL PERIOD 1981 TO 2010
CLIMATE RECORD PERIOD 1921 TO 2017


WEATHER ITEM   OBSERVED TIME   RECORD YEAR NORMAL DEPARTURE LAST
                VALUE   (LST)  VALUE       VALUE  FROM      YEAR
                                                  NORMAL
..................................................................
TEMPERATURE (F)
 YESTERDAY
  MAXIMUM         82    308 PM  85    2003  57     25       72
  MINIMUM         49    138 AM  20    1926  35     14       32
  AVERAGE         66                        46     20       52

PRECIPITATION (IN)
  YESTERDAY        0.17          1.29 1976   0.10   0.07     0.00
  MONTH TO DATE    3.00                      1.44   1.56     1.41
  SINCE MAR 1      6.21                      3.35   2.86     5.74
  SINCE JAN 1     11.76                      6.46   5.30     9.59

SNOWFALL (IN)
  YESTERDAY        0.0           0.7  2014   0.1   -0.1      0.0
  MONTH TO DATE    1.5                       1.7   -0.2      6.8
  SINCE MAR 1      6.9                       8.2   -1.3     18.4
  SINCE JUL 1     39.4                      46.8   -7.4     69.0
  SNOW DEPTH       0

DEGREE DAYS
 HEATING
  YESTERDAY        0                        19    -19       13
  MONTH TO DATE  238                       323    -85      389
  SINCE MAR 1   1196                      1280    -84     1103
  SINCE JUL 1   5345                      6368  -1023     4973

 COOLING
  YESTERDAY        1                         0      1        0
  MONTH TO DATE    1                         0      1        0
  SINCE MAR 1      1                         0      1        1
  SINCE JAN 1      1                         0      1        1
..................................................................


WIND (MPH)
  HIGHEST WIND SPEED    28   HIGHEST WIND DIRECTION    SW (240)
  HIGHEST GUST SPEED    38   HIGHEST GUST DIRECTION     W (250)
  AVERAGE WIND SPEED    12.7


SKY COVER
  POSSIBLE SUNSHINE  MM
  AVERAGE SKY COVER 0.5


WEATHER CONDITIONS
 THE FOLLOWING WEATHER WAS RECORDED YESTERDAY.
  RAIN
  LIGHT RAIN
  FOG


RELATIVE HUMIDITY (PERCENT)
 HIGHEST    86           700 AM
 LOWEST     35           400 PM
 AVERAGE    61

..........................................................


THE FLINT MI CLIMATE NORMALS FOR TODAY
                         NORMAL    RECORD    YEAR
 MAXIMUM TEMPERATURE (F)   58        87      2002
 MINIMUM TEMPERATURE (F)   36        19      2014


SUNRISE AND SUNSET
APRIL 16 2017.........SUNRISE   651 AM EDT   SUNSET   819 PM EDT
APRIL 17 2017.........SUNRISE   650 AM EDT   SUNSET   820 PM EDT


-  INDICATES NEGATIVE NUMBERS.
R  INDICATES RECORD WAS SET OR TIED.
MM INDICATES DATA IS MISSING.
T  INDICATES TRACE AMOUNT.




$$
