000
CDUS43 KDTX 160538
CLIFNT


CLIMATE REPORT
NATIONAL WEATHER SERVICE DETROIT/PONTIAC MI
1238 AM EST TUE JAN 16 2018


...................................

...THE FLINT MI CLIMATE SUMMARY FOR JANUARY 15 2018...

CLIMATE NORMAL PERIOD 1981 TO 2010
CLIMATE RECORD PERIOD 1921 TO 2018


WEATHER ITEM   OBSERVED TIME   RECORD YEAR NORMAL DEPARTURE LAST
                VALUE   (LST)  VALUE       VALUE  FROM      YEAR
                                                  NORMAL
..................................................................
TEMPERATURE (F)
 YESTERDAY
  MAXIMUM         19    554 PM  57    1953  29    -10       35
  MINIMUM         14   1159 PM -18    1984  15     -1       13
  AVERAGE         17                        22     -5       24

PRECIPITATION (IN)
  YESTERDAY        0.08          0.86 1932   0.05   0.03     0.00
  MONTH TO DATE    0.74                      0.85  -0.11     1.92
  SINCE DEC 1      2.12                      2.77  -0.65     3.51
  SINCE JAN 1      0.74                      0.85  -0.11     1.92

SNOWFALL (IN)
  YESTERDAY        1.7           2.5  1979   0.4    1.3      0.0
  MONTH TO DATE    8.7                       6.4    2.3      5.6
  SINCE DEC 1     32.0                      18.2   13.8     25.8
  SINCE JUL 1     32.4                      21.1   11.3     25.8
  SNOW DEPTH       4

DEGREE DAYS
 HEATING
  YESTERDAY       48                        43      5       41
  MONTH TO DATE  730                       634     96      604
  SINCE DEC 1   2038                      1798    240     1752
  SINCE JUL 1   3336                      3279     57     2793

 COOLING
  YESTERDAY        0                         0      0        0
  MONTH TO DATE    0                         0      0        0
  SINCE DEC 1      0                         0      0        0
  SINCE JAN 1      0                         0      0        0
..................................................................


WIND (MPH)
  HIGHEST WIND SPEED    16   HIGHEST WIND DIRECTION     E (100)
  HIGHEST GUST SPEED    20   HIGHEST GUST DIRECTION    SE (130)
  AVERAGE WIND SPEED     9.5


SKY COVER
  POSSIBLE SUNSHINE  MM
  AVERAGE SKY COVER 1.0


WEATHER CONDITIONS
 THE FOLLOWING WEATHER WAS RECORDED YESTERDAY.
  LIGHT SNOW
  FOG
  HAZE


RELATIVE HUMIDITY (PERCENT)
 HIGHEST    92          1000 PM
 LOWEST     59           100 AM
 AVERAGE    76

..........................................................


THE FLINT MI CLIMATE NORMALS FOR TODAY
                         NORMAL    RECORD    YEAR
 MAXIMUM TEMPERATURE (F)   29        54      1949
 MINIMUM TEMPERATURE (F)   15       -14      1994
                                             1972


SUNRISE AND SUNSET
JANUARY 16 2018.......SUNRISE   803 AM EST   SUNSET   527 PM EST
JANUARY 17 2018.......SUNRISE   802 AM EST   SUNSET   528 PM EST


-  INDICATES NEGATIVE NUMBERS.
R  INDICATES RECORD WAS SET OR TIED.
MM INDICATES DATA IS MISSING.
T  INDICATES TRACE AMOUNT.




$$
