000
CDUS43 KDTX 180542
CLIFNT


CLIMATE REPORT
NATIONAL WEATHER SERVICE DETROIT/PONTIAC MI
141 AM EDT SAT MAR 18 2017


...................................

...THE FLINT MI CLIMATE SUMMARY FOR MARCH 17 2017...

CLIMATE NORMAL PERIOD 1981 TO 2010
CLIMATE RECORD PERIOD 1921 TO 2017


WEATHER ITEM   OBSERVED TIME   RECORD YEAR NORMAL DEPARTURE LAST
                VALUE   (LST)  VALUE       VALUE  FROM      YEAR
                                                  NORMAL
..................................................................
TEMPERATURE (F)
 YESTERDAY
  MAXIMUM         39   1200 PM  79    2012  44     -5       52
  MINIMUM         17    553 AM  -5    1926  25     -8       41
  AVERAGE         28                        34     -6       47

PRECIPITATION (IN)
  YESTERDAY        0.11          0.66 1980   0.06   0.05      T
  MONTH TO DATE    0.66                      0.95  -0.29     1.56
  SINCE MAR 1      0.66                      0.95  -0.29     1.56
  SINCE JAN 1      6.21                      4.06   2.15     5.41

SNOWFALL (IN)
  YESTERDAY        1.0          12.6  1973   0.2    0.8      0.0
  MONTH TO DATE    4.7                       4.3    0.4     11.2
  SINCE MAR 1      4.7                       4.3    0.4     11.2
  SINCE JUL 1     37.2                      42.9   -5.7     61.8
  SNOW DEPTH       T

DEGREE DAYS
 HEATING
  YESTERDAY       37                        31      6       18
  MONTH TO DATE  612                       571     41      394
  SINCE MAR 1    612                       571     41      394
  SINCE JUL 1   4761                      5659   -898     4264

 COOLING
  YESTERDAY        0                         0      0        0
  MONTH TO DATE    0                         0      0        1
  SINCE MAR 1      0                         0      0        1
  SINCE JAN 1      0                         0      0        1
..................................................................


WIND (MPH)
  HIGHEST WIND SPEED    20   HIGHEST WIND DIRECTION     S (170)
  HIGHEST GUST SPEED    24   HIGHEST GUST DIRECTION     S (170)
  AVERAGE WIND SPEED     8.1


SKY COVER
  POSSIBLE SUNSHINE  MM
  AVERAGE SKY COVER 0.6


WEATHER CONDITIONS
 THE FOLLOWING WEATHER WAS RECORDED YESTERDAY.
  LT FREEZING RAIN
  HEAVY SNOW
  SNOW
  LIGHT SNOW
  FOG
  FOG W/VISIBILITY <= 1/4 MILE
  HAZE


RELATIVE HUMIDITY (PERCENT)
 HIGHEST    96          1100 PM
 LOWEST     40          1200 PM
 AVERAGE    68

..........................................................


THE FLINT MI CLIMATE NORMALS FOR TODAY
                         NORMAL    RECORD    YEAR
 MAXIMUM TEMPERATURE (F)   44        75      2012
 MINIMUM TEMPERATURE (F)   25         3      1959


SUNRISE AND SUNSET
MARCH 18 2017.........SUNRISE   741 AM EDT   SUNSET   745 PM EDT
MARCH 19 2017.........SUNRISE   740 AM EDT   SUNSET   746 PM EDT


-  INDICATES NEGATIVE NUMBERS.
R  INDICATES RECORD WAS SET OR TIED.
MM INDICATES DATA IS MISSING.
T  INDICATES TRACE AMOUNT.




$$
