168
CDUS43 KDTX 130536
CLIFNT


CLIMATE REPORT
NATIONAL WEATHER SERVICE DETROIT/PONTIAC MI
1236 AM EST FRI JAN 13 2017


...................................

...THE FLINT MI CLIMATE SUMMARY FOR JANUARY 12 2017...

CLIMATE NORMAL PERIOD 1981 TO 2010
CLIMATE RECORD PERIOD 1921 TO 2017


WEATHER ITEM   OBSERVED TIME   RECORD YEAR NORMAL DEPARTURE LAST
                VALUE   (LST)  VALUE       VALUE  FROM      YEAR
                                                  NORMAL
..................................................................
TEMPERATURE (F)
 YESTERDAY
  MAXIMUM         37    105 AM  60    2013  29      8       24
  MINIMUM         24   1159 PM -11    1926  15      9       15
  AVERAGE         31                        22      9       20

PRECIPITATION (IN)
  YESTERDAY        0.13          0.72 1960   0.05   0.08     0.08
  MONTH TO DATE    1.92                      0.69   1.23     0.87
  SINCE DEC 1      3.51                      2.61   0.90     2.77
  SINCE JAN 1      1.92                      0.69   1.23     0.87

SNOWFALL (IN)
  YESTERDAY        0.3           4.4  1999   0.4   -0.1      1.9
  MONTH TO DATE    5.6                       5.1    0.5      8.8
  SINCE DEC 1     25.8                      16.9    8.9     11.3
  SINCE JUL 1     25.8                      19.8    6.0     22.1
  SNOW DEPTH       0

DEGREE DAYS
 HEATING
  YESTERDAY       34                        43     -9       45
  MONTH TO DATE  478                       505    -27      436
  SINCE DEC 1   1626                      1669    -43     1173
  SINCE JUL 1   2667                      3150   -483     2154

 COOLING
  YESTERDAY        0                         0      0        0
  MONTH TO DATE    0                         0      0        0
  SINCE DEC 1      0                         0      0        0
  SINCE JAN 1      0                         0      0        0
..................................................................


WIND (MPH)
  HIGHEST WIND SPEED    22   HIGHEST WIND DIRECTION     W (290)
  HIGHEST GUST SPEED    29   HIGHEST GUST DIRECTION     W (290)
  AVERAGE WIND SPEED    11.0


SKY COVER
  POSSIBLE SUNSHINE  MM
  AVERAGE SKY COVER 1.0


WEATHER CONDITIONS
 THE FOLLOWING WEATHER WAS RECORDED YESTERDAY.
  RAIN
  LIGHT RAIN
  FREEZING RAIN
  LT FREEZING RAIN
  LIGHT SNOW
  FOG


RELATIVE HUMIDITY (PERCENT)
 HIGHEST   100          1200 AM
 LOWEST     75          1000 PM
 AVERAGE    88

..........................................................


THE FLINT MI CLIMATE NORMALS FOR TODAY
                         NORMAL    RECORD    YEAR
 MAXIMUM TEMPERATURE (F)   29        60      1950
 MINIMUM TEMPERATURE (F)   15        -9      2015


SUNRISE AND SUNSET
JANUARY 13 2017.......SUNRISE   804 AM EST   SUNSET   524 PM EST
JANUARY 14 2017.......SUNRISE   804 AM EST   SUNSET   525 PM EST


-  INDICATES NEGATIVE NUMBERS.
R  INDICATES RECORD WAS SET OR TIED.
MM INDICATES DATA IS MISSING.
T  INDICATES TRACE AMOUNT.




$$
