000
CDUS43 KDTX 180535
CLIFNT


CLIMATE REPORT
NATIONAL WEATHER SERVICE DETROIT/PONTIAC MI
135 AM EDT FRI AUG 18 2017


...................................

...THE FLINT MI CLIMATE SUMMARY FOR AUGUST 17 2017...

CLIMATE NORMAL PERIOD 1981 TO 2010
CLIMATE RECORD PERIOD 1921 TO 2017


WEATHER ITEM   OBSERVED TIME   RECORD YEAR NORMAL DEPARTURE LAST
                VALUE   (LST)  VALUE       VALUE  FROM      YEAR
                                                  NORMAL
..................................................................
TEMPERATURE (F)
 YESTERDAY
  MAXIMUM         82    425 PM  96    1988  80      2       89
  MINIMUM         67    709 AM  43    1954  58      9       63
  AVERAGE         75                        69      6       76

PRECIPITATION (IN)
  YESTERDAY        1.35          3.78 1995   0.10   1.25     0.46
  MONTH TO DATE    3.43                      1.77   1.66     3.47
  SINCE JUN 1      8.81                      8.16   0.65     5.89
  SINCE JAN 1     25.24                     19.15   6.09    18.12

SNOWFALL (IN)
  YESTERDAY        0.0           0.0    MM   0.0    0.0      0.0
  MONTH TO DATE    0.0                       0.0    0.0      0.0
  SINCE JUN 1      0.0                       0.0    0.0      0.0
  SINCE JUL 1      0.0                       0.0    0.0      0.0
  SNOW DEPTH       0

DEGREE DAYS
 HEATING
  YESTERDAY        0                         1     -1        0
  MONTH TO DATE    2                        16    -14        0
  SINCE JUN 1     42                        97    -55       28
  SINCE JUL 1      3                        31    -28        0

 COOLING
  YESTERDAY       10                         5      5       11
  MONTH TO DATE   68                        90    -22      224
  SINCE JUN 1    402                       389     13      751
  SINCE JAN 1    427                       421      6      830
..................................................................


WIND (MPH)
  HIGHEST WIND SPEED    25   HIGHEST WIND DIRECTION     W (260)
  HIGHEST GUST SPEED    38   HIGHEST GUST DIRECTION     W (260)
  AVERAGE WIND SPEED     9.5


SKY COVER
  POSSIBLE SUNSHINE  MM
  AVERAGE SKY COVER 0.7


WEATHER CONDITIONS
 THE FOLLOWING WEATHER WAS RECORDED YESTERDAY.
  HEAVY RAIN
  LIGHT RAIN
  FOG


RELATIVE HUMIDITY (PERCENT)
 HIGHEST    97           900 AM
 LOWEST     57           400 AM
 AVERAGE    77

..........................................................


THE FLINT MI CLIMATE NORMALS FOR TODAY
                         NORMAL    RECORD    YEAR
 MAXIMUM TEMPERATURE (F)   80        99      1947
 MINIMUM TEMPERATURE (F)   58        42      1981
                                             1963


SUNRISE AND SUNSET
AUGUST 18 2017........SUNRISE   644 AM EDT   SUNSET   832 PM EDT
AUGUST 19 2017........SUNRISE   646 AM EDT   SUNSET   831 PM EDT


-  INDICATES NEGATIVE NUMBERS.
R  INDICATES RECORD WAS SET OR TIED.
MM INDICATES DATA IS MISSING.
T  INDICATES TRACE AMOUNT.




$$
