248
CDUS43 KDTX 160537
CLIFNT


CLIMATE REPORT
NATIONAL WEATHER SERVICE DETROIT/PONTIAC MI
1237 AM EST MON JAN 16 2017


...................................

...THE FLINT MI CLIMATE SUMMARY FOR JANUARY 15 2017...

CLIMATE NORMAL PERIOD 1981 TO 2010
CLIMATE RECORD PERIOD 1921 TO 2017


WEATHER ITEM   OBSERVED TIME   RECORD YEAR NORMAL DEPARTURE LAST
                VALUE   (LST)  VALUE       VALUE  FROM      YEAR
                                                  NORMAL
..................................................................
TEMPERATURE (F)
 YESTERDAY
  MAXIMUM         35    313 PM  57    1953  29      6       45
  MINIMUM         13    820 AM -18    1984  15     -2       23
  AVERAGE         24                        22      2       34

PRECIPITATION (IN)
  YESTERDAY        0.00          0.86 1932   0.05  -0.05     0.08
  MONTH TO DATE    1.92                      0.85   1.07     1.05
  SINCE DEC 1      3.51                      2.77   0.74     2.95
  SINCE JAN 1      1.92                      0.85   1.07     1.05

SNOWFALL (IN)
  YESTERDAY        0.0           2.5  1979   0.4   -0.4      0.0
  MONTH TO DATE    5.6                       6.4   -0.8     11.5
  SINCE DEC 1     25.8                      18.2    7.6     14.0
  SINCE JUL 1     25.8                      21.1    4.7     24.8
  SNOW DEPTH       T

DEGREE DAYS
 HEATING
  YESTERDAY       41                        43     -2       31
  MONTH TO DATE  604                       634    -30      555
  SINCE DEC 1   1752                      1798    -46     1292
  SINCE JUL 1   2793                      3279   -486     2273

 COOLING
  YESTERDAY        0                         0      0        0
  MONTH TO DATE    0                         0      0        0
  SINCE DEC 1      0                         0      0        0
  SINCE JAN 1      0                         0      0        0
..................................................................


WIND (MPH)
  HIGHEST WIND SPEED    12   HIGHEST WIND DIRECTION    SW (230)
  HIGHEST GUST SPEED    22   HIGHEST GUST DIRECTION    NW (320)
  AVERAGE WIND SPEED     4.6


SKY COVER
  POSSIBLE SUNSHINE  MM
  AVERAGE SKY COVER 0.0


WEATHER CONDITIONS
 THE FOLLOWING WEATHER WAS RECORDED YESTERDAY.
  FOG


RELATIVE HUMIDITY (PERCENT)
 HIGHEST    96           800 AM
 LOWEST     61           400 PM
 AVERAGE    79

..........................................................


THE FLINT MI CLIMATE NORMALS FOR TODAY
                         NORMAL    RECORD    YEAR
 MAXIMUM TEMPERATURE (F)   29        54      1949
 MINIMUM TEMPERATURE (F)   15       -14      1994
                                             1972


SUNRISE AND SUNSET
JANUARY 16 2017.......SUNRISE   803 AM EST   SUNSET   527 PM EST
JANUARY 17 2017.......SUNRISE   802 AM EST   SUNSET   529 PM EST


-  INDICATES NEGATIVE NUMBERS.
R  INDICATES RECORD WAS SET OR TIED.
MM INDICATES DATA IS MISSING.
T  INDICATES TRACE AMOUNT.




$$
