897
CDUS43 KDTX 100538
CLIFNT


CLIMATE REPORT
NATIONAL WEATHER SERVICE DETROIT/PONTIAC MI
1238 AM EST SUN DEC 10 2017


...................................

...THE FLINT MI CLIMATE SUMMARY FOR DECEMBER 9 2017...

CLIMATE NORMAL PERIOD 1981 TO 2010
CLIMATE RECORD PERIOD 1921 TO 2017


WEATHER ITEM   OBSERVED TIME   RECORD YEAR NORMAL DEPARTURE LAST
                VALUE   (LST)  VALUE       VALUE  FROM      YEAR
                                                  NORMAL
..................................................................
TEMPERATURE (F)
 YESTERDAY
  MAXIMUM         30    111 AM  59    1946  36     -6       32
  MINIMUM         21   1159 PM  -4    1964  23     -2       24
  AVERAGE         26                        29     -3       28

PRECIPITATION (IN)
  YESTERDAY        0.10          0.49 1953   0.07   0.03     0.00
  MONTH TO DATE    0.10                      0.62  -0.52     0.27
  SINCE DEC 1      0.10                      0.62  -0.52     0.27
  SINCE JAN 1     34.43                     30.07   4.36    29.42

SNOWFALL (IN)
  YESTERDAY        1.5           3.5  2005   0.4    1.1      0.0
  MONTH TO DATE    1.5                       2.9   -1.4      2.0
  SINCE DEC 1      1.5                       2.9   -1.4      2.0
  SINCE JUL 1      1.9                       5.8   -3.9      2.0
  SNOW DEPTH       1

DEGREE DAYS
 HEATING
  YESTERDAY       39                        36      3       37
  MONTH TO DATE  276                       306    -30      284
  SINCE DEC 1    276                       306    -30      284
  SINCE JUL 1   1574                      1787   -213     1325

 COOLING
  YESTERDAY        0                         0      0        0
  MONTH TO DATE    0                         0      0        0
  SINCE DEC 1      0                         0      0        0
  SINCE JAN 1    567                       531     36     1022
..................................................................


WIND (MPH)
  HIGHEST WIND SPEED    17   HIGHEST WIND DIRECTION    SW (230)
  HIGHEST GUST SPEED    23   HIGHEST GUST DIRECTION    SW (230)
  AVERAGE WIND SPEED     7.2


SKY COVER
  POSSIBLE SUNSHINE  MM
  AVERAGE SKY COVER 1.0


WEATHER CONDITIONS
 THE FOLLOWING WEATHER WAS RECORDED YESTERDAY.
  LIGHT SNOW
  FOG
  HAZE


RELATIVE HUMIDITY (PERCENT)
 HIGHEST    96           800 AM
 LOWEST     43          1200 AM
 AVERAGE    70

..........................................................


THE FLINT MI CLIMATE NORMALS FOR TODAY
                         NORMAL    RECORD    YEAR
 MAXIMUM TEMPERATURE (F)   36        63      1971
 MINIMUM TEMPERATURE (F)   23        -5      1977


SUNRISE AND SUNSET
DECEMBER 10 2017......SUNRISE   755 AM EST   SUNSET   500 PM EST
DECEMBER 11 2017......SUNRISE   756 AM EST   SUNSET   500 PM EST


-  INDICATES NEGATIVE NUMBERS.
R  INDICATES RECORD WAS SET OR TIED.
MM INDICATES DATA IS MISSING.
T  INDICATES TRACE AMOUNT.




$$
