041
CDUS43 KDTX 220537
CLIFNT


CLIMATE REPORT
NATIONAL WEATHER SERVICE DETROIT/PONTIAC MI
137 AM EDT MON AUG 22 2016


...................................

...THE FLINT MI CLIMATE SUMMARY FOR AUGUST 21 2016...

CLIMATE NORMAL PERIOD 1981 TO 2010
CLIMATE RECORD PERIOD 1921 TO 2016


WEATHER ITEM   OBSERVED TIME   RECORD YEAR NORMAL DEPARTURE LAST
                VALUE   (LST)  VALUE       VALUE  FROM      YEAR
                                                  NORMAL
..................................................................
TEMPERATURE (F)
 YESTERDAY
  MAXIMUM         78   1245 PM  97    1955  79     -1       79
  MINIMUM         61   1043 PM  41    1950  58      3       57
  AVERAGE         70                        68      2       68

PRECIPITATION (IN)
  YESTERDAY        0.01          4.00 1975   0.10  -0.09     0.00
  MONTH TO DATE    3.62                      2.16   1.46     2.50
  SINCE JUN 1      6.04                      8.55  -2.51    10.90
  SINCE JAN 1     18.27                     19.54  -1.27    19.02

SNOWFALL (IN)
  YESTERDAY        0.0           0.0    MM   0.0    0.0      0.0
  MONTH TO DATE    0.0                       0.0    0.0      0.0
  SINCE JUN 1      0.0                       0.0    0.0      0.0
  SINCE JUL 1      0.0                       0.0    0.0      0.0
  SNOW DEPTH       0

DEGREE DAYS
 HEATING
  YESTERDAY        0                         1     -1        0
  MONTH TO DATE    0                        20    -20        0
  SINCE JUN 1     28                       101    -73       36
  SINCE JUL 1      0                        35    -35        8

 COOLING
  YESTERDAY        5                         4      1        3
  MONTH TO DATE  267                       109    158      167
  SINCE JUN 1    794                       408    386      509
  SINCE JAN 1    873                       440    433      584
..................................................................


WIND (MPH)
  HIGHEST WIND SPEED    23   HIGHEST WIND DIRECTION     W (280)
  HIGHEST GUST SPEED    28   HIGHEST GUST DIRECTION    NW (330)
  AVERAGE WIND SPEED    10.8


SKY COVER
  POSSIBLE SUNSHINE  MM
  AVERAGE SKY COVER 0.4


WEATHER CONDITIONS
 THE FOLLOWING WEATHER WAS RECORDED YESTERDAY.
  LIGHT RAIN


RELATIVE HUMIDITY (PERCENT)
 HIGHEST    84           700 AM
 LOWEST     50           100 PM
 AVERAGE    67

..........................................................


THE FLINT MI CLIMATE NORMALS FOR TODAY
                         NORMAL    RECORD    YEAR
 MAXIMUM TEMPERATURE (F)   79        98      1936
 MINIMUM TEMPERATURE (F)   57        40      1923


SUNRISE AND SUNSET
AUGUST 22 2016........SUNRISE   649 AM EDT   SUNSET   825 PM EDT
AUGUST 23 2016........SUNRISE   650 AM EDT   SUNSET   824 PM EDT


-  INDICATES NEGATIVE NUMBERS.
R  INDICATES RECORD WAS SET OR TIED.
MM INDICATES DATA IS MISSING.
T  INDICATES TRACE AMOUNT.




$$
