000
CDUS43 KDTX 190536
CLIFNT


CLIMATE REPORT
NATIONAL WEATHER SERVICE DETROIT/PONTIAC MI
136 AM EDT MON JUN 19 2017


...................................

...THE FLINT MI CLIMATE SUMMARY FOR JUNE 18 2017...

CLIMATE NORMAL PERIOD 1981 TO 2010
CLIMATE RECORD PERIOD 1921 TO 2017


WEATHER ITEM   OBSERVED TIME   RECORD YEAR NORMAL DEPARTURE LAST
                VALUE   (LST)  VALUE       VALUE  FROM      YEAR
                                                  NORMAL
..................................................................
TEMPERATURE (F)
 YESTERDAY
  MAXIMUM         82        MM  97    1994  79      3       93
  MINIMUM         66   1000 PM  41    1999  56     10       55
  AVERAGE         74                        68      6       74

PRECIPITATION (IN)
  YESTERDAY        0.31          1.33 1930   0.11   0.20     0.00
  MONTH TO DATE    1.45                      1.87  -0.42     0.66
  SINCE JUN 1      1.45                      1.87  -0.42     0.66
  SINCE JAN 1     17.88                     12.86   5.02    12.89

SNOWFALL (IN)
  YESTERDAY        0.0           0.0    MM   0.0    0.0      0.0
  MONTH TO DATE    0.0                       0.0    0.0      0.0
  SINCE JUN 1      0.0                       0.0    0.0      0.0
  SINCE JUL 1     39.4                      47.4   -8.0     69.0
  SNOW DEPTH       0

DEGREE DAYS
 HEATING
  YESTERDAY        0                         2     -2        0
  MONTH TO DATE   24                        54    -30       22
  SINCE JUN 1     24                        54    -30       22
  SINCE JUL 1   5812                      6941  -1129     5378

 COOLING
  YESTERDAY        9                         4      5        9
  MONTH TO DATE  105                        51     54       90
  SINCE JUN 1    105                        51     54       90
  SINCE JAN 1    130                        83     47      169
..................................................................


WIND (MPH)
  HIGHEST WIND SPEED    27   HIGHEST WIND DIRECTION     W (280)
  HIGHEST GUST SPEED    37   HIGHEST GUST DIRECTION     W (280)
  AVERAGE WIND SPEED    13.5


SKY COVER
  POSSIBLE SUNSHINE  MM
  AVERAGE SKY COVER 0.5


WEATHER CONDITIONS
 THE FOLLOWING WEATHER WAS RECORDED YESTERDAY.
  THUNDERSTORM
  HEAVY RAIN
  LIGHT RAIN
  FOG


RELATIVE HUMIDITY (PERCENT)
 HIGHEST    97           400 AM
 LOWEST     45           200 PM
 AVERAGE    71

..........................................................


THE FLINT MI CLIMATE NORMALS FOR TODAY
                         NORMAL    RECORD    YEAR
 MAXIMUM TEMPERATURE (F)   79        96      1995
                                             1933
 MINIMUM TEMPERATURE (F)   56        44      2005
                                             1970
                                             1959


SUNRISE AND SUNSET
JUNE 19 2017..........SUNRISE   556 AM EDT   SUNSET   917 PM EDT
JUNE 20 2017..........SUNRISE   556 AM EDT   SUNSET   917 PM EDT


-  INDICATES NEGATIVE NUMBERS.
R  INDICATES RECORD WAS SET OR TIED.
MM INDICATES DATA IS MISSING.
T  INDICATES TRACE AMOUNT.




$$
