077
CDUS43 KDTX 170537
CLIFNT


CLIMATE REPORT
NATIONAL WEATHER SERVICE DETROIT/PONTIAC MI
137 AM EDT WED MAY 17 2017


...................................

...THE FLINT MI CLIMATE SUMMARY FOR MAY 16 2017...

CLIMATE NORMAL PERIOD 1981 TO 2010
CLIMATE RECORD PERIOD 1921 TO 2017


WEATHER ITEM   OBSERVED TIME   RECORD YEAR NORMAL DEPARTURE LAST
                VALUE   (LST)  VALUE       VALUE  FROM      YEAR
                                                  NORMAL
..................................................................
TEMPERATURE (F)
 YESTERDAY
  MAXIMUM         85    512 PM  90    1962  69     16       70
  MINIMUM         50    332 AM  30    1921  45      5       40
  AVERAGE         68                        57     11       55

PRECIPITATION (IN)
  YESTERDAY        0.45          2.16 1974   0.09   0.36      T
  MONTH TO DATE    1.61                      1.57   0.04     1.64
  SINCE MAR 1     10.01                      6.37   3.64     8.30
  SINCE JAN 1     15.56                      9.48   6.08    12.15

SNOWFALL (IN)
  YESTERDAY        0.0           0.0    MM   0.0    0.0      0.0
  MONTH TO DATE    0.0                       0.0    0.0       T
  SINCE MAR 1      6.9                       8.8   -1.9     18.4
  SINCE JUL 1     39.4                      47.4   -8.0     69.0
  SNOW DEPTH       0

DEGREE DAYS
 HEATING
  YESTERDAY        0                         9     -9       10
  MONTH TO DATE  218                       177     41      159
  SINCE MAR 1   1580                      1696   -116     1438
  SINCE JUL 1   5729                      6784  -1055     5308

 COOLING
  YESTERDAY        3                         1      2        0
  MONTH TO DATE    3                         8     -5        4
  SINCE MAR 1      6                        12     -6        5
  SINCE JAN 1      6                        12     -6        5
..................................................................


WIND (MPH)
  HIGHEST WIND SPEED    20   HIGHEST WIND DIRECTION    SW (210)
  HIGHEST GUST SPEED    27   HIGHEST GUST DIRECTION     S (200)
  AVERAGE WIND SPEED     9.1


SKY COVER
  POSSIBLE SUNSHINE  MM
  AVERAGE SKY COVER 0.3


WEATHER CONDITIONS
 THE FOLLOWING WEATHER WAS RECORDED YESTERDAY.
  THUNDERSTORM
  HEAVY RAIN
  LIGHT RAIN
  FOG


RELATIVE HUMIDITY (PERCENT)
 HIGHEST    77           600 AM
 LOWEST     37           500 PM
 AVERAGE    57

..........................................................


THE FLINT MI CLIMATE NORMALS FOR TODAY
                         NORMAL    RECORD    YEAR
 MAXIMUM TEMPERATURE (F)   69        89      1962
 MINIMUM TEMPERATURE (F)   46        29      1973


SUNRISE AND SUNSET
MAY 17 2017...........SUNRISE   610 AM EDT   SUNSET   854 PM EDT
MAY 18 2017...........SUNRISE   609 AM EDT   SUNSET   855 PM EDT


-  INDICATES NEGATIVE NUMBERS.
R  INDICATES RECORD WAS SET OR TIED.
MM INDICATES DATA IS MISSING.
T  INDICATES TRACE AMOUNT.




$$
