000
CDUS43 KDTX 150546
CLIFNT


CLIMATE REPORT
NATIONAL WEATHER SERVICE DETROIT/PONTIAC MI
146 AM EDT WED MAR 15 2017


...................................

...THE FLINT MI CLIMATE SUMMARY FOR MARCH 14 2017...

CLIMATE NORMAL PERIOD 1981 TO 2010
CLIMATE RECORD PERIOD 1921 TO 2017


WEATHER ITEM   OBSERVED TIME   RECORD YEAR NORMAL DEPARTURE LAST
                VALUE   (LST)  VALUE       VALUE  FROM      YEAR
                                                  NORMAL
..................................................................
TEMPERATURE (F)
 YESTERDAY
  MAXIMUM         21    503 PM  76    2012  43    -22       57
                                      1990
  MINIMUM          9    941 PM   5    1993  24    -15       47
                                      1970
  AVERAGE         15                        33    -18       52

PRECIPITATION (IN)
  YESTERDAY        T             1.01 1973   0.06  -0.06      T
  MONTH TO DATE    0.55                      0.78  -0.23     1.41
  SINCE MAR 1      0.55                      0.78  -0.23     1.41
  SINCE JAN 1      6.10                      3.89   2.21     5.26

SNOWFALL (IN)
  YESTERDAY        T             2.8  1987   0.2   -0.2      0.0
  MONTH TO DATE    3.7                       3.7    0.0     11.2
  SINCE MAR 1      3.7                       3.7    0.0     11.2
  SINCE JUL 1     36.2                      42.3   -6.1     61.8
  SNOW DEPTH       2

DEGREE DAYS
 HEATING
  YESTERDAY       50                        32     18       13
  MONTH TO DATE  494                       478     16      348
  SINCE MAR 1    494                       478     16      348
  SINCE JUL 1   4643                      5566   -923     4218

 COOLING
  YESTERDAY        0                         0      0        0
  MONTH TO DATE    0                         0      0        1
  SINCE MAR 1      0                         0      0        1
  SINCE JAN 1      0                         0      0        1
..................................................................


WIND (MPH)
  HIGHEST WIND SPEED    28   HIGHEST WIND DIRECTION     N (350)
  HIGHEST GUST SPEED    35   HIGHEST GUST DIRECTION     N (10)
  AVERAGE WIND SPEED    13.5


SKY COVER
  POSSIBLE SUNSHINE  MM
  AVERAGE SKY COVER 0.4


WEATHER CONDITIONS
 THE FOLLOWING WEATHER WAS RECORDED YESTERDAY.
  LIGHT SNOW
  FOG
  HAZE


RELATIVE HUMIDITY (PERCENT)
 HIGHEST    92           500 AM
 LOWEST     45           400 PM
 AVERAGE    69

..........................................................


THE FLINT MI CLIMATE NORMALS FOR TODAY
                         NORMAL    RECORD    YEAR
 MAXIMUM TEMPERATURE (F)   43        78      1990
 MINIMUM TEMPERATURE (F)   24         3      1960


SUNRISE AND SUNSET
MARCH 15 2017.........SUNRISE   747 AM EDT   SUNSET   742 PM EDT
MARCH 16 2017.........SUNRISE   745 AM EDT   SUNSET   743 PM EDT


-  INDICATES NEGATIVE NUMBERS.
R  INDICATES RECORD WAS SET OR TIED.
MM INDICATES DATA IS MISSING.
T  INDICATES TRACE AMOUNT.




$$
