000
CDUS43 KDTX 230535
CLIFNT


CLIMATE REPORT
NATIONAL WEATHER SERVICE DETROIT/PONTIAC MI
135 AM EDT WED JUL 23 2014


...................................

...THE FLINT MI CLIMATE SUMMARY FOR JULY 22 2014...

CLIMATE NORMAL PERIOD 1981 TO 2010
CLIMATE RECORD PERIOD 1921 TO 2014


WEATHER ITEM   OBSERVED TIME   RECORD YEAR NORMAL DEPARTURE LAST
                VALUE   (LST)  VALUE       VALUE  FROM      YEAR
                                                  NORMAL
..................................................................
TEMPERATURE (F)
 YESTERDAY
  MAXIMUM         89    428 PM  99    1934  82      7       84
  MINIMUM         62    239 AM  47    1947  59      3       67
  AVERAGE         76                        71      5       76

PRECIPITATION (IN)
  YESTERDAY        0.00          2.10 1957   0.12  -0.12      T
  MONTH TO DATE    4.68                      2.27   2.41     0.33
  SINCE JUN 1      7.14                      5.34   1.80     4.84
  SINCE JAN 1     22.09                     16.33   5.76    21.60

SNOWFALL (IN)
  YESTERDAY        0.0           0.0    MM   0.0    0.0      0.0
  MONTH TO DATE    0.0                       0.0    0.0      0.0
  SINCE JUN 1      0.0                       0.0    0.0      0.0
  SINCE JUL 1      0.0                       0.0    0.0      0.0
  SNOW DEPTH       0

DEGREE DAYS
 HEATING
  YESTERDAY        0                         0      0        0
  MONTH TO DATE    8                        10     -2        0
  SINCE JUN 1     30                        76    -46       41
  SINCE JUL 1      8                        10     -2        0

 COOLING
  YESTERDAY       11                         6      5       11
  MONTH TO DATE  108                       132    -24      248
  SINCE JUN 1    260                       244     16      407
  SINCE JAN 1    308                       276     32      486
..................................................................


WIND (MPH)
  HIGHEST WIND SPEED    17   HIGHEST WIND DIRECTION     S (200)
  HIGHEST GUST SPEED    25   HIGHEST GUST DIRECTION     W (260)
  AVERAGE WIND SPEED     8.3


SKY COVER
  POSSIBLE SUNSHINE  MM
  AVERAGE SKY COVER 0.2


WEATHER CONDITIONS
 THE FOLLOWING WEATHER WAS RECORDED YESTERDAY.
  NO SIGNIFICANT WEATHER WAS OBSERVED.


RELATIVE HUMIDITY (PERCENT)
 HIGHEST    78           300 AM
 LOWEST     46           100 PM
 AVERAGE    62

..........................................................


THE FLINT MI CLIMATE NORMALS FOR TODAY
                         NORMAL    RECORD    YEAR
 MAXIMUM TEMPERATURE (F)   82       100      1933
                                             1924
 MINIMUM TEMPERATURE (F)   59        44      1985


SUNRISE AND SUNSET
JULY 23 2014..........SUNRISE   617 AM EDT   SUNSET   905 PM EDT
JULY 24 2014..........SUNRISE   618 AM EDT   SUNSET   905 PM EDT


-  INDICATES NEGATIVE NUMBERS.
R  INDICATES RECORD WAS SET OR TIED.
MM INDICATES DATA IS MISSING.
T  INDICATES TRACE AMOUNT.




$$
