000
CDUS43 KDTX 200536
CLIFNT


CLIMATE REPORT
NATIONAL WEATHER SERVICE DETROIT/PONTIAC MI
135 AM EDT THU APR 20 2017


...................................

...THE FLINT MI CLIMATE SUMMARY FOR APRIL 19 2017...

CLIMATE NORMAL PERIOD 1981 TO 2010
CLIMATE RECORD PERIOD 1921 TO 2017


WEATHER ITEM   OBSERVED TIME   RECORD YEAR NORMAL DEPARTURE LAST
                VALUE   (LST)  VALUE       VALUE  FROM      YEAR
                                                  NORMAL
..................................................................
TEMPERATURE (F)
 YESTERDAY
  MAXIMUM         72    325 PM  83    2005  59     13       65
  MINIMUM         47   1159 PM  22    1926  37     10       45
  AVERAGE         60                        48     12       55

PRECIPITATION (IN)
  YESTERDAY        0.08          1.29 1941   0.10  -0.02     0.00
  MONTH TO DATE    3.08                      1.85   1.23     1.41
  SINCE MAR 1      6.29                      3.76   2.53     5.74
  SINCE JAN 1     11.84                      6.87   4.97     9.59

SNOWFALL (IN)
  YESTERDAY        0.0           0.8    MM   0.1   -0.1      0.0
  MONTH TO DATE    1.5                       2.0   -0.5      6.8
  SINCE MAR 1      6.9                       8.5   -1.6     18.4
  SINCE JUL 1     39.4                      47.1   -7.7     69.0
  SNOW DEPTH       0

DEGREE DAYS
 HEATING
  YESTERDAY        5                        17    -12       10
  MONTH TO DATE  276                       394   -118      411
  SINCE MAR 1   1234                      1351   -117     1125
  SINCE JUL 1   5383                      6439  -1056     4995

 COOLING
  YESTERDAY        0                         0      0        0
  MONTH TO DATE    1                         0      1        0
  SINCE MAR 1      1                         0      1        1
  SINCE JAN 1      1                         0      1        1
..................................................................


WIND (MPH)
  HIGHEST WIND SPEED    22   HIGHEST WIND DIRECTION     E (80)
  HIGHEST GUST SPEED    27   HIGHEST GUST DIRECTION     S (160)
  AVERAGE WIND SPEED    12.4


SKY COVER
  POSSIBLE SUNSHINE  MM
  AVERAGE SKY COVER 0.7


WEATHER CONDITIONS
 THE FOLLOWING WEATHER WAS RECORDED YESTERDAY.
  RAIN
  LIGHT RAIN
  FOG


RELATIVE HUMIDITY (PERCENT)
 HIGHEST    78          1000 AM
 LOWEST     47          1200 AM
 AVERAGE    63

..........................................................


THE FLINT MI CLIMATE NORMALS FOR TODAY
                         NORMAL    RECORD    YEAR
 MAXIMUM TEMPERATURE (F)   59        83      1987
 MINIMUM TEMPERATURE (F)   37        24      1956
                                             1928


SUNRISE AND SUNSET
APRIL 20 2017.........SUNRISE   645 AM EDT   SUNSET   824 PM EDT
APRIL 21 2017.........SUNRISE   643 AM EDT   SUNSET   825 PM EDT


-  INDICATES NEGATIVE NUMBERS.
R  INDICATES RECORD WAS SET OR TIED.
MM INDICATES DATA IS MISSING.
T  INDICATES TRACE AMOUNT.




$$
