000
CDUS43 KDTX 042036
CLIFNT


CLIMATE REPORT
NATIONAL WEATHER SERVICE DETROIT/PONTIAC MI
434 PM EDT FRI APR 4 2014


...................................

...THE FLINT MI CLIMATE SUMMARY FOR APRIL 4 2014...
VALID TODAY AS OF 0400 PM LOCAL TIME.

CLIMATE NORMAL PERIOD 1981 TO 2010
CLIMATE RECORD PERIOD 1921 TO 2014


WEATHER ITEM   OBSERVED TIME   RECORD YEAR NORMAL DEPARTURE LAST
                VALUE   (LST)  VALUE       VALUE  FROM      YEAR
                                                  NORMAL
..................................................................
TEMPERATURE (F)
 TODAY
  MAXIMUM         48    259 PM  77    1921  52     -4       57
  MINIMUM         35    517 AM  13    1995  32      3       30
                                      1926
  AVERAGE         42                        42      0       44

PRECIPITATION (IN)
  TODAY            0.23          1.51 2003   0.08   0.15     0.00
  MONTH TO DATE    0.31                      0.35  -0.04      T
  SINCE MAR 1      1.52                      2.26  -0.74     0.77
  SINCE JAN 1      5.53                      5.37   0.16     6.23

SNOWFALL (IN)
  TODAY            0.0           2.6  1992   0.2   -0.2      0.0
  MONTH TO DATE    0.0                       0.6   -0.6       T
  SINCE MAR 1      9.4                       7.1    2.3      5.1
  SINCE JUL 1     82.6                      45.7   36.9     43.6
  SNOW DEPTH       0

DEGREE DAYS
 HEATING
  TODAY           23                        23      0       21
  MONTH TO DATE   95                        95      0      122
  SINCE MAR 1   1299                      1052    247     1135
  SINCE JUL 1   6820                      6140    680     5788

 COOLING
  TODAY            0                         0      0        0
  MONTH TO DATE    0                         0      0        0
  SINCE MAR 1      0                         0      0        0
  SINCE JAN 1      0                         0      0        0
..................................................................


WIND (MPH)
  HIGHEST WIND SPEED    16   HIGHEST WIND DIRECTION     W (260)
  HIGHEST GUST SPEED    22   HIGHEST GUST DIRECTION     W (250)
  AVERAGE WIND SPEED     9.5


SKY COVER
  POSSIBLE SUNSHINE  MM
  AVERAGE SKY COVER 1.0


WEATHER CONDITIONS
 THE FOLLOWING WEATHER WAS RECORDED TODAY.
  RAIN
  LIGHT RAIN
  FOG


RELATIVE HUMIDITY (PERCENT)
 HIGHEST    93          1100 AM
 LOWEST     82          1200 AM
 AVERAGE    88

..........................................................


THE FLINT MI CLIMATE NORMALS FOR TOMORROW
                         NORMAL    RECORD    YEAR
 MAXIMUM TEMPERATURE (F)   53        80      1921
 MINIMUM TEMPERATURE (F)   32        13      1995


SUNRISE AND SUNSET
APRIL  4 2014.........SUNRISE   712 AM EDT   SUNSET   805 PM EDT
APRIL  5 2014.........SUNRISE   710 AM EDT   SUNSET   806 PM EDT


-  INDICATES NEGATIVE NUMBERS.
R  INDICATES RECORD WAS SET OR TIED.
MM INDICATES DATA IS MISSING.
T  INDICATES TRACE AMOUNT.




$$
