652
CDUS43 KDTX 132137
CLIFNT


CLIMATE REPORT
NATIONAL WEATHER SERVICE DETROIT/PONTIAC MI
427 PM EST TUE FEB 13 2018


...................................

...THE FLINT MI CLIMATE SUMMARY FOR FEBRUARY 13 2018...
VALID TODAY AS OF 0400 PM LOCAL TIME.

CLIMATE NORMAL PERIOD 1981 TO 2010
CLIMATE RECORD PERIOD 1921 TO 2018


WEATHER ITEM   OBSERVED TIME   RECORD YEAR NORMAL DEPARTURE LAST
                VALUE   (LST)  VALUE       VALUE  FROM      YEAR
                                                  NORMAL
..................................................................
TEMPERATURE (F)
 TODAY
  MAXIMUM         28    359 PM  57    1938  32     -4       42
  MINIMUM         -7    210 AM  -8    2015  16    -23       24
  AVERAGE         11                        24    -13       33

PRECIPITATION (IN)
  TODAY            0.00          0.99 1938   0.05  -0.05     0.00
  MONTH TO DATE    1.37                      0.63   0.74     0.93
  SINCE DEC 1      4.61                      4.18   0.43     5.65
  SINCE JAN 1      3.23                      2.26   0.97     4.06

SNOWFALL (IN)
  TODAY            0.0           3.1  1950   0.4   -0.4      0.0
  MONTH TO DATE   21.2                       5.2   16.0      1.4
  SINCE DEC 1     64.7                      30.1   34.6     32.0
  SINCE JUL 1     65.1                      33.0   32.1     32.0
  SNOW DEPTH       0

DEGREE DAYS
 HEATING
  TODAY           54                        41     13       32
  MONTH TO DATE  644                       541    103      497
  SINCE DEC 1   3262                      3024    238     2758
  SINCE JUL 1   4560                      4505     55     3799

 COOLING
  TODAY            0                         0      0        0
  MONTH TO DATE    0                         0      0        0
  SINCE DEC 1      0                         0      0        0
  SINCE JAN 1      0                         0      0        0
..................................................................


WIND (MPH)
  HIGHEST WIND SPEED    14   HIGHEST WIND DIRECTION    SE (150)
  HIGHEST GUST SPEED    16   HIGHEST GUST DIRECTION     S (160)
  AVERAGE WIND SPEED     5.6


SKY COVER
  POSSIBLE SUNSHINE  MM
  AVERAGE SKY COVER 0.2


WEATHER CONDITIONS
 THE FOLLOWING WEATHER WAS RECORDED TODAY.
  NO SIGNIFICANT WEATHER WAS OBSERVED.


RELATIVE HUMIDITY (PERCENT)
 HIGHEST    95           100 AM
 LOWEST     42           400 PM
 AVERAGE    69

..........................................................


THE FLINT MI CLIMATE NORMALS FOR TOMORROW
                         NORMAL    RECORD    YEAR
 MAXIMUM TEMPERATURE (F)   32        52      1939
 MINIMUM TEMPERATURE (F)   17       -10      2016


SUNRISE AND SUNSET
FEBRUARY 13 2018......SUNRISE   735 AM EST   SUNSET   604 PM EST
FEBRUARY 14 2018......SUNRISE   734 AM EST   SUNSET   605 PM EST


-  INDICATES NEGATIVE NUMBERS.
R  INDICATES RECORD WAS SET OR TIED.
MM INDICATES DATA IS MISSING.
T  INDICATES TRACE AMOUNT.




$$
