890
CDUS43 KDTX 160535
CLIFNT


CLIMATE REPORT
NATIONAL WEATHER SERVICE DETROIT/PONTIAC MI
135 AM EDT SAT SEP 16 2017


...................................

...THE FLINT MI CLIMATE SUMMARY FOR SEPTEMBER 15 2017...

CLIMATE NORMAL PERIOD 1981 TO 2010
CLIMATE RECORD PERIOD 1921 TO 2017


WEATHER ITEM   OBSERVED TIME   RECORD YEAR NORMAL DEPARTURE LAST
                VALUE   (LST)  VALUE       VALUE  FROM      YEAR
                                                  NORMAL
..................................................................
TEMPERATURE (F)
 YESTERDAY
  MAXIMUM         79    414 PM 100    1939  73      6       74
  MINIMUM         51    636 AM  38    2011  50      1       45
                                      2010
                                      2007
  AVERAGE         65                        62      3       60

PRECIPITATION (IN)
  YESTERDAY        0.00          0.65 1931   0.13  -0.13     0.00
  MONTH TO DATE    0.52                      1.84  -1.32     0.91
  SINCE SEP 1      0.52                      1.84  -1.32     0.91
  SINCE JAN 1     26.21                     22.40   3.81    20.46

SNOWFALL (IN)
  YESTERDAY        0.0           0.0    MM   0.0    0.0      0.0
  MONTH TO DATE    0.0                       0.0    0.0      0.0
  SINCE SEP 1      0.0                       0.0    0.0      0.0
  SINCE JUL 1      0.0                       0.0    0.0      0.0
  SNOW DEPTH       0

DEGREE DAYS
 HEATING
  YESTERDAY        0                         5     -5        5
  MONTH TO DATE   93                        49     44       21
  SINCE SEP 1     93                        49     44       21
  SINCE JUL 1    125                        93     32       21

 COOLING
  YESTERDAY        0                         1     -1        0
  MONTH TO DATE    5                        34    -29       56
  SINCE SEP 1      5                        34    -29       56
  SINCE JAN 1    462                       511    -49      995
..................................................................


WIND (MPH)
  HIGHEST WIND SPEED    12   HIGHEST WIND DIRECTION     S (190)
  HIGHEST GUST SPEED    13   HIGHEST GUST DIRECTION     S (180)
  AVERAGE WIND SPEED     3.8


SKY COVER
  POSSIBLE SUNSHINE  MM
  AVERAGE SKY COVER 0.1


WEATHER CONDITIONS
 THE FOLLOWING WEATHER WAS RECORDED YESTERDAY.
  FOG
  FOG W/VISIBILITY <= 1/4 MILE


RELATIVE HUMIDITY (PERCENT)
 HIGHEST   100           400 AM
 LOWEST     52           300 PM
 AVERAGE    76

..........................................................


THE FLINT MI CLIMATE NORMALS FOR TODAY
                         NORMAL    RECORD    YEAR
 MAXIMUM TEMPERATURE (F)   72        96      1939
 MINIMUM TEMPERATURE (F)   50        33      1959


SUNRISE AND SUNSET
SEPTEMBER 16 2017.....SUNRISE   716 AM EDT   SUNSET   743 PM EDT
SEPTEMBER 17 2017.....SUNRISE   717 AM EDT   SUNSET   741 PM EDT


-  INDICATES NEGATIVE NUMBERS.
R  INDICATES RECORD WAS SET OR TIED.
MM INDICATES DATA IS MISSING.
T  INDICATES TRACE AMOUNT.




$$
