507
CDUS43 KDTX 280539
CLIFNT


CLIMATE REPORT
NATIONAL WEATHER SERVICE DETROIT/PONTIAC MI
139 AM EDT THU APR 28 2016


...................................

...THE FLINT MI CLIMATE SUMMARY FOR APRIL 27 2016...

CLIMATE NORMAL PERIOD 1981 TO 2010
CLIMATE RECORD PERIOD 1921 TO 2016


WEATHER ITEM   OBSERVED TIME   RECORD YEAR NORMAL DEPARTURE LAST
                VALUE   (LST)  VALUE       VALUE  FROM      YEAR
                                                  NORMAL
..................................................................
TEMPERATURE (F)
 YESTERDAY
  MAXIMUM         62    301 PM  86    1990  62      0       56
  MINIMUM         31    518 AM  26    1996  39     -8       38
                                      1993
  AVERAGE         47                        51     -4       47

PRECIPITATION (IN)
  YESTERDAY        0.00          0.73 1957   0.10  -0.10      T
                                      1956
  MONTH TO DATE    1.91                      2.60  -0.69     1.50
  SINCE MAR 1      6.24                      4.51   1.73     2.42
  SINCE JAN 1     10.09                      7.62   2.47     4.59

SNOWFALL (IN)
  YESTERDAY        0.0           3.0  1950   0.0    0.0      0.0
  MONTH TO DATE    6.8                       2.2    4.6      0.3
  SINCE MAR 1     18.4                       8.7    9.7      4.8
  SINCE JUL 1     69.0                      47.3   21.7     45.3
  SNOW DEPTH       0

DEGREE DAYS
 HEATING
  YESTERDAY       18                        15      3       18
  MONTH TO DATE  512                       521     -9      452
  SINCE MAR 1   1226                      1478   -252     1442
  SINCE JUL 1   5096                      6566  -1470     6750

 COOLING
  YESTERDAY        0                         0      0        0
  MONTH TO DATE    0                         0      0        0
  SINCE MAR 1      1                         0      1        0
  SINCE JAN 1      1                         0      1        0
..................................................................


WIND (MPH)
  HIGHEST WIND SPEED    18   HIGHEST WIND DIRECTION     E (80)
  HIGHEST GUST SPEED    26   HIGHEST GUST DIRECTION     E (80)
  AVERAGE WIND SPEED     8.5


SKY COVER
  POSSIBLE SUNSHINE  MM
  AVERAGE SKY COVER 0.0


WEATHER CONDITIONS
 THE FOLLOWING WEATHER WAS RECORDED YESTERDAY.
  NO SIGNIFICANT WEATHER WAS OBSERVED.


RELATIVE HUMIDITY (PERCENT)
 HIGHEST    78           600 AM
 LOWEST     28          1200 PM
 AVERAGE    53

..........................................................


THE FLINT MI CLIMATE NORMALS FOR TODAY
                         NORMAL    RECORD    YEAR
 MAXIMUM TEMPERATURE (F)   63        85      1990
                                             1986
 MINIMUM TEMPERATURE (F)   40        24      1946


SUNRISE AND SUNSET
APRIL 28 2016.........SUNRISE   632 AM EDT   SUNSET   833 PM EDT
APRIL 29 2016.........SUNRISE   631 AM EDT   SUNSET   834 PM EDT


-  INDICATES NEGATIVE NUMBERS.
R  INDICATES RECORD WAS SET OR TIED.
MM INDICATES DATA IS MISSING.
T  INDICATES TRACE AMOUNT.




$$
