084
CDUS43 KDTX 162027
CLIFNT


CLIMATE REPORT
NATIONAL WEATHER SERVICE DETROIT/PONTIAC MI
426 PM EDT SUN APR 16 2017


...................................

...THE FLINT MI CLIMATE SUMMARY FOR APRIL 16 2017...
VALID TODAY AS OF 0400 PM LOCAL TIME.

CLIMATE NORMAL PERIOD 1981 TO 2010
CLIMATE RECORD PERIOD 1921 TO 2017


WEATHER ITEM   OBSERVED TIME   RECORD YEAR NORMAL DEPARTURE LAST
                VALUE   (LST)  VALUE       VALUE  FROM      YEAR
                                                  NORMAL
..................................................................
TEMPERATURE (F)
 TODAY
  MAXIMUM         71   1239 AM  87    2002  58     13       77
  MINIMUM         63   1209 PM  19    2014  36     27       41
  AVERAGE         67                        47     20       59

PRECIPITATION (IN)
  TODAY            T             1.81 1972   0.10  -0.10     0.00
  MONTH TO DATE    3.00                      1.54   1.46     1.41
  SINCE MAR 1      6.21                      3.45   2.76     5.74
  SINCE JAN 1     11.76                      6.56   5.20     9.59

SNOWFALL (IN)
  TODAY            0.0           2.5  1961   0.0    0.0      0.0
  MONTH TO DATE    1.5                       1.7   -0.2      6.8
  SINCE MAR 1      6.9                       8.2   -1.3     18.4
  SINCE JUL 1     39.4                      46.8   -7.4     69.0
  SNOW DEPTH       0

DEGREE DAYS
 HEATING
  TODAY            0                        18    -18        6
  MONTH TO DATE  238                       341   -103      395
  SINCE MAR 1   1196                      1298   -102     1109
  SINCE JUL 1   5345                      6386  -1041     4979

 COOLING
  TODAY            2                         0      2        0
  MONTH TO DATE    3                         0      3        0
  SINCE MAR 1      3                         0      3        1
  SINCE JAN 1      3                         0      3        1
..................................................................


WIND (MPH)
  HIGHEST WIND SPEED    24   HIGHEST WIND DIRECTION     W (270)
  HIGHEST GUST SPEED    30   HIGHEST GUST DIRECTION     W (270)
  AVERAGE WIND SPEED    15.6


SKY COVER
  POSSIBLE SUNSHINE  MM
  AVERAGE SKY COVER 0.7


WEATHER CONDITIONS
 THE FOLLOWING WEATHER WAS RECORDED TODAY.
  LIGHT RAIN


RELATIVE HUMIDITY (PERCENT)
 HIGHEST    78          1200 PM
 LOWEST     47          1200 AM
 AVERAGE    63

..........................................................


THE FLINT MI CLIMATE NORMALS FOR TOMORROW
                         NORMAL    RECORD    YEAR
 MAXIMUM TEMPERATURE (F)   58        84      1964
 MINIMUM TEMPERATURE (F)   36        22      1962


SUNRISE AND SUNSET
APRIL 16 2017.........SUNRISE   651 AM EDT   SUNSET   819 PM EDT
APRIL 17 2017.........SUNRISE   650 AM EDT   SUNSET   820 PM EDT


-  INDICATES NEGATIVE NUMBERS.
R  INDICATES RECORD WAS SET OR TIED.
MM INDICATES DATA IS MISSING.
T  INDICATES TRACE AMOUNT.




$$
