379
CDUS43 KDTX 210537
CLIFNT


CLIMATE REPORT
NATIONAL WEATHER SERVICE DETROIT/PONTIAC MI
136 AM EDT FRI JUL 21 2017


...................................

...THE FLINT MI CLIMATE SUMMARY FOR JULY 20 2017...

CLIMATE NORMAL PERIOD 1981 TO 2010
CLIMATE RECORD PERIOD 1921 TO 2017


WEATHER ITEM   OBSERVED TIME   RECORD YEAR NORMAL DEPARTURE LAST
                VALUE   (LST)  VALUE       VALUE  FROM      YEAR
                                                  NORMAL
..................................................................
TEMPERATURE (F)
 YESTERDAY
  MAXIMUM         84    524 PM 102    1930  82      2       93
  MINIMUM         67   1159 PM  41    1965  59      8       56
  AVERAGE         76                        71      5       75

PRECIPITATION (IN)
  YESTERDAY        0.00          2.28 1952   0.11  -0.11     0.00
  MONTH TO DATE    2.25                      2.04   0.21     1.10
  SINCE JUN 1      4.91                      5.11  -0.20     1.77
  SINCE JAN 1     21.34                     16.10   5.24    14.00

SNOWFALL (IN)
  YESTERDAY        0.0           0.0    MM   0.0    0.0      0.0
  MONTH TO DATE    0.0                       0.0    0.0      0.0
  SINCE JUN 1      0.0                       0.0    0.0      0.0
  SINCE JUL 1      0.0                       0.0    0.0      0.0
  SNOW DEPTH       0

DEGREE DAYS
 HEATING
  YESTERDAY        0                         0      0        0
  MONTH TO DATE    0                        10    -10        0
  SINCE JUN 1     39                        76    -37       28
  SINCE JUL 1      0                        10    -10        0

 COOLING
  YESTERDAY       11                         6      5       10
  MONTH TO DATE  133                       120     13      195
  SINCE JUN 1    278                       232     46      373
  SINCE JAN 1    303                       264     39      452
..................................................................


WIND (MPH)
  HIGHEST WIND SPEED    17   HIGHEST WIND DIRECTION     W (280)
  HIGHEST GUST SPEED    22   HIGHEST GUST DIRECTION     W (280)
  AVERAGE WIND SPEED     6.9


SKY COVER
  POSSIBLE SUNSHINE  MM
  AVERAGE SKY COVER 0.2


WEATHER CONDITIONS
 THE FOLLOWING WEATHER WAS RECORDED YESTERDAY.
  NO SIGNIFICANT WEATHER WAS OBSERVED.


RELATIVE HUMIDITY (PERCENT)
 HIGHEST    97          1100 PM
 LOWEST     58           100 PM
 AVERAGE    78

..........................................................


THE FLINT MI CLIMATE NORMALS FOR TODAY
                         NORMAL    RECORD    YEAR
 MAXIMUM TEMPERATURE (F)   82       102      1934
 MINIMUM TEMPERATURE (F)   59        44      1958
                                             1944


SUNRISE AND SUNSET
JULY 21 2017..........SUNRISE   615 AM EDT   SUNSET   907 PM EDT
JULY 22 2017..........SUNRISE   616 AM EDT   SUNSET   906 PM EDT


-  INDICATES NEGATIVE NUMBERS.
R  INDICATES RECORD WAS SET OR TIED.
MM INDICATES DATA IS MISSING.
T  INDICATES TRACE AMOUNT.




$$
