000
CDUS43 KDTX 060536
CLIFNT


CLIMATE REPORT
NATIONAL WEATHER SERVICE DETROIT/PONTIAC MI
136 AM EDT SUN JUL 6 2014


...................................

...THE FLINT MI CLIMATE SUMMARY FOR JULY 5 2014...

CLIMATE NORMAL PERIOD 1981 TO 2010
CLIMATE RECORD PERIOD 1921 TO 2014


WEATHER ITEM   OBSERVED TIME   RECORD YEAR NORMAL DEPARTURE LAST
                VALUE   (LST)  VALUE       VALUE  FROM      YEAR
                                                  NORMAL
..................................................................
TEMPERATURE (F)
 YESTERDAY
  MAXIMUM         80    401 PM 102    1921  82     -2       86
  MINIMUM         51    357 AM  43    1972  59     -8       66
  AVERAGE         66                        70     -4       76

PRECIPITATION (IN)
  YESTERDAY        0.00          1.03 1971   0.10  -0.10     0.00
  MONTH TO DATE    0.86                      0.48   0.38     0.01
  SINCE JUN 1      3.32                      3.55  -0.23     4.52
  SINCE JAN 1     18.27                     14.54   3.73    21.28

SNOWFALL (IN)
  YESTERDAY        0.0           0.0    MM   0.0    0.0      0.0
  MONTH TO DATE    0.0                       0.0    0.0      0.0
  SINCE JUN 1      0.0                       0.0    0.0      0.0
  SINCE JUL 1      0.0                       0.0    0.0      0.0
  SNOW DEPTH       0

DEGREE DAYS
 HEATING
  YESTERDAY        0                         1     -1        0
  MONTH TO DATE    3                         5     -2        0
  SINCE JUN 1     25                        71    -46       41
  SINCE JUL 1      3                         5     -2        0

 COOLING
  YESTERDAY        1                         6     -5       11
  MONTH TO DATE   19                        30    -11       30
  SINCE JUN 1    171                       142     29      189
  SINCE JAN 1    219                       174     45      268
..................................................................


WIND (MPH)
  HIGHEST WIND SPEED    17   HIGHEST WIND DIRECTION    SW (220)
  HIGHEST GUST SPEED    23   HIGHEST GUST DIRECTION    SW (220)
  AVERAGE WIND SPEED     5.5


SKY COVER
  POSSIBLE SUNSHINE  MM
  AVERAGE SKY COVER 0.0


WEATHER CONDITIONS
 THE FOLLOWING WEATHER WAS RECORDED YESTERDAY.
  NO SIGNIFICANT WEATHER WAS OBSERVED.


RELATIVE HUMIDITY (PERCENT)
 HIGHEST    89           400 AM
 LOWEST     33           200 PM
 AVERAGE    61

..........................................................


THE FLINT MI CLIMATE NORMALS FOR TODAY
                         NORMAL    RECORD    YEAR
 MAXIMUM TEMPERATURE (F)   82       101      1988
 MINIMUM TEMPERATURE (F)   59        41      2001


SUNRISE AND SUNSET
JULY  6 2014..........SUNRISE   603 AM EDT   SUNSET   916 PM EDT
JULY  7 2014..........SUNRISE   603 AM EDT   SUNSET   916 PM EDT


-  INDICATES NEGATIVE NUMBERS.
R  INDICATES RECORD WAS SET OR TIED.
MM INDICATES DATA IS MISSING.
T  INDICATES TRACE AMOUNT.




$$
