000
CDUS43 KDTX 250536
CLIFNT


CLIMATE REPORT
NATIONAL WEATHER SERVICE DETROIT/PONTIAC MI
136 AM EDT FRI JUL 25 2014


...................................

...THE FLINT MI CLIMATE SUMMARY FOR JULY 24 2014...

CLIMATE NORMAL PERIOD 1981 TO 2010
CLIMATE RECORD PERIOD 1921 TO 2014


WEATHER ITEM   OBSERVED TIME   RECORD YEAR NORMAL DEPARTURE LAST
                VALUE   (LST)  VALUE       VALUE  FROM      YEAR
                                                  NORMAL
..................................................................
TEMPERATURE (F)
 YESTERDAY
  MAXIMUM         76    600 PM 105    1934  82     -6       74
  MINIMUM         53   1137 PM  45    1953  59     -6       53
  AVERAGE         65                        70     -5       64

PRECIPITATION (IN)
  YESTERDAY        0.00          1.25 2005   0.11  -0.11     0.00
  MONTH TO DATE    4.68                      2.49   2.19     0.72
  SINCE JUN 1      7.14                      5.56   1.58     5.23
  SINCE JAN 1     22.09                     16.55   5.54    21.99

SNOWFALL (IN)
  YESTERDAY        0.0           0.0    MM   0.0    0.0      0.0
  MONTH TO DATE    0.0                       0.0    0.0      0.0
  SINCE JUN 1      0.0                       0.0    0.0      0.0
  SINCE JUL 1      0.0                       0.0    0.0      0.0
  SNOW DEPTH       0

DEGREE DAYS
 HEATING
  YESTERDAY        0                         0      0        1
  MONTH TO DATE    8                        10     -2        1
  SINCE JUN 1     30                        76    -46       42
  SINCE JUL 1      8                        10     -2        1

 COOLING
  YESTERDAY        0                         6     -6        0
  MONTH TO DATE  112                       144    -32      255
  SINCE JUN 1    264                       256      8      414
  SINCE JAN 1    312                       288     24      493
..................................................................


WIND (MPH)
  HIGHEST WIND SPEED    14   HIGHEST WIND DIRECTION     N (360)
  HIGHEST GUST SPEED    17   HIGHEST GUST DIRECTION     N (20)
  AVERAGE WIND SPEED     3.8


SKY COVER
  POSSIBLE SUNSHINE  MM
  AVERAGE SKY COVER 0.3


WEATHER CONDITIONS
 THE FOLLOWING WEATHER WAS RECORDED YESTERDAY.
  NO SIGNIFICANT WEATHER WAS OBSERVED.


RELATIVE HUMIDITY (PERCENT)
 HIGHEST    86           100 AM
 LOWEST     38           100 PM
 AVERAGE    62

..........................................................


THE FLINT MI CLIMATE NORMALS FOR TODAY
                         NORMAL    RECORD    YEAR
 MAXIMUM TEMPERATURE (F)   82       103      1934
 MINIMUM TEMPERATURE (F)   59        47      2013


SUNRISE AND SUNSET
JULY 25 2014..........SUNRISE   619 AM EDT   SUNSET   904 PM EDT
JULY 26 2014..........SUNRISE   620 AM EDT   SUNSET   903 PM EDT


-  INDICATES NEGATIVE NUMBERS.
R  INDICATES RECORD WAS SET OR TIED.
MM INDICATES DATA IS MISSING.
T  INDICATES TRACE AMOUNT.




$$
