000
CDUS43 KDTX 030537
CLIFNT


CLIMATE REPORT
NATIONAL WEATHER SERVICE DETROIT/PONTIAC MI
1237 AM EST WED FEB 3 2016


...................................

...THE FLINT MI CLIMATE SUMMARY FOR FEBRUARY 2 2016...

CLIMATE NORMAL PERIOD 1981 TO 2010
CLIMATE RECORD PERIOD 1921 TO 2016


WEATHER ITEM   OBSERVED TIME   RECORD YEAR NORMAL DEPARTURE LAST
                VALUE   (LST)  VALUE       VALUE  FROM      YEAR
                                                  NORMAL
..................................................................
TEMPERATURE (F)
 YESTERDAY
  MAXIMUM         42    206 PM  53    1973  30     12       18
  MINIMUM         23    515 AM -22    1959  15      8        3
  AVERAGE         33                        23     10       11

PRECIPITATION (IN)
  YESTERDAY        0.29          0.69 2011   0.04   0.25     0.07
  MONTH TO DATE    0.30                      0.09   0.21     0.53
  SINCE DEC 1      3.84                      3.64   0.20     3.47
  SINCE JAN 1      1.94                      1.72   0.22     1.83

SNOWFALL (IN)
  YESTERDAY        0.0           8.3  2011   0.4   -0.4      1.2
  MONTH TO DATE    0.0                       0.8   -0.8      9.2
  SINCE DEC 1     17.1                      25.7   -8.6     22.9
  SINCE JUL 1     27.9                      28.6   -0.7     32.3
  SNOW DEPTH       0

DEGREE DAYS
 HEATING
  YESTERDAY       32                        42    -10       54
  MONTH TO DATE   60                        84    -24       96
  SINCE DEC 1   1936                      2567   -631     2444
  SINCE JUL 1   2917                      4048  -1131     3908

 COOLING
  YESTERDAY        0                         0      0        0
  MONTH TO DATE    0                         0      0        0
  SINCE DEC 1      0                         0      0        0
  SINCE JAN 1      0                         0      0        0
..................................................................


WIND (MPH)
  HIGHEST WIND SPEED    24   HIGHEST WIND DIRECTION     E (80)
  HIGHEST GUST SPEED    32   HIGHEST GUST DIRECTION     E (110)
  AVERAGE WIND SPEED    10.1


SKY COVER
  POSSIBLE SUNSHINE  MM
  AVERAGE SKY COVER 0.6


WEATHER CONDITIONS
 THE FOLLOWING WEATHER WAS RECORDED YESTERDAY.
  LIGHT RAIN
  FOG
  FOG W/VISIBILITY <= 1/4 MILE
  HAZE


RELATIVE HUMIDITY (PERCENT)
 HIGHEST    89          1000 AM
 LOWEST     60           300 PM
 AVERAGE    75

..........................................................


THE FLINT MI CLIMATE NORMALS FOR TODAY
                         NORMAL    RECORD    YEAR
 MAXIMUM TEMPERATURE (F)   30        53      1991
 MINIMUM TEMPERATURE (F)   15       -11      1996


SUNRISE AND SUNSET
FEBRUARY  3 2016......SUNRISE   748 AM EST   SUNSET   550 PM EST
FEBRUARY  4 2016......SUNRISE   747 AM EST   SUNSET   551 PM EST


-  INDICATES NEGATIVE NUMBERS.
R  INDICATES RECORD WAS SET OR TIED.
MM INDICATES DATA IS MISSING.
T  INDICATES TRACE AMOUNT.




$$
