000
CDUS43 KDTX 142130
CLIFNT


CLIMATE REPORT
NATIONAL WEATHER SERVICE DETROIT/PONTIAC MI
428 PM EST SUN DEC 14 2014


...................................

...THE FLINT MI CLIMATE SUMMARY FOR DECEMBER 14 2014...
VALID TODAY AS OF 0400 PM LOCAL TIME.

CLIMATE NORMAL PERIOD 1981 TO 2010
CLIMATE RECORD PERIOD 1921 TO 2014


WEATHER ITEM   OBSERVED TIME   RECORD YEAR NORMAL DEPARTURE LAST
                VALUE   (LST)  VALUE       VALUE  FROM      YEAR
                                                  NORMAL
..................................................................
TEMPERATURE (F)
 TODAY
  MAXIMUM         50    359 PM  63    1975  34     16       22
  MINIMUM         42    420 AM   0    1944  21     21       18
  AVERAGE         46                        28     18       20

PRECIPITATION (IN)
  TODAY            0.00          1.31 1975   0.06  -0.06     0.23
  MONTH TO DATE    0.10                      0.93  -0.83     0.48
  SINCE DEC 1      0.10                      0.93  -0.83     0.48
  SINCE JAN 1     33.88                     30.38   3.50    31.26

SNOWFALL (IN)
  TODAY            0.0           7.1  1951   0.4   -0.4      3.5
  MONTH TO DATE    0.1                       4.8   -4.7      4.8
  SINCE DEC 1      0.1                       4.8   -4.7      4.8
  SINCE JUL 1      9.5                       7.7    1.8      6.4
  SNOW DEPTH       0

DEGREE DAYS
 HEATING
  TODAY           19                        37    -18       45
  MONTH TO DATE  456                       489    -33      546
  SINCE DEC 1    456                       489    -33      546
  SINCE JUL 1   1920                      1970    -50     1945

 COOLING
  TODAY            0                         0      0        0
  MONTH TO DATE    0                         0      0        0
  SINCE DEC 1      0                         0      0        0
  SINCE JAN 1    597                       531     66      758
..................................................................


WIND (MPH)
  HIGHEST WIND SPEED    18   HIGHEST WIND DIRECTION     W (280)
  HIGHEST GUST SPEED    26   HIGHEST GUST DIRECTION     W (280)
  AVERAGE WIND SPEED     9.1


SKY COVER
  POSSIBLE SUNSHINE  MM
  AVERAGE SKY COVER 1.0


WEATHER CONDITIONS
 THE FOLLOWING WEATHER WAS RECORDED TODAY.
  FOG
  HAZE


RELATIVE HUMIDITY (PERCENT)
 HIGHEST    96           600 AM
 LOWEST     80           200 PM
 AVERAGE    88

..........................................................


THE FLINT MI CLIMATE NORMALS FOR TOMORROW
                         NORMAL    RECORD    YEAR
 MAXIMUM TEMPERATURE (F)   34        60      1971
 MINIMUM TEMPERATURE (F)   21        -3      1989


SUNRISE AND SUNSET
DECEMBER 14 2014......SUNRISE   758 AM EST   SUNSET   501 PM EST
DECEMBER 15 2014......SUNRISE   759 AM EST   SUNSET   501 PM EST


-  INDICATES NEGATIVE NUMBERS.
R  INDICATES RECORD WAS SET OR TIED.
MM INDICATES DATA IS MISSING.
T  INDICATES TRACE AMOUNT.




$$
