000
CDUS43 KDTX 202029
CLIFNT


CLIMATE REPORT
NATIONAL WEATHER SERVICE DETROIT/PONTIAC MI
428 PM EDT FRI MAR 20 2015


...................................

...THE FLINT MI CLIMATE SUMMARY FOR MARCH 20 2015...
VALID TODAY AS OF 0400 PM LOCAL TIME.

CLIMATE NORMAL PERIOD 1981 TO 2010
CLIMATE RECORD PERIOD 1921 TO 2015


WEATHER ITEM   OBSERVED TIME   RECORD YEAR NORMAL DEPARTURE LAST
                VALUE   (LST)  VALUE       VALUE  FROM      YEAR
                                                  NORMAL
..................................................................
TEMPERATURE (F)
 TODAY
  MAXIMUM         54    258 PM  84    2012  45      9       39
  MINIMUM         29    643 AM   2    1923  26      3       28
  AVERAGE         42                        36      6       34

PRECIPITATION (IN)
  TODAY            0.00          0.95 1996   0.06  -0.06      T
  MONTH TO DATE    0.26                      1.13  -0.87     0.79
  SINCE MAR 1      0.26                      1.13  -0.87     0.79
  SINCE JAN 1      2.43                      4.24  -1.81     4.80

SNOWFALL (IN)
  TODAY            0.0           8.1  1996   0.2   -0.2       T
  MONTH TO DATE    3.4                       4.9   -1.5      8.6
  SINCE MAR 1      3.4                       4.9   -1.5      8.6
  SINCE JUL 1     43.9                      43.5    0.4     81.8
  SNOW DEPTH       0

DEGREE DAYS
 HEATING
  TODAY           23                        29     -6       31
  MONTH TO DATE  644                       660    -16      832
  SINCE MAR 1    644                       660    -16      832
  SINCE JUL 1   5952                      5748    204     6353

 COOLING
  TODAY            0                         0      0        0
  MONTH TO DATE    0                         0      0        0
  SINCE MAR 1      0                         0      0        0
  SINCE JAN 1      0                         0      0        0
..................................................................


WIND (MPH)
  HIGHEST WIND SPEED    15   HIGHEST WIND DIRECTION     S (200)
  HIGHEST GUST SPEED    20   HIGHEST GUST DIRECTION    SW (210)
  AVERAGE WIND SPEED     5.8


SKY COVER
  POSSIBLE SUNSHINE  MM
  AVERAGE SKY COVER 0.6


WEATHER CONDITIONS
 THE FOLLOWING WEATHER WAS RECORDED TODAY.
  NO SIGNIFICANT WEATHER WAS OBSERVED.


RELATIVE HUMIDITY (PERCENT)
 HIGHEST    63           100 AM
 LOWEST     29           300 PM
 AVERAGE    46

..........................................................


THE FLINT MI CLIMATE NORMALS FOR TOMORROW
                         NORMAL    RECORD    YEAR
 MAXIMUM TEMPERATURE (F)   46        86      2012
 MINIMUM TEMPERATURE (F)   27         7      1965


SUNRISE AND SUNSET
MARCH 20 2015.........SUNRISE   739 AM EDT   SUNSET   747 PM EDT
MARCH 21 2015.........SUNRISE   737 AM EDT   SUNSET   748 PM EDT


-  INDICATES NEGATIVE NUMBERS.
R  INDICATES RECORD WAS SET OR TIED.
MM INDICATES DATA IS MISSING.
T  INDICATES TRACE AMOUNT.




$$
