000
CDUS43 KDTX 270540
CLIFNT


CLIMATE REPORT
NATIONAL WEATHER SERVICE DETROIT/PONTIAC MI
1240 AM EST MON NOV 27 2017


...................................

...THE FLINT MI CLIMATE SUMMARY FOR NOVEMBER 26 2017...

CLIMATE NORMAL PERIOD 1981 TO 2010
CLIMATE RECORD PERIOD 1921 TO 2017


WEATHER ITEM   OBSERVED TIME   RECORD YEAR NORMAL DEPARTURE LAST
                VALUE   (LST)  VALUE       VALUE  FROM      YEAR
                                                  NORMAL
..................................................................
TEMPERATURE (F)
 YESTERDAY
  MAXIMUM         42    429 PM  63    1984  42      0       40
  MINIMUM         21    739 AM  -7    1949  28     -7       36
  AVERAGE         32                        35     -3       38

PRECIPITATION (IN)
  YESTERDAY        0.00          1.03 1965   0.08  -0.08     0.01
  MONTH TO DATE    3.05                      2.35   0.70     1.61
  SINCE SEP 1      8.58                      8.57   0.01     9.20
  SINCE JAN 1     34.27                     29.13   5.14    28.75

SNOWFALL (IN)
  YESTERDAY        0.0           3.6  1972   0.2   -0.2      0.0
  MONTH TO DATE    0.3                       1.8   -1.5       T
  SINCE SEP 1      0.4                       2.2   -1.8       T
  SINCE JUL 1      0.4                       2.2   -1.8       T
  SNOW DEPTH       0

DEGREE DAYS
 HEATING
  YESTERDAY       33                        30      3       27
  MONTH TO DATE  719                       659     60      516
  SINCE SEP 1   1170                      1311   -141      955
  SINCE JUL 1   1202                      1355   -153      955

 COOLING
  YESTERDAY        0                         0      0        0
  MONTH TO DATE    0                         0      0        0
  SINCE SEP 1    110                        54     56       83
  SINCE JAN 1    567                       531     36     1022
..................................................................


WIND (MPH)
  HIGHEST WIND SPEED    18   HIGHEST WIND DIRECTION    SW (240)
  HIGHEST GUST SPEED    26   HIGHEST GUST DIRECTION    SW (240)
  AVERAGE WIND SPEED     8.2


SKY COVER
  POSSIBLE SUNSHINE  MM
  AVERAGE SKY COVER 0.2


WEATHER CONDITIONS
 THE FOLLOWING WEATHER WAS RECORDED YESTERDAY.
  NO SIGNIFICANT WEATHER WAS OBSERVED.


RELATIVE HUMIDITY (PERCENT)
 HIGHEST    88           700 AM
 LOWEST     53           300 PM
 AVERAGE    71

..........................................................


THE FLINT MI CLIMATE NORMALS FOR TODAY
                         NORMAL    RECORD    YEAR
 MAXIMUM TEMPERATURE (F)   41        66      1990
 MINIMUM TEMPERATURE (F)   27         4      1930


SUNRISE AND SUNSET
NOVEMBER 27 2017......SUNRISE   742 AM EST   SUNSET   503 PM EST
NOVEMBER 28 2017......SUNRISE   743 AM EST   SUNSET   502 PM EST


-  INDICATES NEGATIVE NUMBERS.
R  INDICATES RECORD WAS SET OR TIED.
MM INDICATES DATA IS MISSING.
T  INDICATES TRACE AMOUNT.




$$
