000
CDUS43 KDTX 100536
CLIFNT


CLIMATE REPORT
NATIONAL WEATHER SERVICE DETROIT/PONTIAC MI
136 AM EDT WED SEP 10 2014


...................................

...THE FLINT MI CLIMATE SUMMARY FOR SEPTEMBER 9 2014...

CLIMATE NORMAL PERIOD 1981 TO 2010
CLIMATE RECORD PERIOD 1921 TO 2014


WEATHER ITEM   OBSERVED TIME   RECORD YEAR NORMAL DEPARTURE LAST
                VALUE   (LST)  VALUE       VALUE  FROM      YEAR
                                                  NORMAL
..................................................................
TEMPERATURE (F)
 YESTERDAY
  MAXIMUM         81    254 PM  96    1933  75      6       80
  MINIMUM         59    412 AM  38    1995  53      6       49
                                      1949
                                      1930
  AVERAGE         70                        64      6       65

PRECIPITATION (IN)
  YESTERDAY        0.00          1.20 1931   0.12  -0.12     0.01
  MONTH TO DATE    1.10                      1.08   0.02     0.12
  SINCE SEP 1      1.10                      1.08   0.02     0.12
  SINCE JAN 1     28.09                     21.64   6.45    25.71

SNOWFALL (IN)
  YESTERDAY        0.0           0.0    MM   0.0    0.0     MM
  MONTH TO DATE    0.0                       0.0    0.0      0.0
  SINCE SEP 1      0.0                       0.0    0.0      0.0
  SINCE JUL 1      0.0                       0.0    0.0      0.0
  SNOW DEPTH       0

DEGREE DAYS
 HEATING
  YESTERDAY        0                         3     -3        0
  MONTH TO DATE    1                        23    -22       13
  SINCE SEP 1      1                        23    -22       13
  SINCE JUL 1     25                        67    -42       35

 COOLING
  YESTERDAY        5                         2      3        0
  MONTH TO DATE   54                        23     31       17
  SINCE SEP 1     54                        23     31       17
  SINCE JAN 1    586                       500     86      687
..................................................................


WIND (MPH)
  HIGHEST WIND SPEED    13   HIGHEST WIND DIRECTION     S (180)
  HIGHEST GUST SPEED    16   HIGHEST GUST DIRECTION    SW (210)
  AVERAGE WIND SPEED     4.5


SKY COVER
  POSSIBLE SUNSHINE  MM
  AVERAGE SKY COVER 0.1


WEATHER CONDITIONS
 THE FOLLOWING WEATHER WAS RECORDED YESTERDAY.
  HAZE


RELATIVE HUMIDITY (PERCENT)
 HIGHEST    90           600 AM
 LOWEST     45           200 PM
 AVERAGE    68

..........................................................


THE FLINT MI CLIMATE NORMALS FOR TODAY
                         NORMAL    RECORD    YEAR
 MAXIMUM TEMPERATURE (F)   75        96      2013
 MINIMUM TEMPERATURE (F)   52        36      1969
                                             1924


SUNRISE AND SUNSET
SEPTEMBER 10 2014.....SUNRISE   709 AM EDT   SUNSET   754 PM EDT
SEPTEMBER 11 2014.....SUNRISE   710 AM EDT   SUNSET   752 PM EDT


-  INDICATES NEGATIVE NUMBERS.
R  INDICATES RECORD WAS SET OR TIED.
MM INDICATES DATA IS MISSING.
T  INDICATES TRACE AMOUNT.




$$
