803
CDUS43 KDTX 140536
CLIFNT


CLIMATE REPORT
NATIONAL WEATHER SERVICE DETROIT/PONTIAC MI
1235 AM EST SAT JAN 14 2017


...................................

...THE FLINT MI CLIMATE SUMMARY FOR JANUARY 13 2017...

CLIMATE NORMAL PERIOD 1981 TO 2010
CLIMATE RECORD PERIOD 1921 TO 2017


WEATHER ITEM   OBSERVED TIME   RECORD YEAR NORMAL DEPARTURE LAST
                VALUE   (LST)  VALUE       VALUE  FROM      YEAR
                                                  NORMAL
..................................................................
TEMPERATURE (F)
 YESTERDAY
  MAXIMUM         24   1218 AM  60    1950  29     -5       19
  MINIMUM         17    831 AM  -9    2015  15      2       12
  AVERAGE         21                        22     -1       16

PRECIPITATION (IN)
  YESTERDAY        0.00          0.83 2006   0.06  -0.06     0.06
  MONTH TO DATE    1.92                      0.75   1.17     0.93
  SINCE DEC 1      3.51                      2.67   0.84     2.83
  SINCE JAN 1      1.92                      0.75   1.17     0.93

SNOWFALL (IN)
  YESTERDAY        0.0          10.4  1979   0.4   -0.4      2.5
  MONTH TO DATE    5.6                       5.5    0.1     11.3
  SINCE DEC 1     25.8                      17.3    8.5     13.8
  SINCE JUL 1     25.8                      20.2    5.6     24.6
  SNOW DEPTH       T

DEGREE DAYS
 HEATING
  YESTERDAY       44                        43      1       49
  MONTH TO DATE  522                       548    -26      485
  SINCE DEC 1   1670                      1712    -42     1222
  SINCE JUL 1   2711                      3193   -482     2203

 COOLING
  YESTERDAY        0                         0      0        0
  MONTH TO DATE    0                         0      0        0
  SINCE DEC 1      0                         0      0        0
  SINCE JAN 1      0                         0      0        0
..................................................................


WIND (MPH)
  HIGHEST WIND SPEED    21   HIGHEST WIND DIRECTION     W (290)
  HIGHEST GUST SPEED    26   HIGHEST GUST DIRECTION     W (290)
  AVERAGE WIND SPEED     7.5


SKY COVER
  POSSIBLE SUNSHINE  MM
  AVERAGE SKY COVER 0.1


WEATHER CONDITIONS
 THE FOLLOWING WEATHER WAS RECORDED YESTERDAY.
  NO SIGNIFICANT WEATHER WAS OBSERVED.


RELATIVE HUMIDITY (PERCENT)
 HIGHEST    74           900 PM
 LOWEST     57           300 PM
 AVERAGE    66

..........................................................


THE FLINT MI CLIMATE NORMALS FOR TODAY
                         NORMAL    RECORD    YEAR
 MAXIMUM TEMPERATURE (F)   29        56      1995
 MINIMUM TEMPERATURE (F)   15       -19      2015
                                             2009


SUNRISE AND SUNSET
JANUARY 14 2017.......SUNRISE   804 AM EST   SUNSET   525 PM EST
JANUARY 15 2017.......SUNRISE   803 AM EST   SUNSET   526 PM EST


-  INDICATES NEGATIVE NUMBERS.
R  INDICATES RECORD WAS SET OR TIED.
MM INDICATES DATA IS MISSING.
T  INDICATES TRACE AMOUNT.




$$
