000
CDUS43 KDTX 102046
CLIFNT


CLIMATE REPORT
NATIONAL WEATHER SERVICE DETROIT/PONTIAC MI
445 PM EDT SAT SEP 10 2016


...................................

...THE FLINT MI CLIMATE SUMMARY FOR SEPTEMBER 10 2016...
VALID TODAY AS OF 0400 PM LOCAL TIME.

CLIMATE NORMAL PERIOD 1981 TO 2010
CLIMATE RECORD PERIOD 1921 TO 2016


WEATHER ITEM   OBSERVED TIME   RECORD YEAR NORMAL DEPARTURE LAST
                VALUE   (LST)  VALUE       VALUE  FROM      YEAR
                                                  NORMAL
..................................................................
TEMPERATURE (F)
 TODAY
  MAXIMUM         73    117 PM  96    2013  75     -2       80
  MINIMUM         64    724 AM  36    1969  52     12       50
                                      1924
  AVERAGE         69                        63      6       65

PRECIPITATION (IN)
  TODAY            0.37          6.04 1950   0.13   0.24     0.00
  MONTH TO DATE    0.85                      1.21  -0.36     3.11
  SINCE SEP 1      0.85                      1.21  -0.36     3.11
  SINCE JAN 1     20.40                     21.77  -1.37    22.48

SNOWFALL (IN)
  TODAY            0.0           0.0    MM   0.0    0.0      0.0
  MONTH TO DATE    0.0                       0.0    0.0      0.0
  SINCE SEP 1      0.0                       0.0    0.0      0.0
  SINCE JUL 1      0.0                       0.0    0.0      0.0
  SNOW DEPTH       0

DEGREE DAYS
 HEATING
  TODAY            0                         4     -4        0
  MONTH TO DATE    9                        27    -18        0
  SINCE SEP 1      9                        27    -18        0
  SINCE JUL 1      9                        71    -62       22

 COOLING
  TODAY            4                         2      2        0
  MONTH TO DATE   56                        25     31      104
  SINCE SEP 1     56                        25     31      104
  SINCE JAN 1    995                       502    493      717
..................................................................


WIND (MPH)
  HIGHEST WIND SPEED    18   HIGHEST WIND DIRECTION    SW (230)
  HIGHEST GUST SPEED    24   HIGHEST GUST DIRECTION    SW (230)
  AVERAGE WIND SPEED     7.7


SKY COVER
  POSSIBLE SUNSHINE  MM
  AVERAGE SKY COVER 0.8


WEATHER CONDITIONS
 THE FOLLOWING WEATHER WAS RECORDED TODAY.
  LIGHT RAIN
  FOG


RELATIVE HUMIDITY (PERCENT)
 HIGHEST   100           800 AM
 LOWEST     79          1200 AM
 AVERAGE    90

..........................................................


THE FLINT MI CLIMATE NORMALS FOR TOMORROW
                         NORMAL    RECORD    YEAR
 MAXIMUM TEMPERATURE (F)   74        95      1931
 MINIMUM TEMPERATURE (F)   52        36      1958
                                             1943
                                             1924


SUNRISE AND SUNSET
SEPTEMBER 10 2016.....SUNRISE   710 AM EDT   SUNSET   753 PM EDT
SEPTEMBER 11 2016.....SUNRISE   711 AM EDT   SUNSET   751 PM EDT


-  INDICATES NEGATIVE NUMBERS.
R  INDICATES RECORD WAS SET OR TIED.
MM INDICATES DATA IS MISSING.
T  INDICATES TRACE AMOUNT.




$$
