429
CDUS43 KDTX 220545
CLIFNT


CLIMATE REPORT
NATIONAL WEATHER SERVICE DETROIT/PONTIAC MI
145 AM EDT WED MAR 22 2017


...................................

...THE FLINT MI CLIMATE SUMMARY FOR MARCH 21 2017...

CLIMATE NORMAL PERIOD 1981 TO 2010
CLIMATE RECORD PERIOD 1921 TO 2017


WEATHER ITEM   OBSERVED TIME   RECORD YEAR NORMAL DEPARTURE LAST
                VALUE   (LST)  VALUE       VALUE  FROM      YEAR
                                                  NORMAL
..................................................................
TEMPERATURE (F)
 YESTERDAY
  MAXIMUM         52    105 PM  86    2012  46      6       46
  MINIMUM         23   1159 PM   7    1965  27     -4       27
  AVERAGE         38                        36      2       37

PRECIPITATION (IN)
  YESTERDAY        0.00          0.92 1972   0.06  -0.06     0.00
  MONTH TO DATE    0.78                      1.19  -0.41     1.56
  SINCE MAR 1      0.78                      1.19  -0.41     1.56
  SINCE JAN 1      6.33                      4.30   2.03     5.41

SNOWFALL (IN)
  YESTERDAY        0.0           7.2  1983   0.1   -0.1      0.0
  MONTH TO DATE    5.4                       5.0    0.4     11.2
  SINCE MAR 1      5.4                       5.0    0.4     11.2
  SINCE JUL 1     37.9                      43.6   -5.7     61.8
  SNOW DEPTH       0

DEGREE DAYS
 HEATING
  YESTERDAY       27                        29     -2       28
  MONTH TO DATE  716                       689     27      509
  SINCE MAR 1    716                       689     27      509
  SINCE JUL 1   4865                      5777   -912     4379

 COOLING
  YESTERDAY        0                         0      0        0
  MONTH TO DATE    0                         0      0        1
  SINCE MAR 1      0                         0      0        1
  SINCE JAN 1      0                         0      0        1
..................................................................


WIND (MPH)
  HIGHEST WIND SPEED    28   HIGHEST WIND DIRECTION     N (340)
  HIGHEST GUST SPEED    34   HIGHEST GUST DIRECTION    NW (320)
  AVERAGE WIND SPEED    13.2


SKY COVER
  POSSIBLE SUNSHINE  MM
  AVERAGE SKY COVER 0.1


WEATHER CONDITIONS
 THE FOLLOWING WEATHER WAS RECORDED YESTERDAY.
  FOG
  FOG W/VISIBILITY <= 1/4 MILE


RELATIVE HUMIDITY (PERCENT)
 HIGHEST   100           200 AM
 LOWEST     35          1200 PM
 AVERAGE    68

..........................................................


THE FLINT MI CLIMATE NORMALS FOR TODAY
                         NORMAL    RECORD    YEAR
 MAXIMUM TEMPERATURE (F)   46        84      2012
 MINIMUM TEMPERATURE (F)   27         7      1940
                                             1934


SUNRISE AND SUNSET
MARCH 22 2017.........SUNRISE   734 AM EDT   SUNSET   750 PM EDT
MARCH 23 2017.........SUNRISE   732 AM EDT   SUNSET   751 PM EDT


-  INDICATES NEGATIVE NUMBERS.
R  INDICATES RECORD WAS SET OR TIED.
MM INDICATES DATA IS MISSING.
T  INDICATES TRACE AMOUNT.




$$
