814
CDUS43 KDTX 160555
CLIFNT


CLIMATE REPORT
NATIONAL WEATHER SERVICE DETROIT/PONTIAC MI
155 AM EDT SUN JUL 16 2017


...................................

...THE FLINT MI CLIMATE SUMMARY FOR JULY 15 2017...

CLIMATE NORMAL PERIOD 1981 TO 2010
CLIMATE RECORD PERIOD 1921 TO 2017


WEATHER ITEM   OBSERVED TIME   RECORD YEAR NORMAL DEPARTURE LAST
                VALUE   (LST)  VALUE       VALUE  FROM      YEAR
                                                  NORMAL
..................................................................
TEMPERATURE (F)
 YESTERDAY
  MAXIMUM         80    541 PM  99    1977  82     -2       81
  MINIMUM         58    549 AM  41    1960  59     -1       65
  AVERAGE         69                        71     -2       73

PRECIPITATION (IN)
  YESTERDAY        0.00          2.17 1972   0.11  -0.11     0.00
  MONTH TO DATE    2.25                      1.48   0.77     1.09
  SINCE JUN 1      4.91                      4.55   0.36     1.76
  SINCE JAN 1     21.34                     15.54   5.80    13.99

SNOWFALL (IN)
  YESTERDAY        0.0           0.0    MM   0.0    0.0      0.0
  MONTH TO DATE    0.0                       0.0    0.0      0.0
  SINCE JUN 1      0.0                       0.0    0.0      0.0
  SINCE JUL 1      0.0                       0.0    0.0      0.0
  SNOW DEPTH       0

DEGREE DAYS
 HEATING
  YESTERDAY        0                         0      0        0
  MONTH TO DATE    0                        10    -10        0
  SINCE JUN 1     39                        76    -37       28
  SINCE JUL 1      0                        10    -10        0

 COOLING
  YESTERDAY        4                         6     -2        8
  MONTH TO DATE   97                        90      7      154
  SINCE JUN 1    242                       202     40      332
  SINCE JAN 1    267                       234     33      411
..................................................................


WIND (MPH)
  HIGHEST WIND SPEED    14   HIGHEST WIND DIRECTION     W (280)
  HIGHEST GUST SPEED    25   HIGHEST GUST DIRECTION    NW (300)
  AVERAGE WIND SPEED     6.5


SKY COVER
  POSSIBLE SUNSHINE  MM
  AVERAGE SKY COVER 0.1


WEATHER CONDITIONS
 THE FOLLOWING WEATHER WAS RECORDED YESTERDAY.
  NO SIGNIFICANT WEATHER WAS OBSERVED.


RELATIVE HUMIDITY (PERCENT)
 HIGHEST    93           500 AM
 LOWEST     48           200 PM
 AVERAGE    71

..........................................................


THE FLINT MI CLIMATE NORMALS FOR TODAY
                         NORMAL    RECORD    YEAR
 MAXIMUM TEMPERATURE (F)   82        97      2012
                                             1988
                                             1931
 MINIMUM TEMPERATURE (F)   59        45      1945


SUNRISE AND SUNSET
JULY 16 2017..........SUNRISE   611 AM EDT   SUNSET   911 PM EDT
JULY 17 2017..........SUNRISE   611 AM EDT   SUNSET   910 PM EDT


-  INDICATES NEGATIVE NUMBERS.
R  INDICATES RECORD WAS SET OR TIED.
MM INDICATES DATA IS MISSING.
T  INDICATES TRACE AMOUNT.




$$
