000
CDUS43 KDTX 190537
CLIFNT


CLIMATE REPORT
NATIONAL WEATHER SERVICE DETROIT/PONTIAC MI
136 AM EDT WED AUG 19 2015


...................................

...THE FLINT MI CLIMATE SUMMARY FOR AUGUST 18 2015...

CLIMATE NORMAL PERIOD 1981 TO 2010
CLIMATE RECORD PERIOD 1921 TO 2015


WEATHER ITEM   OBSERVED TIME   RECORD YEAR NORMAL DEPARTURE LAST
                VALUE   (LST)  VALUE       VALUE  FROM      YEAR
                                                  NORMAL
..................................................................
TEMPERATURE (F)
 YESTERDAY
  MAXIMUM         87    235 PM  99    1947  80      7       80
  MINIMUM         69    612 AM  42    1981  58     11       62
                                      1963
  AVERAGE         78                        69      9       71

PRECIPITATION (IN)
  YESTERDAY        0.00          2.23 1965   0.10  -0.10     0.00
  MONTH TO DATE    2.32                      1.87   0.45     2.97
  SINCE JUN 1     10.72                      8.26   2.46    11.19
  SINCE JAN 1     18.84                     19.25  -0.41    26.14

SNOWFALL (IN)
  YESTERDAY        0.0           0.0    MM   0.0    0.0      0.0
  MONTH TO DATE    0.0                       0.0    0.0      0.0
  SINCE JUN 1      0.0                       0.0    0.0      0.0
  SINCE JUL 1      0.0                       0.0    0.0      0.0
  SNOW DEPTH       0

DEGREE DAYS
 HEATING
  YESTERDAY        0                         1     -1        0
  MONTH TO DATE    0                        17    -17        7
  SINCE JUN 1     36                        98    -62       46
  SINCE JUL 1      8                        32    -24       24

 COOLING
  YESTERDAY       13                         5      8        6
  MONTH TO DATE  143                        95     48       91
  SINCE JUN 1    485                       394     91      372
  SINCE JAN 1    560                       426    134      420
..................................................................


WIND (MPH)
  HIGHEST WIND SPEED    16   HIGHEST WIND DIRECTION     S (170)
  HIGHEST GUST SPEED    21   HIGHEST GUST DIRECTION    SE (140)
  AVERAGE WIND SPEED     7.7


SKY COVER
  POSSIBLE SUNSHINE  MM
  AVERAGE SKY COVER 0.3


WEATHER CONDITIONS
 THE FOLLOWING WEATHER WAS RECORDED YESTERDAY.
  NO SIGNIFICANT WEATHER WAS OBSERVED.


RELATIVE HUMIDITY (PERCENT)
 HIGHEST    84           400 AM
 LOWEST     51           100 PM
 AVERAGE    68

..........................................................


THE FLINT MI CLIMATE NORMALS FOR TODAY
                         NORMAL    RECORD    YEAR
 MAXIMUM TEMPERATURE (F)   80        96      1934
 MINIMUM TEMPERATURE (F)   58        41      1998


SUNRISE AND SUNSET
AUGUST 19 2015........SUNRISE   645 AM EDT   SUNSET   831 PM EDT
AUGUST 20 2015........SUNRISE   646 AM EDT   SUNSET   830 PM EDT


-  INDICATES NEGATIVE NUMBERS.
R  INDICATES RECORD WAS SET OR TIED.
MM INDICATES DATA IS MISSING.
T  INDICATES TRACE AMOUNT.




$$
