000
CDUS43 KDTX 210549
CLIFNT


CLIMATE REPORT
NATIONAL WEATHER SERVICE DETROIT/PONTIAC MI
1249 AM EST SAT FEB 21 2015


...................................

...THE FLINT MI CLIMATE SUMMARY FOR FEBRUARY 20 2015...

CLIMATE NORMAL PERIOD 1981 TO 2010
CLIMATE RECORD PERIOD 1921 TO 2015


WEATHER ITEM   OBSERVED TIME   RECORD YEAR NORMAL DEPARTURE LAST
                VALUE   (LST)  VALUE       VALUE  FROM      YEAR
                                                  NORMAL
..................................................................
TEMPERATURE (F)
 YESTERDAY
  MAXIMUM         14   1159 PM  61    1930  34    -20       45
  MINIMUM        -25R   638 AM -21    1929  18    -43       28
  AVERAGE         -5                        26    -31       37

PRECIPITATION (IN)
  YESTERDAY        T             0.65 2002   0.06  -0.06     0.29
  MONTH TO DATE    0.79                      1.01  -0.22     1.45
  SINCE DEC 1      3.73                      4.56  -0.83     5.83
  SINCE JAN 1      2.09                      2.64  -0.55     3.98

SNOWFALL (IN)
  YESTERDAY        0.3           6.3  2011   0.4   -0.1      0.1
  MONTH TO DATE   16.1                       7.9    8.2     20.4
  SINCE DEC 1     29.8                      32.8   -3.0     70.2
  SINCE JUL 1     39.2                      35.7    3.5     71.8
  SNOW DEPTH       8

DEGREE DAYS
 HEATING
  YESTERDAY       70                        39     31       28
  MONTH TO DATE 1051                       820    231      985
  SINCE DEC 1   3399                      3303     96     3739
  SINCE JUL 1   4863                      4784     79     5138

 COOLING
  YESTERDAY        0                         0      0        0
  MONTH TO DATE    0                         0      0        0
  SINCE DEC 1      0                         0      0        0
  SINCE JAN 1      0                         0      0        0
..................................................................


WIND (MPH)
  HIGHEST WIND SPEED    18   HIGHEST WIND DIRECTION     S (170)
  HIGHEST GUST SPEED    26   HIGHEST GUST DIRECTION     S (200)
  AVERAGE WIND SPEED     9.1


SKY COVER
  POSSIBLE SUNSHINE  MM
  AVERAGE SKY COVER 0.3


WEATHER CONDITIONS
 THE FOLLOWING WEATHER WAS RECORDED YESTERDAY.
  LIGHT SNOW


RELATIVE HUMIDITY (PERCENT)
 HIGHEST    70           800 AM
 LOWEST     41          1200 PM
 AVERAGE    56

..........................................................


THE FLINT MI CLIMATE NORMALS FOR TODAY
                         NORMAL    RECORD    YEAR
 MAXIMUM TEMPERATURE (F)   34        63      1930
 MINIMUM TEMPERATURE (F)   18        -9      1946


SUNRISE AND SUNSET
FEBRUARY 21 2015......SUNRISE   724 AM EST   SUNSET   614 PM EST
FEBRUARY 22 2015......SUNRISE   722 AM EST   SUNSET   615 PM EST


-  INDICATES NEGATIVE NUMBERS.
R  INDICATES RECORD WAS SET OR TIED.
MM INDICATES DATA IS MISSING.
T  INDICATES TRACE AMOUNT.




$$
