000
CDUS43 KDTX 230536
CLIFNT


CLIMATE REPORT
NATIONAL WEATHER SERVICE DETROIT/PONTIAC MI
136 AM EDT TUE JUN 23 2015


...................................

...THE FLINT MI CLIMATE SUMMARY FOR JUNE 22 2015...

CLIMATE NORMAL PERIOD 1981 TO 2010
CLIMATE RECORD PERIOD 1921 TO 2015


WEATHER ITEM   OBSERVED TIME   RECORD YEAR NORMAL DEPARTURE LAST
                VALUE   (LST)  VALUE       VALUE  FROM      YEAR
                                                  NORMAL
..................................................................
TEMPERATURE (F)
 YESTERDAY
  MAXIMUM         85   1211 PM  96    1923  80      5       83
  MINIMUM         60    518 AM  37    1963  57      3       61
  AVERAGE         73                        68      5       72

PRECIPITATION (IN)
  YESTERDAY        1.29          1.88 1948   0.10   1.19     0.00
  MONTH TO DATE    4.72                      2.28   2.44     1.43
  SINCE JUN 1      4.72                      2.28   2.44     1.43
  SINCE JAN 1     12.84                     13.27  -0.43    16.38

SNOWFALL (IN)
  YESTERDAY        0.0           0.0    MM   0.0    0.0      0.0
  MONTH TO DATE    0.0                       0.0    0.0      0.0
  SINCE JUN 1      0.0                       0.0    0.0      0.0
  SINCE JUL 1     45.3                      47.4   -2.1     83.9
  SNOW DEPTH       0

DEGREE DAYS
 HEATING
  YESTERDAY        0                         1     -1        0
  MONTH TO DATE   26                        58    -32       22
  SINCE JUN 1     26                        58    -32       22
  SINCE JUL 1   6946                      6945      1     7479

 COOLING
  YESTERDAY        8                         5      3        7
  MONTH TO DATE   97                        69     28       89
  SINCE JUN 1     97                        69     28       89
  SINCE JAN 1    172                       101     71      137
..................................................................


WIND (MPH)
  HIGHEST WIND SPEED    31   HIGHEST WIND DIRECTION    SW (240)
  HIGHEST GUST SPEED    40   HIGHEST GUST DIRECTION    SW (240)
  AVERAGE WIND SPEED     9.0


SKY COVER
  POSSIBLE SUNSHINE  MM
  AVERAGE SKY COVER 0.3


WEATHER CONDITIONS
 THE FOLLOWING WEATHER WAS RECORDED YESTERDAY.
  THUNDERSTORM
  RAIN
  FOG
  HAZE


RELATIVE HUMIDITY (PERCENT)
 HIGHEST    90           300 AM
 LOWEST     55           100 PM
 AVERAGE    73

..........................................................


THE FLINT MI CLIMATE NORMALS FOR TODAY
                         NORMAL    RECORD    YEAR
 MAXIMUM TEMPERATURE (F)   80        98      1923
 MINIMUM TEMPERATURE (F)   57        44      1963


SUNRISE AND SUNSET
JUNE 23 2015..........SUNRISE   556 AM EDT   SUNSET   918 PM EDT
JUNE 24 2015..........SUNRISE   557 AM EDT   SUNSET   918 PM EDT


-  INDICATES NEGATIVE NUMBERS.
R  INDICATES RECORD WAS SET OR TIED.
MM INDICATES DATA IS MISSING.
T  INDICATES TRACE AMOUNT.




$$
