000
CDUS43 KDTX 080555
CLIFNT


CLIMATE REPORT
NATIONAL WEATHER SERVICE DETROIT/PONTIAC MI
155 AM EDT MON MAY 8 2017


...................................

...THE FLINT MI CLIMATE SUMMARY FOR MAY 7 2017...

CLIMATE NORMAL PERIOD 1981 TO 2010
CLIMATE RECORD PERIOD 1921 TO 2017


WEATHER ITEM   OBSERVED TIME   RECORD YEAR NORMAL DEPARTURE LAST
                VALUE   (LST)  VALUE       VALUE  FROM      YEAR
                                                  NORMAL
..................................................................
TEMPERATURE (F)
 YESTERDAY
  MAXIMUM         55    459 PM  88    1936  66    -11       71
  MINIMUM         33    553 AM  26    1997  42     -9       46
  AVERAGE         44                        54    -10       59

PRECIPITATION (IN)
  YESTERDAY        0.00          1.25 2010   0.10  -0.10     0.01
  MONTH TO DATE    1.06                      0.69   0.37     0.69
  SINCE MAR 1      9.46                      5.49   3.97     7.35
  SINCE JAN 1     15.01                      8.60   6.41    11.20

SNOWFALL (IN)
  YESTERDAY        0.0           0.0    MM   0.0    0.0      0.0
  MONTH TO DATE    0.0                       0.0    0.0      0.0
  SINCE MAR 1      6.9                       8.8   -1.9     18.4
  SINCE JUL 1     39.4                      47.4   -8.0     69.0
  SNOW DEPTH       0

DEGREE DAYS
 HEATING
  YESTERDAY       21                        11     10        6
  MONTH TO DATE  119                        86     33       72
  SINCE MAR 1   1481                      1605   -124     1351
  SINCE JUL 1   5630                      6693  -1063     5221

 COOLING
  YESTERDAY        0                         0      0        0
  MONTH TO DATE    0                         0      0        0
  SINCE MAR 1      3                         4     -1        1
  SINCE JAN 1      3                         4     -1        1
..................................................................


WIND (MPH)
  HIGHEST WIND SPEED    22   HIGHEST WIND DIRECTION     W (290)
  HIGHEST GUST SPEED    30   HIGHEST GUST DIRECTION    NW (320)
  AVERAGE WIND SPEED    12.2


SKY COVER
  POSSIBLE SUNSHINE  MM
  AVERAGE SKY COVER 0.1


WEATHER CONDITIONS
 THE FOLLOWING WEATHER WAS RECORDED YESTERDAY.
  NO SIGNIFICANT WEATHER WAS OBSERVED.


RELATIVE HUMIDITY (PERCENT)
 HIGHEST    75           600 AM
 LOWEST     29           300 PM
 AVERAGE    52

..........................................................


THE FLINT MI CLIMATE NORMALS FOR TODAY
                         NORMAL    RECORD    YEAR
 MAXIMUM TEMPERATURE (F)   66        88      1936
 MINIMUM TEMPERATURE (F)   43        28      1950
                                             1947
                                             1946


SUNRISE AND SUNSET
MAY  8 2017...........SUNRISE   619 AM EDT   SUNSET   844 PM EDT
MAY  9 2017...........SUNRISE   618 AM EDT   SUNSET   845 PM EDT


-  INDICATES NEGATIVE NUMBERS.
R  INDICATES RECORD WAS SET OR TIED.
MM INDICATES DATA IS MISSING.
T  INDICATES TRACE AMOUNT.




$$
