000
CDUS43 KDTX 062025
CLIFNT


CLIMATE REPORT
NATIONAL WEATHER SERVICE DETROIT/PONTIAC MI
425 PM EDT SUN AUG 6 2017


...................................

...THE FLINT MI CLIMATE SUMMARY FOR AUGUST 6 2017...
VALID TODAY AS OF 0400 PM LOCAL TIME.

CLIMATE NORMAL PERIOD 1981 TO 2010
CLIMATE RECORD PERIOD 1921 TO 2017


WEATHER ITEM   OBSERVED TIME   RECORD YEAR NORMAL DEPARTURE LAST
                VALUE   (LST)  VALUE       VALUE  FROM      YEAR
                                                  NORMAL
..................................................................
TEMPERATURE (F)
 TODAY
  MAXIMUM         76    222 PM 103    1931  81     -5       89
  MINIMUM         52    220 AM  44    1997  59     -7       63
  AVERAGE         64                        70     -6       76

PRECIPITATION (IN)
  TODAY            0.00          1.07 1945   0.10  -0.10     0.00
  MONTH TO DATE    1.28                      0.63   0.65     0.00
  SINCE JUN 1      6.66                      7.02  -0.36     2.42
  SINCE JAN 1     23.09                     18.01   5.08    14.65

SNOWFALL (IN)
  TODAY            0.0           0.0    MM   0.0    0.0      0.0
  MONTH TO DATE    0.0                       0.0    0.0      0.0
  SINCE JUN 1      0.0                       0.0    0.0      0.0
  SINCE JUL 1      0.0                       0.0    0.0      0.0
  SNOW DEPTH       0

DEGREE DAYS
 HEATING
  TODAY            1                         1      0        0
  MONTH TO DATE    2                         5     -3        0
  SINCE JUN 1     42                        86    -44       28
  SINCE JUL 1      3                        20    -17        0

 COOLING
  TODAY            0                         5     -5       11
  MONTH TO DATE   24                        35    -11       80
  SINCE JUN 1    358                       334     24      607
  SINCE JAN 1    383                       366     17      686
..................................................................


WIND (MPH)
  HIGHEST WIND SPEED    12   HIGHEST WIND DIRECTION    SW (210)
  HIGHEST GUST SPEED    15   HIGHEST GUST DIRECTION    SW (230)
  AVERAGE WIND SPEED     3.8


SKY COVER
  POSSIBLE SUNSHINE  MM
  AVERAGE SKY COVER 0.2


WEATHER CONDITIONS
 THE FOLLOWING WEATHER WAS RECORDED TODAY.
  NO SIGNIFICANT WEATHER WAS OBSERVED.


RELATIVE HUMIDITY (PERCENT)
 HIGHEST   100           200 AM
 LOWEST     54           200 PM
 AVERAGE    77

..........................................................


THE FLINT MI CLIMATE NORMALS FOR TOMORROW
                         NORMAL    RECORD    YEAR
 MAXIMUM TEMPERATURE (F)   81        99      1931
 MINIMUM TEMPERATURE (F)   59        46      1989
                                             1929


SUNRISE AND SUNSET
AUGUST  6 2017........SUNRISE   631 AM EDT   SUNSET   849 PM EDT
AUGUST  7 2017........SUNRISE   633 AM EDT   SUNSET   848 PM EDT


-  INDICATES NEGATIVE NUMBERS.
R  INDICATES RECORD WAS SET OR TIED.
MM INDICATES DATA IS MISSING.
T  INDICATES TRACE AMOUNT.




$$
