000
CDUS43 KDTX 170542
CLIFNT


CLIMATE REPORT
NATIONAL WEATHER SERVICE DETROIT/PONTIAC MI
1242 AM EST THU NOV 17 2016


...................................

...THE FLINT MI CLIMATE SUMMARY FOR NOVEMBER 16 2016...

CLIMATE NORMAL PERIOD 1981 TO 2010
CLIMATE RECORD PERIOD 1921 TO 2016


WEATHER ITEM   OBSERVED TIME   RECORD YEAR NORMAL DEPARTURE LAST
                VALUE   (LST)  VALUE       VALUE  FROM      YEAR
                                                  NORMAL
..................................................................
TEMPERATURE (F)
 YESTERDAY
  MAXIMUM         57    244 PM  68    1953  47     10       66
                                      1931
  MINIMUM         30   1157 PM   7    1933  31     -1       35
  AVERAGE         44                        39      5       51

PRECIPITATION (IN)
  YESTERDAY        0.00          0.89 1988   0.09  -0.09     0.00
  MONTH TO DATE    0.61                      1.46  -0.85     0.56
  SINCE SEP 1      8.20                      7.68   0.52     6.35
  SINCE JAN 1     27.75                     28.24  -0.49    25.72

SNOWFALL (IN)
  YESTERDAY        0.0           4.8  1989   0.1   -0.1      0.0
  MONTH TO DATE    0.0                       0.6   -0.6       T
  SINCE SEP 1      T                         1.0   -1.0       T
  SINCE JUL 1      T                         1.0   -1.0       T
  SNOW DEPTH       0

DEGREE DAYS
 HEATING
  YESTERDAY       21                        26     -5       14
  MONTH TO DATE  260                       374   -114      223
  SINCE SEP 1    699                      1026   -327      618
  SINCE JUL 1    699                      1070   -371      640

 COOLING
  YESTERDAY        0                         0      0        0
  MONTH TO DATE    0                         0      0        2
  SINCE SEP 1     83                        54     29      153
  SINCE JAN 1   1022                       531    491      766
..................................................................


WIND (MPH)
  HIGHEST WIND SPEED    13   HIGHEST WIND DIRECTION     W (290)
  HIGHEST GUST SPEED    20   HIGHEST GUST DIRECTION    NW (320)
  AVERAGE WIND SPEED     5.9


SKY COVER
  POSSIBLE SUNSHINE  MM
  AVERAGE SKY COVER 0.3


WEATHER CONDITIONS
 THE FOLLOWING WEATHER WAS RECORDED YESTERDAY.
  FOG


RELATIVE HUMIDITY (PERCENT)
 HIGHEST   100           400 AM
 LOWEST     61           100 PM
 AVERAGE    81

..........................................................


THE FLINT MI CLIMATE NORMALS FOR TODAY
                         NORMAL    RECORD    YEAR
 MAXIMUM TEMPERATURE (F)   46        70      1953
 MINIMUM TEMPERATURE (F)   31         9      1959


SUNRISE AND SUNSET
NOVEMBER 17 2016......SUNRISE   730 AM EST   SUNSET   509 PM EST
NOVEMBER 18 2016......SUNRISE   732 AM EST   SUNSET   508 PM EST


-  INDICATES NEGATIVE NUMBERS.
R  INDICATES RECORD WAS SET OR TIED.
MM INDICATES DATA IS MISSING.
T  INDICATES TRACE AMOUNT.




$$
