000
CDUS43 KDTX 052030
CLIFNT


CLIMATE REPORT
NATIONAL WEATHER SERVICE DETROIT/PONTIAC MI
430 PM EDT THU OCT 5 2017


...................................

...THE FLINT MI CLIMATE SUMMARY FOR OCTOBER 5 2017...
VALID TODAY AS OF 0400 PM LOCAL TIME.

CLIMATE NORMAL PERIOD 1981 TO 2010
CLIMATE RECORD PERIOD 1921 TO 2017


WEATHER ITEM   OBSERVED TIME   RECORD YEAR NORMAL DEPARTURE LAST
                VALUE   (LST)  VALUE       VALUE  FROM      YEAR
                                                  NORMAL
..................................................................
TEMPERATURE (F)
 TODAY
  MAXIMUM         75    257 PM  88    1922  64     11       77
  MINIMUM         41    642 AM  25    2004  43     -2       59
  AVERAGE         58                        53      5       68

PRECIPITATION (IN)
  TODAY            0.00          0.87 1959   0.10  -0.10     0.34
  MONTH TO DATE    0.07                      0.48  -0.41     0.56
  SINCE SEP 1      0.91                      4.23  -3.32     4.97
  SINCE JAN 1     26.60                     24.79   1.81    24.52

SNOWFALL (IN)
  TODAY            0.0           T      MM   0.0    0.0      0.0
  MONTH TO DATE    0.0                       0.0    0.0      0.0
  SINCE SEP 1      0.0                       0.0    0.0      0.0
  SINCE JUL 1      0.0                       0.0    0.0      0.0
  SNOW DEPTH       0

DEGREE DAYS
 HEATING
  TODAY            7                        12     -5        0
  MONTH TO DATE   31                        57    -26       24
  SINCE SEP 1    154                       223    -69       94
  SINCE JUL 1    186                       267    -81       94

 COOLING
  TODAY            0                         0      0        3
  MONTH TO DATE    3                         2      1        3
  SINCE SEP 1     98                        51     47       75
  SINCE JAN 1    555                       528     27     1014
..................................................................


WIND (MPH)
  HIGHEST WIND SPEED    18   HIGHEST WIND DIRECTION     W (280)
  HIGHEST GUST SPEED    22   HIGHEST GUST DIRECTION     W (270)
  AVERAGE WIND SPEED     4.9


SKY COVER
  POSSIBLE SUNSHINE  MM
  AVERAGE SKY COVER 0.0


WEATHER CONDITIONS
 THE FOLLOWING WEATHER WAS RECORDED TODAY.
  FOG


RELATIVE HUMIDITY (PERCENT)
 HIGHEST    96           300 AM
 LOWEST     27           300 PM
 AVERAGE    62

..........................................................


THE FLINT MI CLIMATE NORMALS FOR TOMORROW
                         NORMAL    RECORD    YEAR
 MAXIMUM TEMPERATURE (F)   64        89      1963
 MINIMUM TEMPERATURE (F)   42        26      2003


SUNRISE AND SUNSET
OCTOBER  5 2017.......SUNRISE   737 AM EDT   SUNSET   709 PM EDT
OCTOBER  6 2017.......SUNRISE   738 AM EDT   SUNSET   707 PM EDT


-  INDICATES NEGATIVE NUMBERS.
R  INDICATES RECORD WAS SET OR TIED.
MM INDICATES DATA IS MISSING.
T  INDICATES TRACE AMOUNT.




$$
