000
CDUS43 KDTX 110538
CLIFNT


CLIMATE REPORT
NATIONAL WEATHER SERVICE DETROIT/PONTIAC MI
1238 AM EST THU JAN 11 2018


...................................

...THE FLINT MI CLIMATE SUMMARY FOR JANUARY 10 2018...

CLIMATE NORMAL PERIOD 1981 TO 2010
CLIMATE RECORD PERIOD 1921 TO 2018


WEATHER ITEM   OBSERVED TIME   RECORD YEAR NORMAL DEPARTURE LAST
                VALUE   (LST)  VALUE       VALUE  FROM      YEAR
                                                  NORMAL
..................................................................
TEMPERATURE (F)
 YESTERDAY
  MAXIMUM         49   1159 PM  56    1950  30     19       47
  MINIMUM         25    239 AM -14    1984  16      9       26
  AVERAGE         37                        22     15       37

PRECIPITATION (IN)
  YESTERDAY        0.02          0.75 1924   0.06  -0.04     0.41
  MONTH TO DATE    0.21                      0.58  -0.37     1.14
  SINCE DEC 1      1.59                      2.50  -0.91     2.73
  SINCE JAN 1      0.21                      0.58  -0.37     1.14

SNOWFALL (IN)
  YESTERDAY        T             4.8  1977   0.5   -0.5      4.1
  MONTH TO DATE    2.7                       4.3   -1.6      5.3
  SINCE DEC 1     26.0                      16.1    9.9     25.5
  SINCE JUL 1     26.4                      19.0    7.4     25.5
  SNOW DEPTH       5

DEGREE DAYS
 HEATING
  YESTERDAY       28                        42    -14       28
  MONTH TO DATE  518                       419     99      417
  SINCE DEC 1   1826                      1583    243     1565
  SINCE JUL 1   3124                      3064     60     2606

 COOLING
  YESTERDAY        0                         0      0        0
  MONTH TO DATE    0                         0      0        0
  SINCE DEC 1      0                         0      0        0
  SINCE JAN 1      0                         0      0        0
..................................................................


WIND (MPH)
  HIGHEST WIND SPEED    18   HIGHEST WIND DIRECTION     S (170)
  HIGHEST GUST SPEED    22   HIGHEST GUST DIRECTION     S (190)
  AVERAGE WIND SPEED    11.8


SKY COVER
  POSSIBLE SUNSHINE  MM
  AVERAGE SKY COVER 0.9


WEATHER CONDITIONS
 THE FOLLOWING WEATHER WAS RECORDED YESTERDAY.
  LIGHT RAIN
  LIGHT SNOW
  FOG


RELATIVE HUMIDITY (PERCENT)
 HIGHEST   100          1200 PM
 LOWEST     85           700 AM
 AVERAGE    93

..........................................................


THE FLINT MI CLIMATE NORMALS FOR TODAY
                         NORMAL    RECORD    YEAR
 MAXIMUM TEMPERATURE (F)   30        56      1975
 MINIMUM TEMPERATURE (F)   15       -19      1984


SUNRISE AND SUNSET
JANUARY 11 2018.......SUNRISE   805 AM EST   SUNSET   521 PM EST
JANUARY 12 2018.......SUNRISE   805 AM EST   SUNSET   522 PM EST


-  INDICATES NEGATIVE NUMBERS.
R  INDICATES RECORD WAS SET OR TIED.
MM INDICATES DATA IS MISSING.
T  INDICATES TRACE AMOUNT.




$$
