000
CDUS43 KDTX 090540
CLIFNT


CLIMATE REPORT
NATIONAL WEATHER SERVICE DETROIT/PONTIAC MI
1240 AM EST THU MAR 9 2017


...................................

...THE FLINT MI CLIMATE SUMMARY FOR MARCH 8 2017...

CLIMATE NORMAL PERIOD 1981 TO 2010
CLIMATE RECORD PERIOD 1921 TO 2017


WEATHER ITEM   OBSERVED TIME   RECORD YEAR NORMAL DEPARTURE LAST
                VALUE   (LST)  VALUE       VALUE  FROM      YEAR
                                                  NORMAL
..................................................................
TEMPERATURE (F)
 YESTERDAY
  MAXIMUM         47    317 PM  80    2000  40      7       72
  MINIMUM         35   1156 PM -10    1943  22     13       51
  AVERAGE         41                        31     10       62

PRECIPITATION (IN)
  YESTERDAY        0.00          1.26 1942   0.06  -0.06     0.00
  MONTH TO DATE    0.38                      0.45  -0.07     0.84
  SINCE MAR 1      0.38                      0.45  -0.07     0.84
  SINCE JAN 1      5.93                      3.56   2.37     4.69

SNOWFALL (IN)
  YESTERDAY        0.0           2.8  1961   0.3   -0.3      0.0
  MONTH TO DATE    1.5                       2.3   -0.8     11.2
  SINCE MAR 1      1.5                       2.3   -0.8     11.2
  SINCE JUL 1     34.0                      40.9   -6.9     61.8
  SNOW DEPTH       0

DEGREE DAYS
 HEATING
  YESTERDAY       24                        34    -10        3
  MONTH TO DATE  242                       281    -39      266
  SINCE MAR 1    242                       281    -39      266
  SINCE JUL 1   4391                      5369   -978     4136

 COOLING
  YESTERDAY        0                         0      0        0
  MONTH TO DATE    0                         0      0        0
  SINCE MAR 1      0                         0      0        0
  SINCE JAN 1      0                         0      0        0
..................................................................


WIND (MPH)
  HIGHEST WIND SPEED    44   HIGHEST WIND DIRECTION     W (270)
  HIGHEST GUST SPEED    61   HIGHEST GUST DIRECTION     W (260)
  AVERAGE WIND SPEED    23.6


SKY COVER
  POSSIBLE SUNSHINE  MM
  AVERAGE SKY COVER 0.1


WEATHER CONDITIONS
 THE FOLLOWING WEATHER WAS RECORDED YESTERDAY.
  NO SIGNIFICANT WEATHER WAS OBSERVED.


RELATIVE HUMIDITY (PERCENT)
 HIGHEST    54          1200 AM
 LOWEST     28          1100 AM
 AVERAGE    41

..........................................................


THE FLINT MI CLIMATE NORMALS FOR TODAY
                         NORMAL    RECORD    YEAR
 MAXIMUM TEMPERATURE (F)   40        72      2016
 MINIMUM TEMPERATURE (F)   22        -5      1978


SUNRISE AND SUNSET
MARCH  9 2017.........SUNRISE   657 AM EST   SUNSET   634 PM EST
MARCH 10 2017.........SUNRISE   655 AM EST   SUNSET   636 PM EST


-  INDICATES NEGATIVE NUMBERS.
R  INDICATES RECORD WAS SET OR TIED.
MM INDICATES DATA IS MISSING.
T  INDICATES TRACE AMOUNT.




$$
