000
CDUS43 KDTX 080540
CLIFNT


CLIMATE REPORT
NATIONAL WEATHER SERVICE DETROIT/PONTIAC MI
139 AM EDT FRI JUL 8 2016


...................................

...THE FLINT MI CLIMATE SUMMARY FOR JULY 7 2016...

CLIMATE NORMAL PERIOD 1981 TO 2010
CLIMATE RECORD PERIOD 1921 TO 2016


WEATHER ITEM   OBSERVED TIME   RECORD YEAR NORMAL DEPARTURE LAST
                VALUE   (LST)  VALUE       VALUE  FROM      YEAR
                                                  NORMAL
..................................................................
TEMPERATURE (F)
 YESTERDAY
  MAXIMUM         93    442 PM 101    1988  82     11       79
  MINIMUM         68    525 AM  45    2000  59      9       61
  AVERAGE         81                        71     10       70

PRECIPITATION (IN)
  YESTERDAY        0.17          1.69 2014   0.10   0.07     1.52
  MONTH TO DATE    0.60                      0.67  -0.07     1.52
  SINCE JUN 1      1.27                      3.74  -2.47     6.98
  SINCE JAN 1     13.50                     14.73  -1.23    15.10

SNOWFALL (IN)
  YESTERDAY        0.0           0.0    MM   0.0    0.0      0.0
  MONTH TO DATE    0.0                       0.0    0.0      0.0
  SINCE JUN 1      0.0                       0.0    0.0      0.0
  SINCE JUL 1      0.0                       0.0    0.0      0.0
  SNOW DEPTH       0

DEGREE DAYS
 HEATING
  YESTERDAY        0                         1     -1        0
  MONTH TO DATE    0                         7     -7        3
  SINCE JUN 1     28                        73    -45       31
  SINCE JUL 1      0                         7     -7        3

 COOLING
  YESTERDAY       16                         6     10        5
  MONTH TO DATE   52                        42     10       21
  SINCE JUN 1    230                       154     76      145
  SINCE JAN 1    309                       186    123      220
..................................................................


WIND (MPH)
  HIGHEST WIND SPEED    28   HIGHEST WIND DIRECTION    NW (300)
  HIGHEST GUST SPEED    35   HIGHEST GUST DIRECTION    NW (300)
  AVERAGE WIND SPEED     6.2


SKY COVER
  POSSIBLE SUNSHINE  MM
  AVERAGE SKY COVER 0.4


WEATHER CONDITIONS
 THE FOLLOWING WEATHER WAS RECORDED YESTERDAY.
  THUNDERSTORM
  HEAVY RAIN
  RAIN
  LIGHT RAIN
  FOG
  HAZE


RELATIVE HUMIDITY (PERCENT)
 HIGHEST    84           400 AM
 LOWEST     38           300 PM
 AVERAGE    61

..........................................................


THE FLINT MI CLIMATE NORMALS FOR TODAY
                         NORMAL    RECORD    YEAR
 MAXIMUM TEMPERATURE (F)   82       108      1936
 MINIMUM TEMPERATURE (F)   59        44      1954


SUNRISE AND SUNSET
JULY  8 2016..........SUNRISE   604 AM EDT   SUNSET   915 PM EDT
JULY  9 2016..........SUNRISE   605 AM EDT   SUNSET   915 PM EDT


-  INDICATES NEGATIVE NUMBERS.
R  INDICATES RECORD WAS SET OR TIED.
MM INDICATES DATA IS MISSING.
T  INDICATES TRACE AMOUNT.




$$
