000
CDUS43 KDTX 130539
CLIFNT


CLIMATE REPORT
NATIONAL WEATHER SERVICE DETROIT/PONTIAC MI
1239 AM EST THU NOV 13 2014


...................................

...THE FLINT MI CLIMATE SUMMARY FOR NOVEMBER 12 2014...

CLIMATE NORMAL PERIOD 1981 TO 2010
CLIMATE RECORD PERIOD 1921 TO 2014


WEATHER ITEM   OBSERVED TIME   RECORD YEAR NORMAL DEPARTURE LAST
                VALUE   (LST)  VALUE       VALUE  FROM      YEAR
                                                  NORMAL
..................................................................
TEMPERATURE (F)
 YESTERDAY
  MAXIMUM         37   1228 AM  68    2010  49    -12       35
                                      1964
                                      1927
  MINIMUM         31   1159 PM  15    1997  32     -1       21
  AVERAGE         34                        40     -6       28

PRECIPITATION (IN)
  YESTERDAY        T             1.35 1992   0.09  -0.09      T
  MONTH TO DATE    0.30                      1.08  -0.78     0.74
  SINCE SEP 1      5.40                      7.30  -1.90     4.26
  SINCE JAN 1     32.39                     27.86   4.53    29.85

SNOWFALL (IN)
  YESTERDAY        T             1.4  1959   0.1   -0.1       T
  MONTH TO DATE    0.6                       0.4    0.2      0.4
  SINCE SEP 1      1.3                       0.8    0.5      0.4
  SINCE JUL 1      1.3                       0.8    0.5      0.4
  SNOW DEPTH       0

DEGREE DAYS
 HEATING
  YESTERDAY       31                        25      6       37
  MONTH TO DATE  267                       272     -5      279
  SINCE SEP 1    825                       924    -99      823
  SINCE JUL 1    849                       968   -119      845

 COOLING
  YESTERDAY        0                         0      0        0
  MONTH TO DATE    0                         0      0        0
  SINCE SEP 1     65                        54     11       88
  SINCE JAN 1    597                       531     66      758
..................................................................


WIND (MPH)
  HIGHEST WIND SPEED    25   HIGHEST WIND DIRECTION     W (290)
  HIGHEST GUST SPEED    32   HIGHEST GUST DIRECTION    NW (300)
  AVERAGE WIND SPEED    13.8


SKY COVER
  POSSIBLE SUNSHINE  MM
  AVERAGE SKY COVER 1.0


WEATHER CONDITIONS
 THE FOLLOWING WEATHER WAS RECORDED YESTERDAY.
  LIGHT SNOW
  HAZE


RELATIVE HUMIDITY (PERCENT)
 HIGHEST    76          1200 AM
 LOWEST     56          1100 AM
 AVERAGE    66

..........................................................


THE FLINT MI CLIMATE NORMALS FOR TODAY
                         NORMAL    RECORD    YEAR
 MAXIMUM TEMPERATURE (F)   48        71      1989
 MINIMUM TEMPERATURE (F)   32        12      1986


SUNRISE AND SUNSET
NOVEMBER 13 2014......SUNRISE   725 AM EST   SUNSET   513 PM EST
NOVEMBER 14 2014......SUNRISE   726 AM EST   SUNSET   512 PM EST


-  INDICATES NEGATIVE NUMBERS.
R  INDICATES RECORD WAS SET OR TIED.
MM INDICATES DATA IS MISSING.
T  INDICATES TRACE AMOUNT.




$$
