000
CDUS43 KDTX 200537
CLIFNT


CLIMATE REPORT
NATIONAL WEATHER SERVICE DETROIT/PONTIAC MI
137 AM EDT WED AUG 20 2014


...................................

...THE FLINT MI CLIMATE SUMMARY FOR AUGUST 19 2014...

CLIMATE NORMAL PERIOD 1981 TO 2010
CLIMATE RECORD PERIOD 1921 TO 2014


WEATHER ITEM   OBSERVED TIME   RECORD YEAR NORMAL DEPARTURE LAST
                VALUE   (LST)  VALUE       VALUE  FROM      YEAR
                                                  NORMAL
..................................................................
TEMPERATURE (F)
 YESTERDAY
  MAXIMUM         75    257 PM  96    1934  80     -5       84
  MINIMUM         66   1138 PM  41    1998  58      8       53
  AVERAGE         71                        69      2       69

PRECIPITATION (IN)
  YESTERDAY        0.76          2.23 1961   0.10   0.66     0.00
  MONTH TO DATE    3.73                      1.97   1.76     1.33
  SINCE JUN 1     11.95                      8.36   3.59     7.58
  SINCE JAN 1     26.90                     19.35   7.55    24.34

SNOWFALL (IN)
  YESTERDAY        0.0           0.0    MM   0.0    0.0      0.0
  MONTH TO DATE    0.0                       0.0    0.0      0.0
  SINCE JUN 1      0.0                       0.0    0.0      0.0
  SINCE JUL 1      0.0                       0.0    0.0      0.0
  SNOW DEPTH       0

DEGREE DAYS
 HEATING
  YESTERDAY        0                         1     -1        0
  MONTH TO DATE    7                        18    -11       13
  SINCE JUN 1     46                        99    -53       63
  SINCE JUL 1     24                        33     -9       22

 COOLING
  YESTERDAY        6                         5      1        4
  MONTH TO DATE   97                       100     -3       53
  SINCE JUN 1    378                       399    -21      476
  SINCE JAN 1    426                       431     -5      555
..................................................................


WIND (MPH)
  HIGHEST WIND SPEED    20   HIGHEST WIND DIRECTION    SW (220)
  HIGHEST GUST SPEED    24   HIGHEST GUST DIRECTION    SW (230)
  AVERAGE WIND SPEED     8.0


SKY COVER
  POSSIBLE SUNSHINE  MM
  AVERAGE SKY COVER 0.5


WEATHER CONDITIONS
 THE FOLLOWING WEATHER WAS RECORDED YESTERDAY.
  THUNDERSTORM
  HEAVY RAIN
  RAIN
  LIGHT RAIN
  FOG
  HAZE


RELATIVE HUMIDITY (PERCENT)
 HIGHEST    93           600 PM
 LOWEST     68           800 AM
 AVERAGE    81

..........................................................


THE FLINT MI CLIMATE NORMALS FOR TODAY
                         NORMAL    RECORD    YEAR
 MAXIMUM TEMPERATURE (F)   80        94      1955
 MINIMUM TEMPERATURE (F)   58        41      1977
                                             1929


SUNRISE AND SUNSET
AUGUST 20 2014........SUNRISE   646 AM EDT   SUNSET   829 PM EDT
AUGUST 21 2014........SUNRISE   647 AM EDT   SUNSET   828 PM EDT


-  INDICATES NEGATIVE NUMBERS.
R  INDICATES RECORD WAS SET OR TIED.
MM INDICATES DATA IS MISSING.
T  INDICATES TRACE AMOUNT.




$$
