000
CDUS43 KDTX 162251
CLIFNT


CLIMATE REPORT
NATIONAL WEATHER SERVICE DETROIT/PONTIAC MI
651 PM EDT SAT APR 16 2016


...................................

...THE FLINT MI CLIMATE SUMMARY FOR APRIL 16 2016...
VALID TODAY AS OF 0500 PM LOCAL TIME.

CLIMATE NORMAL PERIOD 1981 TO 2010
CLIMATE RECORD PERIOD 1921 TO 2016


WEATHER ITEM   OBSERVED TIME   RECORD YEAR NORMAL DEPARTURE LAST
                VALUE   (LST)  VALUE       VALUE  FROM      YEAR
                                                  NORMAL
..................................................................
TEMPERATURE (F)
 TODAY
  MAXIMUM         77    259 PM  87    2002  58     19       64
  MINIMUM         41    331 AM  19    2014  36      5       39
  AVERAGE         59                        47     12       52

PRECIPITATION (IN)
  TODAY            0.00          1.81 1972   0.10  -0.10     0.02
  MONTH TO DATE    1.41                      1.54  -0.13     1.19
  SINCE MAR 1      5.74                      3.45   2.29     2.11
  SINCE JAN 1      9.59                      6.56   3.03     4.28

SNOWFALL (IN)
  TODAY            0.0           2.5  1961   0.0    0.0      0.0
  MONTH TO DATE    6.8                       1.7    5.1       T
  SINCE MAR 1     18.4                       8.2   10.2      4.5
  SINCE JUL 1     68.8                      46.8   22.0     45.0
  SNOW DEPTH       0

DEGREE DAYS
 HEATING
  TODAY            6                        18    -12       13
  MONTH TO DATE  395                       341     54      258
  SINCE MAR 1   1109                      1298   -189     1248
  SINCE JUL 1   4979                      6386  -1407     6556

 COOLING
  TODAY            0                         0      0        0
  MONTH TO DATE    0                         0      0        0
  SINCE MAR 1      1                         0      1        0
  SINCE JAN 1      1                         0      1        0
..................................................................


WIND (MPH)
  HIGHEST WIND SPEED    16   HIGHEST WIND DIRECTION     E (100)
  HIGHEST GUST SPEED    19   HIGHEST GUST DIRECTION    SE (120)
  AVERAGE WIND SPEED     5.2


SKY COVER
  POSSIBLE SUNSHINE  MM
  AVERAGE SKY COVER 0.0


WEATHER CONDITIONS
 THE FOLLOWING WEATHER WAS RECORDED TODAY.
  NO SIGNIFICANT WEATHER WAS OBSERVED.


RELATIVE HUMIDITY (PERCENT)
 HIGHEST    60           700 AM
 LOWEST     20           200 PM
 AVERAGE    40

..........................................................


THE FLINT MI CLIMATE NORMALS FOR TOMORROW
                         NORMAL    RECORD    YEAR
 MAXIMUM TEMPERATURE (F)   58        84      1964
 MINIMUM TEMPERATURE (F)   36        22      1962


SUNRISE AND SUNSET
APRIL 16 2016.........SUNRISE   651 AM EDT   SUNSET   819 PM EDT
APRIL 17 2016.........SUNRISE   649 AM EDT   SUNSET   820 PM EDT


-  INDICATES NEGATIVE NUMBERS.
R  INDICATES RECORD WAS SET OR TIED.
MM INDICATES DATA IS MISSING.
T  INDICATES TRACE AMOUNT.




$$
