000
CDUS43 KDTX 130537
CLIFNT


CLIMATE REPORT
NATIONAL WEATHER SERVICE DETROIT/PONTIAC MI
137 AM EDT TUE SEP 13 2016


...................................

...THE FLINT MI CLIMATE SUMMARY FOR SEPTEMBER 12 2016...

CLIMATE NORMAL PERIOD 1981 TO 2010
CLIMATE RECORD PERIOD 1921 TO 2016


WEATHER ITEM   OBSERVED TIME   RECORD YEAR NORMAL DEPARTURE LAST
                VALUE   (LST)  VALUE       VALUE  FROM      YEAR
                                                  NORMAL
..................................................................
TEMPERATURE (F)
 YESTERDAY
  MAXIMUM         75    300 PM  94    1931  74      1       64
  MINIMUM         46    500 AM  34    1964  51     -5       46
  AVERAGE         61                        63     -2       55

PRECIPITATION (IN)
  YESTERDAY        0.00          1.04 1925   0.12  -0.12     0.03
  MONTH TO DATE    0.90                      1.45  -0.55     3.14
  SINCE SEP 1      0.90                      1.45  -0.55     3.14
  SINCE JAN 1     20.45                     22.01  -1.56    22.51

SNOWFALL (IN)
  YESTERDAY        0.0           T      MM   0.0    0.0      0.0
  MONTH TO DATE    0.0                       0.0    0.0      0.0
  SINCE SEP 1      0.0                       0.0    0.0      0.0
  SINCE JUL 1      0.0                       0.0    0.0      0.0
  SNOW DEPTH       0

DEGREE DAYS
 HEATING
  YESTERDAY        4                         4      0       10
  MONTH TO DATE   15                        35    -20       12
  SINCE SEP 1     15                        35    -20       12
  SINCE JUL 1     15                        79    -64       34

 COOLING
  YESTERDAY        0                         2     -2        0
  MONTH TO DATE   53                        29     24      104
  SINCE SEP 1     53                        29     24      104
  SINCE JAN 1    992                       506    486      717
..................................................................


WIND (MPH)
  HIGHEST WIND SPEED    14   HIGHEST WIND DIRECTION     S (170)
  HIGHEST GUST SPEED    22   HIGHEST GUST DIRECTION    SW (220)
  AVERAGE WIND SPEED     5.1


SKY COVER
  POSSIBLE SUNSHINE  MM
  AVERAGE SKY COVER 0.0


WEATHER CONDITIONS
 THE FOLLOWING WEATHER WAS RECORDED YESTERDAY.
  NO SIGNIFICANT WEATHER WAS OBSERVED.


RELATIVE HUMIDITY (PERCENT)
 HIGHEST   100           400 AM
 LOWEST     49           200 PM
 AVERAGE    75

..........................................................


THE FLINT MI CLIMATE NORMALS FOR TODAY
                         NORMAL    RECORD    YEAR
 MAXIMUM TEMPERATURE (F)   74        93      1952
 MINIMUM TEMPERATURE (F)   51        33      1964


SUNRISE AND SUNSET
SEPTEMBER 13 2016.....SUNRISE   713 AM EDT   SUNSET   748 PM EDT
SEPTEMBER 14 2016.....SUNRISE   714 AM EDT   SUNSET   746 PM EDT


-  INDICATES NEGATIVE NUMBERS.
R  INDICATES RECORD WAS SET OR TIED.
MM INDICATES DATA IS MISSING.
T  INDICATES TRACE AMOUNT.




$$
