158
CDUS43 KDTX 240535
CLIFNT


CLIMATE REPORT
NATIONAL WEATHER SERVICE DETROIT/PONTIAC MI
135 AM EDT SUN APR 24 2016


...................................

...THE FLINT MI CLIMATE SUMMARY FOR APRIL 23 2016...

CLIMATE NORMAL PERIOD 1981 TO 2010
CLIMATE RECORD PERIOD 1921 TO 2016


WEATHER ITEM   OBSERVED TIME   RECORD YEAR NORMAL DEPARTURE LAST
                VALUE   (LST)  VALUE       VALUE  FROM      YEAR
                                                  NORMAL
..................................................................
TEMPERATURE (F)
 YESTERDAY
  MAXIMUM         59    504 PM  88    1925  61     -2       41
  MINIMUM         36    551 AM  22    1986  38     -2       25
                                      1930
  AVERAGE         48                        49     -1       33

PRECIPITATION (IN)
  YESTERDAY        0.00          0.90 1999   0.09  -0.09      T
  MONTH TO DATE    1.55                      2.22  -0.67     1.50
  SINCE MAR 1      5.88                      4.13   1.75     2.42
  SINCE JAN 1      9.73                      7.24   2.49     4.59

SNOWFALL (IN)
  YESTERDAY        0.0           3.5  2005   0.0    0.0       T
  MONTH TO DATE    6.8                       2.1    4.7      0.3
  SINCE MAR 1     18.4                       8.6    9.8      4.8
  SINCE JUL 1     68.8                      47.2   21.6     45.3
  SNOW DEPTH       0

DEGREE DAYS
 HEATING
  YESTERDAY       17                        16      1       32
  MONTH TO DATE  460                       460      0      372
  SINCE MAR 1   1174                      1417   -243     1362
  SINCE JUL 1   5044                      6505  -1461     6670

 COOLING
  YESTERDAY        0                         0      0        0
  MONTH TO DATE    0                         0      0        0
  SINCE MAR 1      1                         0      1        0
  SINCE JAN 1      1                         0      1        0
..................................................................


WIND (MPH)
  HIGHEST WIND SPEED    15   HIGHEST WIND DIRECTION    NE (50)
  HIGHEST GUST SPEED    20   HIGHEST GUST DIRECTION     E (70)
  AVERAGE WIND SPEED     6.6


SKY COVER
  POSSIBLE SUNSHINE  MM
  AVERAGE SKY COVER 0.0


WEATHER CONDITIONS
 THE FOLLOWING WEATHER WAS RECORDED YESTERDAY.
  NO SIGNIFICANT WEATHER WAS OBSERVED.


RELATIVE HUMIDITY (PERCENT)
 HIGHEST    76           300 AM
 LOWEST     24           500 PM
 AVERAGE    50

..........................................................


THE FLINT MI CLIMATE NORMALS FOR TODAY
                         NORMAL    RECORD    YEAR
 MAXIMUM TEMPERATURE (F)   61        88      1925
 MINIMUM TEMPERATURE (F)   38        24      2015


SUNRISE AND SUNSET
APRIL 24 2016.........SUNRISE   638 AM EDT   SUNSET   828 PM EDT
APRIL 25 2016.........SUNRISE   637 AM EDT   SUNSET   830 PM EDT


-  INDICATES NEGATIVE NUMBERS.
R  INDICATES RECORD WAS SET OR TIED.
MM INDICATES DATA IS MISSING.
T  INDICATES TRACE AMOUNT.




$$
