000
CDUS43 KDTX 092034
CLIFNT


CLIMATE REPORT
NATIONAL WEATHER SERVICE DETROIT/PONTIAC MI
433 PM EDT WED AUG 9 2017


...................................

...THE FLINT MI CLIMATE SUMMARY FOR AUGUST 9 2017...
VALID TODAY AS OF 0400 PM LOCAL TIME.

CLIMATE NORMAL PERIOD 1981 TO 2010
CLIMATE RECORD PERIOD 1921 TO 2017


WEATHER ITEM   OBSERVED TIME   RECORD YEAR NORMAL DEPARTURE LAST
                VALUE   (LST)  VALUE       VALUE  FROM      YEAR
                                                  NORMAL
..................................................................
TEMPERATURE (F)
 TODAY
  MAXIMUM         84    259 PM  96    1934  81      3       93
  MINIMUM         53    455 AM  39    1964  59     -6       57
  AVERAGE         69                        70     -1       75

PRECIPITATION (IN)
  TODAY            0.00          2.23 1937   0.11  -0.11     0.00
  MONTH TO DATE    1.30                      0.95   0.35     0.00
  SINCE JUN 1      6.68                      7.34  -0.66     2.42
  SINCE JAN 1     23.11                     18.33   4.78    14.65

SNOWFALL (IN)
  TODAY            0.0           0.0    MM   0.0    0.0      0.0
  MONTH TO DATE    0.0                       0.0    0.0      0.0
  SINCE JUN 1      0.0                       0.0    0.0      0.0
  SINCE JUL 1      0.0                       0.0    0.0      0.0
  SNOW DEPTH       0

DEGREE DAYS
 HEATING
  TODAY            0                         1     -1        0
  MONTH TO DATE    2                         8     -6        0
  SINCE JUN 1     42                        89    -47       28
  SINCE JUL 1      3                        23    -20        0

 COOLING
  TODAY            4                         5     -1       10
  MONTH TO DATE   28                        50    -22      102
  SINCE JUN 1    362                       349     13      629
  SINCE JAN 1    387                       381      6      708
..................................................................


WIND (MPH)
  HIGHEST WIND SPEED    13   HIGHEST WIND DIRECTION     W (250)
  HIGHEST GUST SPEED    16   HIGHEST GUST DIRECTION    SW (240)
  AVERAGE WIND SPEED     4.9


SKY COVER
  POSSIBLE SUNSHINE  MM
  AVERAGE SKY COVER 0.0


WEATHER CONDITIONS
 THE FOLLOWING WEATHER WAS RECORDED TODAY.
  NO SIGNIFICANT WEATHER WAS OBSERVED.


RELATIVE HUMIDITY (PERCENT)
 HIGHEST    93           200 AM
 LOWEST     37           200 PM
 AVERAGE    65

..........................................................


THE FLINT MI CLIMATE NORMALS FOR TOMORROW
                         NORMAL    RECORD    YEAR
 MAXIMUM TEMPERATURE (F)   80        98      1944
 MINIMUM TEMPERATURE (F)   59        43      1972
                                             1962


SUNRISE AND SUNSET
AUGUST  9 2017........SUNRISE   635 AM EDT   SUNSET   845 PM EDT
AUGUST 10 2017........SUNRISE   636 AM EDT   SUNSET   844 PM EDT


-  INDICATES NEGATIVE NUMBERS.
R  INDICATES RECORD WAS SET OR TIED.
MM INDICATES DATA IS MISSING.
T  INDICATES TRACE AMOUNT.




$$
