000
CDUS43 KDTX 070535
CLIFNT


CLIMATE REPORT
NATIONAL WEATHER SERVICE DETROIT/PONTIAC MI
1235 AM EST TUE MAR 7 2017


...................................

...THE FLINT MI CLIMATE SUMMARY FOR MARCH 6 2017...

CLIMATE NORMAL PERIOD 1981 TO 2010
CLIMATE RECORD PERIOD 1921 TO 2017


WEATHER ITEM   OBSERVED TIME   RECORD YEAR NORMAL DEPARTURE LAST
                VALUE   (LST)  VALUE       VALUE  FROM      YEAR
                                                  NORMAL
..................................................................
TEMPERATURE (F)
 YESTERDAY
  MAXIMUM         58    225 PM  67    2009  39     19       42
  MINIMUM         41    149 AM  -7    1960  21     20       10
  AVERAGE         50                        30     20       26

PRECIPITATION (IN)
  YESTERDAY        T             0.77 1956   0.06  -0.06     0.00
  MONTH TO DATE    0.38                      0.34   0.04     0.84
  SINCE MAR 1      0.38                      0.34   0.04     0.84
  SINCE JAN 1      5.93                      3.45   2.48     4.69

SNOWFALL (IN)
  YESTERDAY        0.0           4.5  1971   0.3   -0.3      0.0
  MONTH TO DATE    1.5                       1.7   -0.2     11.2
  SINCE MAR 1      1.5                       1.7   -0.2     11.2
  SINCE JUL 1     34.0                      40.3   -6.3     61.8
  SNOW DEPTH       0

DEGREE DAYS
 HEATING
  YESTERDAY       15                        35    -20       39
  MONTH TO DATE  202                       213    -11      250
  SINCE MAR 1    202                       213    -11      250
  SINCE JUL 1   4351                      5301   -950     4120

 COOLING
  YESTERDAY        0                         0      0        0
  MONTH TO DATE    0                         0      0        0
  SINCE MAR 1      0                         0      0        0
  SINCE JAN 1      0                         0      0        0
..................................................................


WIND (MPH)
  HIGHEST WIND SPEED    23   HIGHEST WIND DIRECTION     S (190)
  HIGHEST GUST SPEED    30   HIGHEST GUST DIRECTION     S (180)
  AVERAGE WIND SPEED    11.9


SKY COVER
  POSSIBLE SUNSHINE  MM
  AVERAGE SKY COVER 1.0


WEATHER CONDITIONS
 THE FOLLOWING WEATHER WAS RECORDED YESTERDAY.
  NO SIGNIFICANT WEATHER WAS OBSERVED.


RELATIVE HUMIDITY (PERCENT)
 HIGHEST    89           700 PM
 LOWEST     57           100 AM
 AVERAGE    73

..........................................................


THE FLINT MI CLIMATE NORMALS FOR TODAY
                         NORMAL    RECORD    YEAR
 MAXIMUM TEMPERATURE (F)   40        75      2000
 MINIMUM TEMPERATURE (F)   22        -6      1999


SUNRISE AND SUNSET
MARCH  7 2017.........SUNRISE   700 AM EST   SUNSET   632 PM EST
MARCH  8 2017.........SUNRISE   659 AM EST   SUNSET   633 PM EST


-  INDICATES NEGATIVE NUMBERS.
R  INDICATES RECORD WAS SET OR TIED.
MM INDICATES DATA IS MISSING.
T  INDICATES TRACE AMOUNT.




$$
