000
CDUS43 KDTX 080544
CLIFNT


CLIMATE REPORT
NATIONAL WEATHER SERVICE DETROIT/PONTIAC MI
144 AM EDT SUN MAY 8 2016


...................................

...THE FLINT MI CLIMATE SUMMARY FOR MAY 7 2016...

CLIMATE NORMAL PERIOD 1981 TO 2010
CLIMATE RECORD PERIOD 1921 TO 2016


WEATHER ITEM   OBSERVED TIME   RECORD YEAR NORMAL DEPARTURE LAST
                VALUE   (LST)  VALUE       VALUE  FROM      YEAR
                                                  NORMAL
..................................................................
TEMPERATURE (F)
 YESTERDAY
  MAXIMUM         71   1255 PM  88    1936  66      5       86
  MINIMUM         46   1157 PM  26    1997  42      4       54
  AVERAGE         59                        54      5       70

PRECIPITATION (IN)
  YESTERDAY        0.01          1.25 2010   0.10  -0.09     0.00
  MONTH TO DATE    0.69                      0.69   0.00     0.50
  SINCE MAR 1      7.35                      5.49   1.86     3.05
  SINCE JAN 1     11.20                      8.60   2.60     5.22

SNOWFALL (IN)
  YESTERDAY        0.0           0.0    MM   0.0    0.0      0.0
  MONTH TO DATE    0.0                       0.0    0.0      0.0
  SINCE MAR 1     18.4                       8.8    9.6      4.8
  SINCE JUL 1     69.0                      47.4   21.6     45.3
  SNOW DEPTH       0

DEGREE DAYS
 HEATING
  YESTERDAY        6                        11     -5        0
  MONTH TO DATE   72                        86    -14       21
  SINCE MAR 1   1351                      1605   -254     1502
  SINCE JUL 1   5221                      6693  -1472     6810

 COOLING
  YESTERDAY        0                         0      0        5
  MONTH TO DATE    0                         0      0        8
  SINCE MAR 1      1                         4     -3        8
  SINCE JAN 1      1                         4     -3        8
..................................................................


WIND (MPH)
  HIGHEST WIND SPEED    20   HIGHEST WIND DIRECTION     N (360)
  HIGHEST GUST SPEED    23   HIGHEST GUST DIRECTION    NE (30)
  AVERAGE WIND SPEED     8.4


SKY COVER
  POSSIBLE SUNSHINE  MM
  AVERAGE SKY COVER 0.4


WEATHER CONDITIONS
 THE FOLLOWING WEATHER WAS RECORDED YESTERDAY.
  LIGHT RAIN
  HAZE


RELATIVE HUMIDITY (PERCENT)
 HIGHEST    71          1100 PM
 LOWEST     44           100 PM
 AVERAGE    58

..........................................................


THE FLINT MI CLIMATE NORMALS FOR TODAY
                         NORMAL    RECORD    YEAR
 MAXIMUM TEMPERATURE (F)   66        88      1936
 MINIMUM TEMPERATURE (F)   43        28      1950
                                             1947
                                             1946


SUNRISE AND SUNSET
MAY  8 2016...........SUNRISE   619 AM EDT   SUNSET   844 PM EDT
MAY  9 2016...........SUNRISE   618 AM EDT   SUNSET   845 PM EDT


-  INDICATES NEGATIVE NUMBERS.
R  INDICATES RECORD WAS SET OR TIED.
MM INDICATES DATA IS MISSING.
T  INDICATES TRACE AMOUNT.




$$
