000
CDUS43 KDTX 220537
CLIFNT


CLIMATE REPORT
NATIONAL WEATHER SERVICE DETROIT/PONTIAC MI
137 AM EDT MON SEP 22 2014


...................................

...THE FLINT MI CLIMATE SUMMARY FOR SEPTEMBER 21 2014...

CLIMATE NORMAL PERIOD 1981 TO 2010
CLIMATE RECORD PERIOD 1921 TO 2014


WEATHER ITEM   OBSERVED TIME   RECORD YEAR NORMAL DEPARTURE LAST
                VALUE   (LST)  VALUE       VALUE  FROM      YEAR
                                                  NORMAL
..................................................................
TEMPERATURE (F)
 YESTERDAY
  MAXIMUM         68    116 PM  90    1931  70     -2       71
  MINIMUM         49   1159 PM  32    1956  48      1       54
  AVERAGE         59                        59      0       63

PRECIPITATION (IN)
  YESTERDAY        0.58          1.73 1947   0.14   0.44      T
  MONTH TO DATE    3.17                      2.66   0.51     0.43
  SINCE SEP 1      3.17                      2.66   0.51     0.43
  SINCE JAN 1     30.16                     23.22   6.94    26.02

SNOWFALL (IN)
  YESTERDAY        0.0           0.0    MM   0.0    0.0      0.0
  MONTH TO DATE    0.0                       0.0    0.0      0.0
  SINCE SEP 1      0.0                       0.0    0.0      0.0
  SINCE JUL 1      0.0                       0.0    0.0      0.0
  SNOW DEPTH       0

DEGREE DAYS
 HEATING
  YESTERDAY        6                         7     -1        2
  MONTH TO DATE  104                        86     18       82
  SINCE SEP 1    104                        86     18       82
  SINCE JUL 1    128                       130     -2      104

 COOLING
  YESTERDAY        0                         1     -1        0
  MONTH TO DATE   64                        40     24       73
  SINCE SEP 1     64                        40     24       73
  SINCE JAN 1    596                       517     79      743
..................................................................


WIND (MPH)
  HIGHEST WIND SPEED    25   HIGHEST WIND DIRECTION     W (280)
  HIGHEST GUST SPEED    33   HIGHEST GUST DIRECTION     W (290)
  AVERAGE WIND SPEED    12.6


SKY COVER
  POSSIBLE SUNSHINE  MM
  AVERAGE SKY COVER 0.9


WEATHER CONDITIONS
 THE FOLLOWING WEATHER WAS RECORDED YESTERDAY.
  THUNDERSTORM
  HEAVY RAIN
  RAIN
  LIGHT RAIN
  FOG


RELATIVE HUMIDITY (PERCENT)
 HIGHEST    93          1200 AM
 LOWEST     63          1200 PM
 AVERAGE    78

..........................................................


THE FLINT MI CLIMATE NORMALS FOR TODAY
                         NORMAL    RECORD    YEAR
 MAXIMUM TEMPERATURE (F)   70        90      1941
 MINIMUM TEMPERATURE (F)   47        30      1999


SUNRISE AND SUNSET
SEPTEMBER 22 2014.....SUNRISE   722 AM EDT   SUNSET   732 PM EDT
SEPTEMBER 23 2014.....SUNRISE   723 AM EDT   SUNSET   730 PM EDT


-  INDICATES NEGATIVE NUMBERS.
R  INDICATES RECORD WAS SET OR TIED.
MM INDICATES DATA IS MISSING.
T  INDICATES TRACE AMOUNT.




$$
