000
CDUS43 KDTX 102027
CLIFNT


CLIMATE REPORT
NATIONAL WEATHER SERVICE DETROIT/PONTIAC MI
427 PM EDT FRI OCT 10 2014


...................................

...THE FLINT MI CLIMATE SUMMARY FOR OCTOBER 10 2014...
VALID TODAY AS OF 0400 PM LOCAL TIME.

CLIMATE NORMAL PERIOD 1981 TO 2010
CLIMATE RECORD PERIOD 1921 TO 2014


WEATHER ITEM   OBSERVED TIME   RECORD YEAR NORMAL DEPARTURE LAST
                VALUE   (LST)  VALUE       VALUE  FROM      YEAR
                                                  NORMAL
..................................................................
TEMPERATURE (F)
 TODAY
  MAXIMUM         58    116 PM  85    1949  62     -4       72
                                      1938
  MINIMUM         32    623 AM  26    1993  41     -9       40
                                      1964
                                      1956
  AVERAGE         45                        51     -6       56

PRECIPITATION (IN)
  TODAY            0.00          1.50 1921   0.09  -0.09     0.00
  MONTH TO DATE    0.59                      0.91  -0.32     0.84
  SINCE SEP 1      3.84                      4.66  -0.82     1.45
  SINCE JAN 1     30.83                     25.22   5.61    27.04

SNOWFALL (IN)
  TODAY            0.0           T    1979   0.0    0.0      0.0
  MONTH TO DATE    0.0                       0.1   -0.1      0.0
  SINCE SEP 1      0.0                       0.1   -0.1      0.0
  SINCE JUL 1      0.0                       0.1   -0.1      0.0
  SNOW DEPTH       0

DEGREE DAYS
 HEATING
  TODAY           20                        14      6        9
  MONTH TO DATE  111                       124    -13       42
  SINCE SEP 1    250                       290    -40      194
  SINCE JUL 1    274                       334    -60      216

 COOLING
  TODAY            0                         0      0        0
  MONTH TO DATE    0                         2     -2       15
  SINCE SEP 1     64                        51     13       88
  SINCE JAN 1    596                       528     68      758
..................................................................


WIND (MPH)
  HIGHEST WIND SPEED    12   HIGHEST WIND DIRECTION    NW (300)
  HIGHEST GUST SPEED    16   HIGHEST GUST DIRECTION    NW (300)
  AVERAGE WIND SPEED     3.7


SKY COVER
  POSSIBLE SUNSHINE  MM
  AVERAGE SKY COVER 0.3


WEATHER CONDITIONS
 THE FOLLOWING WEATHER WAS RECORDED TODAY.
  NO SIGNIFICANT WEATHER WAS OBSERVED.


RELATIVE HUMIDITY (PERCENT)
 HIGHEST    92           400 AM
 LOWEST     43           200 PM
 AVERAGE    68

..........................................................


THE FLINT MI CLIMATE NORMALS FOR TOMORROW
                         NORMAL    RECORD    YEAR
 MAXIMUM TEMPERATURE (F)   62        85      1938
 MINIMUM TEMPERATURE (F)   41        22      1964


SUNRISE AND SUNSET
OCTOBER 10 2014.......SUNRISE   742 AM EDT   SUNSET   701 PM EDT
OCTOBER 11 2014.......SUNRISE   744 AM EDT   SUNSET   659 PM EDT


-  INDICATES NEGATIVE NUMBERS.
R  INDICATES RECORD WAS SET OR TIED.
MM INDICATES DATA IS MISSING.
T  INDICATES TRACE AMOUNT.




$$
