000
CDUS43 KDTX 110557
CLIFNT


CLIMATE REPORT
NATIONAL WEATHER SERVICE DETROIT/PONTIAC MI
157 AM EDT MON JUL 11 2016


...................................

...THE FLINT MI CLIMATE SUMMARY FOR JULY 10 2016...

CLIMATE NORMAL PERIOD 1981 TO 2010
CLIMATE RECORD PERIOD 1921 TO 2016


WEATHER ITEM   OBSERVED TIME   RECORD YEAR NORMAL DEPARTURE LAST
                VALUE   (LST)  VALUE       VALUE  FROM      YEAR
                                                  NORMAL
..................................................................
TEMPERATURE (F)
 YESTERDAY
  MAXIMUM         88    429 PM 102    1936  82      6       83
  MINIMUM         58    523 AM  43    1963  59     -1       55
  AVERAGE         73                        71      2       69

PRECIPITATION (IN)
  YESTERDAY        0.00          1.63 1970   0.10  -0.10     0.00
  MONTH TO DATE    0.85                      0.97  -0.12     1.53
  SINCE JUN 1      1.52                      4.04  -2.52     6.99
  SINCE JAN 1     13.75                     15.03  -1.28    15.11

SNOWFALL (IN)
  YESTERDAY        0.0           0.0    MM   0.0    0.0      0.0
  MONTH TO DATE    0.0                       0.0    0.0      0.0
  SINCE JUN 1      0.0                       0.0    0.0      0.0
  SINCE JUL 1      0.0                       0.0    0.0      0.0
  SNOW DEPTH       0

DEGREE DAYS
 HEATING
  YESTERDAY        0                         1     -1        0
  MONTH TO DATE    0                        10    -10        7
  SINCE JUN 1     28                        76    -48       35
  SINCE JUL 1      0                        10    -10        7

 COOLING
  YESTERDAY        8                         6      2        4
  MONTH TO DATE   83                        60     23       28
  SINCE JUN 1    261                       172     89      152
  SINCE JAN 1    340                       204    136      227
..................................................................


WIND (MPH)
  HIGHEST WIND SPEED     8   HIGHEST WIND DIRECTION     E (70)
  HIGHEST GUST SPEED    12   HIGHEST GUST DIRECTION     W (270)
  AVERAGE WIND SPEED     2.9


SKY COVER
  POSSIBLE SUNSHINE  MM
  AVERAGE SKY COVER 0.3


WEATHER CONDITIONS
 THE FOLLOWING WEATHER WAS RECORDED YESTERDAY.
  NO SIGNIFICANT WEATHER WAS OBSERVED.


RELATIVE HUMIDITY (PERCENT)
 HIGHEST    87          1200 AM
 LOWEST     37           200 PM
 AVERAGE    62

..........................................................


THE FLINT MI CLIMATE NORMALS FOR TODAY
                         NORMAL    RECORD    YEAR
 MAXIMUM TEMPERATURE (F)   82       104      1936
 MINIMUM TEMPERATURE (F)   59        41      1945


SUNRISE AND SUNSET
JULY 11 2016..........SUNRISE   607 AM EDT   SUNSET   914 PM EDT
JULY 12 2016..........SUNRISE   607 AM EDT   SUNSET   913 PM EDT


-  INDICATES NEGATIVE NUMBERS.
R  INDICATES RECORD WAS SET OR TIED.
MM INDICATES DATA IS MISSING.
T  INDICATES TRACE AMOUNT.




$$
