000
CDUS43 KDTX 050537
CLIFNT


CLIMATE REPORT
NATIONAL WEATHER SERVICE DETROIT/PONTIAC MI
1237 AM EST FRI JAN 5 2018


...................................

...THE FLINT MI CLIMATE SUMMARY FOR JANUARY 4 2018...

CLIMATE NORMAL PERIOD 1981 TO 2010
CLIMATE RECORD PERIOD 1921 TO 2018


WEATHER ITEM   OBSERVED TIME   RECORD YEAR NORMAL DEPARTURE LAST
                VALUE   (LST)  VALUE       VALUE  FROM      YEAR
                                                  NORMAL
..................................................................
TEMPERATURE (F)
 YESTERDAY
  MAXIMUM         13    323 AM  61    1997  30    -17       35
  MINIMUM         -7   1055 PM -16    1981  16    -23       14
  AVERAGE          3                        23    -20       25

PRECIPITATION (IN)
  YESTERDAY        T             0.79 1993   0.06  -0.06     0.02
  MONTH TO DATE    0.02                      0.23  -0.21     0.70
  SINCE DEC 1      1.40                      2.15  -0.75     2.29
  SINCE JAN 1      0.02                      0.23  -0.21     0.70

SNOWFALL (IN)
  YESTERDAY        T             3.5  1972   0.4   -0.4      0.5
  MONTH TO DATE    1.0                       1.7   -0.7      0.5
  SINCE DEC 1     24.3                      13.5   10.8     20.7
  SINCE JUL 1     24.7                      16.4    8.3     20.7
  SNOW DEPTH       4

DEGREE DAYS
 HEATING
  YESTERDAY       62                        42     20       40
  MONTH TO DATE  229                       167     62      130
  SINCE DEC 1   1537                      1331    206     1278
  SINCE JUL 1   2835                      2812     23     2319

 COOLING
  YESTERDAY        0                         0      0        0
  MONTH TO DATE    0                         0      0        0
  SINCE DEC 1      0                         0      0        0
  SINCE JAN 1      0                         0      0        0
..................................................................


WIND (MPH)
  HIGHEST WIND SPEED    22   HIGHEST WIND DIRECTION     N (350)
  HIGHEST GUST SPEED    28   HIGHEST GUST DIRECTION     N (340)
  AVERAGE WIND SPEED    10.7


SKY COVER
  POSSIBLE SUNSHINE  MM
  AVERAGE SKY COVER 0.6


WEATHER CONDITIONS
 THE FOLLOWING WEATHER WAS RECORDED YESTERDAY.
  LIGHT SNOW


RELATIVE HUMIDITY (PERCENT)
 HIGHEST    76           900 AM
 LOWEST     56           500 PM
 AVERAGE    66

..........................................................


THE FLINT MI CLIMATE NORMALS FOR TODAY
                         NORMAL    RECORD    YEAR
 MAXIMUM TEMPERATURE (F)   30        59      1997
 MINIMUM TEMPERATURE (F)   16        -7      1924


SUNRISE AND SUNSET
JANUARY  5 2018.......SUNRISE   806 AM EST   SUNSET   515 PM EST
JANUARY  6 2018.......SUNRISE   806 AM EST   SUNSET   516 PM EST


-  INDICATES NEGATIVE NUMBERS.
R  INDICATES RECORD WAS SET OR TIED.
MM INDICATES DATA IS MISSING.
T  INDICATES TRACE AMOUNT.




$$
