000
CDUS43 KDTX 310542
CLIFNT


CLIMATE REPORT
NATIONAL WEATHER SERVICE DETROIT/PONTIAC MI
142 AM EDT TUE OCT 31 2017


...................................

...THE FLINT MI CLIMATE SUMMARY FOR OCTOBER 30 2017...

CLIMATE NORMAL PERIOD 1981 TO 2010
CLIMATE RECORD PERIOD 1921 TO 2017


WEATHER ITEM   OBSERVED TIME   RECORD YEAR NORMAL DEPARTURE LAST
                VALUE   (LST)  VALUE       VALUE  FROM      YEAR
                                                  NORMAL
..................................................................
TEMPERATURE (F)
 YESTERDAY
  MAXIMUM         44    259 PM  77    1950  54    -10       54
  MINIMUM         33    251 AM  19    1966  36     -3       35
  AVERAGE         39                        45     -6       45

PRECIPITATION (IN)
  YESTERDAY        0.12          0.90 2009   0.08   0.04     0.03
  MONTH TO DATE    4.54                      2.40   2.14     3.18
  SINCE SEP 1      5.38                      6.15  -0.77     7.59
  SINCE JAN 1     31.07                     26.71   4.36    27.14

SNOWFALL (IN)
  YESTERDAY        0.0           0.4  1993   0.0    0.0      0.0
  MONTH TO DATE    0.0                       0.4   -0.4       T
  SINCE SEP 1      0.0                       0.4   -0.4       T
  SINCE JUL 1      0.0                       0.4   -0.4       T
  SNOW DEPTH       0

DEGREE DAYS
 HEATING
  YESTERDAY       26                        20      6       20
  MONTH TO DATE  301                       466   -165      344
  SINCE SEP 1    424                       632   -208      414
  SINCE JUL 1    456                       676   -220      414

 COOLING
  YESTERDAY        0                         0      0        0
  MONTH TO DATE   15                         2     13       11
  SINCE SEP 1    110                        51     59       83
  SINCE JAN 1    567                       528     39     1022
..................................................................


WIND (MPH)
  HIGHEST WIND SPEED    29   HIGHEST WIND DIRECTION     W (280)
  HIGHEST GUST SPEED    40   HIGHEST GUST DIRECTION     W (270)
  AVERAGE WIND SPEED     9.7


SKY COVER
  POSSIBLE SUNSHINE  MM
  AVERAGE SKY COVER 0.9


WEATHER CONDITIONS
 THE FOLLOWING WEATHER WAS RECORDED YESTERDAY.
  RAIN
  LIGHT RAIN
  FOG
  HAZE


RELATIVE HUMIDITY (PERCENT)
 HIGHEST    92           100 AM
 LOWEST     64           700 AM
 AVERAGE    78

..........................................................


THE FLINT MI CLIMATE NORMALS FOR TODAY
                         NORMAL    RECORD    YEAR
 MAXIMUM TEMPERATURE (F)   54        78      1950
                                             1933
 MINIMUM TEMPERATURE (F)   36        20      1925


SUNRISE AND SUNSET
OCTOBER 31 2017.......SUNRISE   808 AM EDT   SUNSET   628 PM EDT
NOVEMBER  1 2017......SUNRISE   810 AM EDT   SUNSET   627 PM EDT


-  INDICATES NEGATIVE NUMBERS.
R  INDICATES RECORD WAS SET OR TIED.
MM INDICATES DATA IS MISSING.
T  INDICATES TRACE AMOUNT.




$$
