000
CDUS43 KDTX 190539
CLIFNT


CLIMATE REPORT
NATIONAL WEATHER SERVICE DETROIT/PONTIAC MI
139 AM EDT TUE AUG 19 2014


...................................

...THE FLINT MI CLIMATE SUMMARY FOR AUGUST 18 2014...

CLIMATE NORMAL PERIOD 1981 TO 2010
CLIMATE RECORD PERIOD 1921 TO 2014


WEATHER ITEM   OBSERVED TIME   RECORD YEAR NORMAL DEPARTURE LAST
                VALUE   (LST)  VALUE       VALUE  FROM      YEAR
                                                  NORMAL
..................................................................
TEMPERATURE (F)
 YESTERDAY
  MAXIMUM         80    517 PM  99    1947  80      0       82
  MINIMUM         62    200 AM  42    1981  58      4       51
                                      1963
  AVERAGE         71                        69      2       67

PRECIPITATION (IN)
  YESTERDAY        0.00          2.23 1965   0.10  -0.10     0.00
  MONTH TO DATE    2.97                      1.87   1.10     1.33
  SINCE JUN 1     11.19                      8.26   2.93     7.58
  SINCE JAN 1     26.14                     19.25   6.89    24.34

SNOWFALL (IN)
  YESTERDAY        0.0           0.0    MM   0.0    0.0      0.0
  MONTH TO DATE    0.0                       0.0    0.0      0.0
  SINCE JUN 1      0.0                       0.0    0.0      0.0
  SINCE JUL 1      0.0                       0.0    0.0      0.0
  SNOW DEPTH       0

DEGREE DAYS
 HEATING
  YESTERDAY        0                         1     -1        0
  MONTH TO DATE    7                        17    -10       13
  SINCE JUN 1     46                        98    -52       63
  SINCE JUL 1     24                        32     -8       22

 COOLING
  YESTERDAY        6                         5      1        2
  MONTH TO DATE   91                        95     -4       49
  SINCE JUN 1    372                       394    -22      472
  SINCE JAN 1    420                       426     -6      551
..................................................................


WIND (MPH)
  HIGHEST WIND SPEED    14   HIGHEST WIND DIRECTION     E (90)
  HIGHEST GUST SPEED    17   HIGHEST GUST DIRECTION     E (80)
  AVERAGE WIND SPEED     4.3


SKY COVER
  POSSIBLE SUNSHINE  MM
  AVERAGE SKY COVER 0.6


WEATHER CONDITIONS
 THE FOLLOWING WEATHER WAS RECORDED YESTERDAY.
  NO SIGNIFICANT WEATHER WAS OBSERVED.


RELATIVE HUMIDITY (PERCENT)
 HIGHEST    84           300 AM
 LOWEST     52           200 PM
 AVERAGE    68

..........................................................


THE FLINT MI CLIMATE NORMALS FOR TODAY
                         NORMAL    RECORD    YEAR
 MAXIMUM TEMPERATURE (F)   80        96      1934
 MINIMUM TEMPERATURE (F)   58        41      1998


SUNRISE AND SUNSET
AUGUST 19 2014........SUNRISE   645 AM EDT   SUNSET   831 PM EDT
AUGUST 20 2014........SUNRISE   646 AM EDT   SUNSET   829 PM EDT


-  INDICATES NEGATIVE NUMBERS.
R  INDICATES RECORD WAS SET OR TIED.
MM INDICATES DATA IS MISSING.
T  INDICATES TRACE AMOUNT.




$$
