000
CDUS43 KDTX 050537
CLIFNT


CLIMATE REPORT
NATIONAL WEATHER SERVICE DETROIT/PONTIAC MI
1236 AM EST SUN FEB 5 2017


...................................

...THE FLINT MI CLIMATE SUMMARY FOR FEBRUARY 4 2017...

CLIMATE NORMAL PERIOD 1981 TO 2010
CLIMATE RECORD PERIOD 1921 TO 2017


WEATHER ITEM   OBSERVED TIME   RECORD YEAR NORMAL DEPARTURE LAST
                VALUE   (LST)  VALUE       VALUE  FROM      YEAR
                                                  NORMAL
..................................................................
TEMPERATURE (F)
 YESTERDAY
  MAXIMUM         29    445 PM  55    1991  30     -1       36
  MINIMUM         10    812 AM -16    1978  15     -5       22
  AVERAGE         20                        23     -3       29

PRECIPITATION (IN)
  YESTERDAY        0.00          0.80 1924   0.05  -0.05     0.03
  MONTH TO DATE    0.03                      0.19  -0.16     0.39
  SINCE DEC 1      4.75                      3.74   1.01     3.93
  SINCE JAN 1      3.16                      1.82   1.34     2.03

SNOWFALL (IN)
  YESTERDAY        0.0           4.5  2006   0.4   -0.4      0.8
  MONTH TO DATE    1.0                       1.6   -0.6      0.8
  SINCE DEC 1     31.6                      26.5    5.1     17.9
  SINCE JUL 1     31.6                      29.4    2.2     28.7
  SNOW DEPTH       3

DEGREE DAYS
 HEATING
  YESTERDAY       45                        42      3       36
  MONTH TO DATE  177                       168      9      115
  SINCE DEC 1   2438                      2651   -213     1991
  SINCE JUL 1   3479                      4132   -653     2972

 COOLING
  YESTERDAY        0                         0      0        0
  MONTH TO DATE    0                         0      0        0
  SINCE DEC 1      0                         0      0        0
  SINCE JAN 1      0                         0      0        0
..................................................................


WIND (MPH)
  HIGHEST WIND SPEED    16   HIGHEST WIND DIRECTION     W (250)
  HIGHEST GUST SPEED    22   HIGHEST GUST DIRECTION     W (250)
  AVERAGE WIND SPEED     9.0


SKY COVER
  POSSIBLE SUNSHINE  MM
  AVERAGE SKY COVER 0.2


WEATHER CONDITIONS
 THE FOLLOWING WEATHER WAS RECORDED YESTERDAY.
  NO SIGNIFICANT WEATHER WAS OBSERVED.


RELATIVE HUMIDITY (PERCENT)
 HIGHEST    76           200 AM
 LOWEST     35           400 PM
 AVERAGE    56

..........................................................


THE FLINT MI CLIMATE NORMALS FOR TODAY
                         NORMAL    RECORD    YEAR
 MAXIMUM TEMPERATURE (F)   31        49      2005
 MINIMUM TEMPERATURE (F)   15       -18      2009


SUNRISE AND SUNSET
FEBRUARY  5 2017......SUNRISE   745 AM EST   SUNSET   553 PM EST
FEBRUARY  6 2017......SUNRISE   744 AM EST   SUNSET   555 PM EST


-  INDICATES NEGATIVE NUMBERS.
R  INDICATES RECORD WAS SET OR TIED.
MM INDICATES DATA IS MISSING.
T  INDICATES TRACE AMOUNT.




$$
