000
CDUS43 KDTX 090535
CLIFNT


CLIMATE REPORT
NATIONAL WEATHER SERVICE DETROIT/PONTIAC MI
135 AM EDT FRI SEP 9 2016


...................................

...THE FLINT MI CLIMATE SUMMARY FOR SEPTEMBER 8 2016...

CLIMATE NORMAL PERIOD 1981 TO 2010
CLIMATE RECORD PERIOD 1921 TO 2016


WEATHER ITEM   OBSERVED TIME   RECORD YEAR NORMAL DEPARTURE LAST
                VALUE   (LST)  VALUE       VALUE  FROM      YEAR
                                                  NORMAL
..................................................................
TEMPERATURE (F)
 YESTERDAY
  MAXIMUM         82    304 PM  97    1933  75      7       88
  MINIMUM         70   1159 PM  37    1986  53     17       72
  AVERAGE         76                        64     12       80

PRECIPITATION (IN)
  YESTERDAY        0.48          2.34 1989   0.13   0.35     0.56
  MONTH TO DATE    0.48                      0.96  -0.48     3.10
  SINCE SEP 1      0.48                      0.96  -0.48     3.10
  SINCE JAN 1     20.03                     21.52  -1.49    22.47

SNOWFALL (IN)
  YESTERDAY        0.0           0.0    MM   0.0    0.0      0.0
  MONTH TO DATE    0.0                       0.0    0.0      0.0
  SINCE SEP 1      0.0                       0.0    0.0      0.0
  SINCE JUL 1      0.0                       0.0    0.0      0.0
  SNOW DEPTH       0

DEGREE DAYS
 HEATING
  YESTERDAY        0                         3     -3        0
  MONTH TO DATE    9                        20    -11        0
  SINCE SEP 1      9                        20    -11        0
  SINCE JUL 1      9                        64    -55       22

 COOLING
  YESTERDAY       11                         2      9       15
  MONTH TO DATE   43                        21     22      103
  SINCE SEP 1     43                        21     22      103
  SINCE JAN 1    982                       498    484      716
..................................................................


WIND (MPH)
  HIGHEST WIND SPEED    22   HIGHEST WIND DIRECTION     W (270)
  HIGHEST GUST SPEED    27   HIGHEST GUST DIRECTION     W (280)
  AVERAGE WIND SPEED     9.7


SKY COVER
  POSSIBLE SUNSHINE  MM
  AVERAGE SKY COVER 0.6


WEATHER CONDITIONS
 THE FOLLOWING WEATHER WAS RECORDED YESTERDAY.
  THUNDERSTORM
  HEAVY RAIN
  LIGHT RAIN
  FOG


RELATIVE HUMIDITY (PERCENT)
 HIGHEST    97          1100 PM
 LOWEST     69           300 PM
 AVERAGE    83

..........................................................


THE FLINT MI CLIMATE NORMALS FOR TODAY
                         NORMAL    RECORD    YEAR
 MAXIMUM TEMPERATURE (F)   75        96      1933
 MINIMUM TEMPERATURE (F)   53        38      1995
                                             1949
                                             1930


SUNRISE AND SUNSET
SEPTEMBER  9 2016.....SUNRISE   709 AM EDT   SUNSET   755 PM EDT
SEPTEMBER 10 2016.....SUNRISE   710 AM EDT   SUNSET   753 PM EDT


-  INDICATES NEGATIVE NUMBERS.
R  INDICATES RECORD WAS SET OR TIED.
MM INDICATES DATA IS MISSING.
T  INDICATES TRACE AMOUNT.




$$
