000
CDUS43 KDTX 110540
CLIFNT


CLIMATE REPORT
NATIONAL WEATHER SERVICE DETROIT/PONTIAC MI
1239 AM EST TUE NOV 11 2014


...................................

...THE FLINT MI CLIMATE SUMMARY FOR NOVEMBER 10 2014...

CLIMATE NORMAL PERIOD 1981 TO 2010
CLIMATE RECORD PERIOD 1921 TO 2014


WEATHER ITEM   OBSERVED TIME   RECORD YEAR NORMAL DEPARTURE LAST
                VALUE   (LST)  VALUE       VALUE  FROM      YEAR
                                                  NORMAL
..................................................................
TEMPERATURE (F)
 YESTERDAY
  MAXIMUM         59    258 PM  68    1999  49     10       49
                                      1931
  MINIMUM         40    637 AM  17    2003  33      7       32
  AVERAGE         50                        41      9       41

PRECIPITATION (IN)
  YESTERDAY        T             0.98 1995   0.09  -0.09      T
  MONTH TO DATE    0.23                      0.90  -0.67     0.57
  SINCE SEP 1      5.33                      7.12  -1.79     4.09
  SINCE JAN 1     32.32                     27.68   4.64    29.68

SNOWFALL (IN)
  YESTERDAY        0.0           T    2011   0.1   -0.1      0.0
                                      1987
  MONTH TO DATE    0.6                       0.3    0.3       T
  SINCE SEP 1      1.3                       0.7    0.6       T
  SINCE JUL 1      1.3                       0.7    0.6       T
  SNOW DEPTH       0

DEGREE DAYS
 HEATING
  YESTERDAY       15                        24     -9       24
  MONTH TO DATE  219                       223     -4      213
  SINCE SEP 1    777                       875    -98      757
  SINCE JUL 1    801                       919   -118      779

 COOLING
  YESTERDAY        0                         0      0        0
  MONTH TO DATE    0                         0      0        0
  SINCE SEP 1     65                        54     11       88
  SINCE JAN 1    597                       531     66      758
..................................................................


WIND (MPH)
  HIGHEST WIND SPEED    20   HIGHEST WIND DIRECTION    SE (150)
  HIGHEST GUST SPEED    25   HIGHEST GUST DIRECTION    SE (150)
  AVERAGE WIND SPEED     9.5


SKY COVER
  POSSIBLE SUNSHINE  MM
  AVERAGE SKY COVER 0.4


WEATHER CONDITIONS
 THE FOLLOWING WEATHER WAS RECORDED YESTERDAY.
  LIGHT RAIN


RELATIVE HUMIDITY (PERCENT)
 HIGHEST    85           400 AM
 LOWEST     41          1100 PM
 AVERAGE    63

..........................................................


THE FLINT MI CLIMATE NORMALS FOR TODAY
                         NORMAL    RECORD    YEAR
 MAXIMUM TEMPERATURE (F)   49        70      2012
 MINIMUM TEMPERATURE (F)   33        14      1926


SUNRISE AND SUNSET
NOVEMBER 11 2014......SUNRISE   722 AM EST   SUNSET   515 PM EST
NOVEMBER 12 2014......SUNRISE   723 AM EST   SUNSET   514 PM EST


-  INDICATES NEGATIVE NUMBERS.
R  INDICATES RECORD WAS SET OR TIED.
MM INDICATES DATA IS MISSING.
T  INDICATES TRACE AMOUNT.




$$
