000
CDUS43 KDTX 200536
CLIFNT


CLIMATE REPORT
NATIONAL WEATHER SERVICE DETROIT/PONTIAC MI
136 AM EDT MON JUL 20 2015


...................................

...THE FLINT MI CLIMATE SUMMARY FOR JULY 19 2015...

CLIMATE NORMAL PERIOD 1981 TO 2010
CLIMATE RECORD PERIOD 1921 TO 2015


WEATHER ITEM   OBSERVED TIME   RECORD YEAR NORMAL DEPARTURE LAST
                VALUE   (LST)  VALUE       VALUE  FROM      YEAR
                                                  NORMAL
..................................................................
TEMPERATURE (F)
 YESTERDAY
  MAXIMUM         88    229 PM  99    1946  82      6       80
                                      1931
  MINIMUM         68   1159 PM  45    1941  59      9       59
  AVERAGE         78                        71      7       70

PRECIPITATION (IN)
  YESTERDAY        0.00          0.87 2009   0.11  -0.11     0.00
  MONTH TO DATE    2.73                      1.93   0.80     4.68
  SINCE JUN 1      8.19                      5.00   3.19     7.14
  SINCE JAN 1     16.31                     15.99   0.32    22.09

SNOWFALL (IN)
  YESTERDAY        0.0           0.0    MM   0.0    0.0      0.0
  MONTH TO DATE    0.0                       0.0    0.0      0.0
  SINCE JUN 1      0.0                       0.0    0.0      0.0
  SINCE JUL 1      0.0                       0.0    0.0      0.0
  SNOW DEPTH       0

DEGREE DAYS
 HEATING
  YESTERDAY        0                         0      0        0
  MONTH TO DATE    8                        10     -2        8
  SINCE JUN 1     36                        76    -40       30
  SINCE JUL 1      8                        10     -2        8

 COOLING
  YESTERDAY       13                         6      7        5
  MONTH TO DATE  100                       114    -14       84
  SINCE JUN 1    225                       226     -1      236
  SINCE JAN 1    300                       258     42      284
..................................................................


WIND (MPH)
  HIGHEST WIND SPEED    21   HIGHEST WIND DIRECTION     W (260)
  HIGHEST GUST SPEED    27   HIGHEST GUST DIRECTION     W (270)
  AVERAGE WIND SPEED     9.6


SKY COVER
  POSSIBLE SUNSHINE  MM
  AVERAGE SKY COVER 0.2


WEATHER CONDITIONS
 THE FOLLOWING WEATHER WAS RECORDED YESTERDAY.
  NO SIGNIFICANT WEATHER WAS OBSERVED.


RELATIVE HUMIDITY (PERCENT)
 HIGHEST    90           600 AM
 LOWEST     48           500 PM
 AVERAGE    69

..........................................................


THE FLINT MI CLIMATE NORMALS FOR TODAY
                         NORMAL    RECORD    YEAR
 MAXIMUM TEMPERATURE (F)   82       102      1930
 MINIMUM TEMPERATURE (F)   59        41      1965


SUNRISE AND SUNSET
JULY 20 2015..........SUNRISE   614 AM EDT   SUNSET   908 PM EDT
JULY 21 2015..........SUNRISE   615 AM EDT   SUNSET   907 PM EDT


-  INDICATES NEGATIVE NUMBERS.
R  INDICATES RECORD WAS SET OR TIED.
MM INDICATES DATA IS MISSING.
T  INDICATES TRACE AMOUNT.




$$
