000
CDUS43 KDTX 130536
CLIFNT


CLIMATE REPORT
NATIONAL WEATHER SERVICE DETROIT/PONTIAC MI
135 AM EDT THU APR 13 2017


...................................

...THE FLINT MI CLIMATE SUMMARY FOR APRIL 12 2017...

CLIMATE NORMAL PERIOD 1981 TO 2010
CLIMATE RECORD PERIOD 1921 TO 2017


WEATHER ITEM   OBSERVED TIME   RECORD YEAR NORMAL DEPARTURE LAST
                VALUE   (LST)  VALUE       VALUE  FROM      YEAR
                                                  NORMAL
..................................................................
TEMPERATURE (F)
 YESTERDAY
  MAXIMUM         57    514 PM  81    1977  56      1       50
  MINIMUM         41   1159 PM  19    1950  34      7       33
                                      1940
  AVERAGE         49                        45      4       42

PRECIPITATION (IN)
  YESTERDAY        0.00          1.03 1996   0.10  -0.10     0.00
  MONTH TO DATE    2.78                      1.13   1.65     1.41
  SINCE MAR 1      5.99                      3.04   2.95     5.74
  SINCE JAN 1     11.54                      6.15   5.39     9.59

SNOWFALL (IN)
  YESTERDAY        0.0           1.9    MM   0.1   -0.1      0.0
  MONTH TO DATE    1.5                       1.4    0.1      6.8
  SINCE MAR 1      6.9                       7.9   -1.0     18.4
  SINCE JUL 1     39.4                      46.5   -7.1     69.0
  SNOW DEPTH       0

DEGREE DAYS
 HEATING
  YESTERDAY       16                        20     -4       23
  MONTH TO DATE  201                       265    -64      336
  SINCE MAR 1   1159                      1222    -63     1050
  SINCE JUL 1   5308                      6310  -1002     4920

 COOLING
  YESTERDAY        0                         0      0        0
  MONTH TO DATE    0                         0      0        0
  SINCE MAR 1      0                         0      0        1
  SINCE JAN 1      0                         0      0        1
..................................................................


WIND (MPH)
  HIGHEST WIND SPEED    20   HIGHEST WIND DIRECTION    NW (300)
  HIGHEST GUST SPEED    28   HIGHEST GUST DIRECTION    NW (320)
  AVERAGE WIND SPEED     9.3


SKY COVER
  POSSIBLE SUNSHINE  MM
  AVERAGE SKY COVER 0.7


WEATHER CONDITIONS
 THE FOLLOWING WEATHER WAS RECORDED YESTERDAY.
  NO SIGNIFICANT WEATHER WAS OBSERVED.


RELATIVE HUMIDITY (PERCENT)
 HIGHEST    76           300 AM
 LOWEST     43           500 PM
 AVERAGE    60

..........................................................


THE FLINT MI CLIMATE NORMALS FOR TODAY
                         NORMAL    RECORD    YEAR
 MAXIMUM TEMPERATURE (F)   56        85      1941
 MINIMUM TEMPERATURE (F)   35        15      1950


SUNRISE AND SUNSET
APRIL 13 2017.........SUNRISE   656 AM EDT   SUNSET   815 PM EDT
APRIL 14 2017.........SUNRISE   654 AM EDT   SUNSET   817 PM EDT


-  INDICATES NEGATIVE NUMBERS.
R  INDICATES RECORD WAS SET OR TIED.
MM INDICATES DATA IS MISSING.
T  INDICATES TRACE AMOUNT.




$$
