000
CDUS43 KDTX 060539
CLIFNT


CLIMATE REPORT
NATIONAL WEATHER SERVICE DETROIT/PONTIAC MI
139 AM EDT WED JUL 6 2016


...................................

...THE FLINT MI CLIMATE SUMMARY FOR JULY 5 2016...

CLIMATE NORMAL PERIOD 1981 TO 2010
CLIMATE RECORD PERIOD 1921 TO 2016


WEATHER ITEM   OBSERVED TIME   RECORD YEAR NORMAL DEPARTURE LAST
                VALUE   (LST)  VALUE       VALUE  FROM      YEAR
                                                  NORMAL
..................................................................
TEMPERATURE (F)
 YESTERDAY
  MAXIMUM         90    339 PM 102    1921  82      8       84
  MINIMUM         67    535 AM  43    1972  59      8       58
  AVERAGE         79                        70      9       71

PRECIPITATION (IN)
  YESTERDAY        0.00          1.03 1971   0.10  -0.10     0.00
  MONTH TO DATE    0.43                      0.48  -0.05     0.00
  SINCE JUN 1      1.10                      3.55  -2.45     5.46
  SINCE JAN 1     13.33                     14.54  -1.21    13.58

SNOWFALL (IN)
  YESTERDAY        0.0           0.0    MM   0.0    0.0      0.0
  MONTH TO DATE    0.0                       0.0    0.0      0.0
  SINCE JUN 1      0.0                       0.0    0.0      0.0
  SINCE JUL 1      0.0                       0.0    0.0      0.0
  SNOW DEPTH       0

DEGREE DAYS
 HEATING
  YESTERDAY        0                         1     -1        0
  MONTH TO DATE    0                         5     -5        3
  SINCE JUN 1     28                        71    -43       31
  SINCE JUL 1      0                         5     -5        3

 COOLING
  YESTERDAY       14                         6      8        6
  MONTH TO DATE   24                        30     -6        9
  SINCE JUN 1    202                       142     60      133
  SINCE JAN 1    281                       174    107      208
..................................................................


WIND (MPH)
  HIGHEST WIND SPEED    18   HIGHEST WIND DIRECTION     W (280)
  HIGHEST GUST SPEED    24   HIGHEST GUST DIRECTION     W (280)
  AVERAGE WIND SPEED     7.8


SKY COVER
  POSSIBLE SUNSHINE  MM
  AVERAGE SKY COVER 0.4


WEATHER CONDITIONS
 THE FOLLOWING WEATHER WAS RECORDED YESTERDAY.
  NO SIGNIFICANT WEATHER WAS OBSERVED.


RELATIVE HUMIDITY (PERCENT)
 HIGHEST    81           500 AM
 LOWEST     38           300 PM
 AVERAGE    60

..........................................................


THE FLINT MI CLIMATE NORMALS FOR TODAY
                         NORMAL    RECORD    YEAR
 MAXIMUM TEMPERATURE (F)   82       101      1988
 MINIMUM TEMPERATURE (F)   59        41      2001


SUNRISE AND SUNSET
JULY  6 2016..........SUNRISE   603 AM EDT   SUNSET   916 PM EDT
JULY  7 2016..........SUNRISE   604 AM EDT   SUNSET   916 PM EDT


-  INDICATES NEGATIVE NUMBERS.
R  INDICATES RECORD WAS SET OR TIED.
MM INDICATES DATA IS MISSING.
T  INDICATES TRACE AMOUNT.




$$
