000
CDUS43 KDTX 302029
CLIFNT


CLIMATE REPORT
NATIONAL WEATHER SERVICE DETROIT/PONTIAC MI
429 PM EDT WED AUG 30 2017


...................................

...THE FLINT MI CLIMATE SUMMARY FOR AUGUST 30 2017...
VALID TODAY AS OF 0400 PM LOCAL TIME.

CLIMATE NORMAL PERIOD 1981 TO 2010
CLIMATE RECORD PERIOD 1921 TO 2017


WEATHER ITEM   OBSERVED TIME   RECORD YEAR NORMAL DEPARTURE LAST
                VALUE   (LST)  VALUE       VALUE  FROM      YEAR
                                                  NORMAL
..................................................................
TEMPERATURE (F)
 TODAY
  MAXIMUM         80    259 PM  96    1953  78      2       79
  MINIMUM         59    801 AM  38    1976  56      3       63
  AVERAGE         70                        67      3       71

PRECIPITATION (IN)
  TODAY            0.00          0.85 1955   0.11  -0.11     0.55
  MONTH TO DATE    3.88                      3.07   0.81     4.90
  SINCE JUN 1      9.26                      9.46  -0.20     7.32
  SINCE JAN 1     25.69                     20.45   5.24    19.55

SNOWFALL (IN)
  TODAY            0.0           0.0    MM   0.0    0.0      0.0
  MONTH TO DATE    0.0                       0.0    0.0      0.0
  SINCE JUN 1      0.0                       0.0    0.0      0.0
  SINCE JUL 1      0.0                       0.0    0.0      0.0
  SNOW DEPTH       0

DEGREE DAYS
 HEATING
  TODAY            0                         2     -2        0
  MONTH TO DATE   26                        31     -5        0
  SINCE JUN 1     66                       112    -46       28
  SINCE JUL 1     27                        46    -19        0

 COOLING
  TODAY            5                         3      2        6
  MONTH TO DATE   98                       143    -45      331
  SINCE JUN 1    432                       442    -10      858
  SINCE JAN 1    457                       474    -17      937
..................................................................


WIND (MPH)
  HIGHEST WIND SPEED    14   HIGHEST WIND DIRECTION     W (270)
  HIGHEST GUST SPEED    22   HIGHEST GUST DIRECTION    SW (240)
  AVERAGE WIND SPEED     3.7


SKY COVER
  POSSIBLE SUNSHINE  MM
  AVERAGE SKY COVER 0.8


WEATHER CONDITIONS
 THE FOLLOWING WEATHER WAS RECORDED TODAY.
  FOG
  FOG W/VISIBILITY <= 1/4 MILE


RELATIVE HUMIDITY (PERCENT)
 HIGHEST   100          1200 AM
 LOWEST     54           300 PM
 AVERAGE    77

..........................................................


THE FLINT MI CLIMATE NORMALS FOR TOMORROW
                         NORMAL    RECORD    YEAR
 MAXIMUM TEMPERATURE (F)   78        97      1953
 MINIMUM TEMPERATURE (F)   55        39      1931


SUNRISE AND SUNSET
AUGUST 30 2017........SUNRISE   657 AM EDT   SUNSET   813 PM EDT
AUGUST 31 2017........SUNRISE   659 AM EDT   SUNSET   811 PM EDT


-  INDICATES NEGATIVE NUMBERS.
R  INDICATES RECORD WAS SET OR TIED.
MM INDICATES DATA IS MISSING.
T  INDICATES TRACE AMOUNT.




$$
