000
CDUS43 KDTX 210537
CLIFNT


CLIMATE REPORT
NATIONAL WEATHER SERVICE DETROIT/PONTIAC MI
1237 AM EST WED JAN 21 2015


...................................

...THE FLINT MI CLIMATE SUMMARY FOR JANUARY 20 2015...

CLIMATE NORMAL PERIOD 1981 TO 2010
CLIMATE RECORD PERIOD 1921 TO 2015


WEATHER ITEM   OBSERVED TIME   RECORD YEAR NORMAL DEPARTURE LAST
                VALUE   (LST)  VALUE       VALUE  FROM      YEAR
                                                  NORMAL
..................................................................
TEMPERATURE (F)
 YESTERDAY
  MAXIMUM         31    423 PM  52    1921  29      2       31
  MINIMUM         26   1112 PM -12    1994  15     11        8
                                      1985
  AVERAGE         29                        22      7       20

PRECIPITATION (IN)
  YESTERDAY        0.11          1.09 1974   0.05   0.06      T
  MONTH TO DATE    1.09                      1.11  -0.02     2.16
  SINCE DEC 1      2.73                      3.03  -0.30     4.01
  SINCE JAN 1      1.09                      1.11  -0.02     2.16

SNOWFALL (IN)
  YESTERDAY        2.2           6.8    MM   0.4    1.8      0.2
  MONTH TO DATE   10.6                       8.5    2.1     25.1
  SINCE DEC 1     11.2                      20.3   -9.1     42.0
  SINCE JUL 1     20.6                      23.2   -2.6     43.6
  SNOW DEPTH       2

DEGREE DAYS
 HEATING
  YESTERDAY       36                        43     -7       45
  MONTH TO DATE  900                       849     51      907
  SINCE DEC 1   1890                      2013   -123     2138
  SINCE JUL 1   3354                      3494   -140     3537

 COOLING
  YESTERDAY        0                         0      0        0
  MONTH TO DATE    0                         0      0        0
  SINCE DEC 1      0                         0      0        0
  SINCE JAN 1      0                         0      0        0
..................................................................


WIND (MPH)
  HIGHEST WIND SPEED    13   HIGHEST WIND DIRECTION     E (80)
  HIGHEST GUST SPEED    16   HIGHEST GUST DIRECTION     E (70)
  AVERAGE WIND SPEED     6.3


SKY COVER
  POSSIBLE SUNSHINE  MM
  AVERAGE SKY COVER 1.0


WEATHER CONDITIONS
 THE FOLLOWING WEATHER WAS RECORDED YESTERDAY.
  SNOW
  LIGHT SNOW
  FOG
  HAZE


RELATIVE HUMIDITY (PERCENT)
 HIGHEST    85           100 PM
 LOWEST     69           400 PM
 AVERAGE    77

..........................................................


THE FLINT MI CLIMATE NORMALS FOR TODAY
                         NORMAL    RECORD    YEAR
 MAXIMUM TEMPERATURE (F)   29        55      1934
 MINIMUM TEMPERATURE (F)   15       -16      1984


SUNRISE AND SUNSET
JANUARY 21 2015.......SUNRISE   800 AM EST   SUNSET   533 PM EST
JANUARY 22 2015.......SUNRISE   759 AM EST   SUNSET   534 PM EST


-  INDICATES NEGATIVE NUMBERS.
R  INDICATES RECORD WAS SET OR TIED.
MM INDICATES DATA IS MISSING.
T  INDICATES TRACE AMOUNT.




$$
