989
CDUS43 KDTX 140541
CLIFNT


CLIMATE REPORT
NATIONAL WEATHER SERVICE DETROIT/PONTIAC MI
140 AM EDT TUE MAR 14 2017


...................................

...THE FLINT MI CLIMATE SUMMARY FOR MARCH 13 2017...

CLIMATE NORMAL PERIOD 1981 TO 2010
CLIMATE RECORD PERIOD 1921 TO 2017


WEATHER ITEM   OBSERVED TIME   RECORD YEAR NORMAL DEPARTURE LAST
                VALUE   (LST)  VALUE       VALUE  FROM      YEAR
                                                  NORMAL
..................................................................
TEMPERATURE (F)
 YESTERDAY
  MAXIMUM         24    421 PM  76    1990  42    -18       52
  MINIMUM         19   1159 PM  -4    1960  24     -5       43
  AVERAGE         22                        33    -11       48

PRECIPITATION (IN)
  YESTERDAY        0.17          0.99 2006   0.05   0.12     0.36
  MONTH TO DATE    0.55                      0.72  -0.17     1.41
  SINCE MAR 1      0.55                      0.72  -0.17     1.41
  SINCE JAN 1      6.10                      3.83   2.27     5.26

SNOWFALL (IN)
  YESTERDAY        2.0           4.0  2003   0.2    1.8      0.0
  MONTH TO DATE    3.7                       3.5    0.2     11.2
  SINCE MAR 1      3.7                       3.5    0.2     11.2
  SINCE JUL 1     36.2                      42.1   -5.9     61.8
  SNOW DEPTH       1

DEGREE DAYS
 HEATING
  YESTERDAY       43                        32     11       17
  MONTH TO DATE  444                       446     -2      335
  SINCE MAR 1    444                       446     -2      335
  SINCE JUL 1   4593                      5534   -941     4205

 COOLING
  YESTERDAY        0                         0      0        0
  MONTH TO DATE    0                         0      0        1
  SINCE MAR 1      0                         0      0        1
  SINCE JAN 1      0                         0      0        1
..................................................................


WIND (MPH)
  HIGHEST WIND SPEED    18   HIGHEST WIND DIRECTION     E (70)
  HIGHEST GUST SPEED    22   HIGHEST GUST DIRECTION     E (80)
  AVERAGE WIND SPEED    10.7


SKY COVER
  POSSIBLE SUNSHINE  MM
  AVERAGE SKY COVER 1.0


WEATHER CONDITIONS
 THE FOLLOWING WEATHER WAS RECORDED YESTERDAY.
  LIGHT SNOW
  FOG
  HAZE


RELATIVE HUMIDITY (PERCENT)
 HIGHEST    91           500 AM
 LOWEST     62          1200 AM
 AVERAGE    77

..........................................................


THE FLINT MI CLIMATE NORMALS FOR TODAY
                         NORMAL    RECORD    YEAR
 MAXIMUM TEMPERATURE (F)   43        76      2012
                                             1990
 MINIMUM TEMPERATURE (F)   24         5      1993
                                             1970


SUNRISE AND SUNSET
MARCH 14 2017.........SUNRISE   748 AM EDT   SUNSET   740 PM EDT
MARCH 15 2017.........SUNRISE   747 AM EDT   SUNSET   742 PM EDT


-  INDICATES NEGATIVE NUMBERS.
R  INDICATES RECORD WAS SET OR TIED.
MM INDICATES DATA IS MISSING.
T  INDICATES TRACE AMOUNT.




$$
