000
CDUS43 KDTX 022028
CLIFNT


CLIMATE REPORT
NATIONAL WEATHER SERVICE DETROIT/PONTIAC MI
428 PM EDT TUE MAY 2 2017


...................................

...THE FLINT MI CLIMATE SUMMARY FOR MAY 2 2017...
VALID TODAY AS OF 0400 PM LOCAL TIME.

CLIMATE NORMAL PERIOD 1981 TO 2010
CLIMATE RECORD PERIOD 1921 TO 2017


WEATHER ITEM   OBSERVED TIME   RECORD YEAR NORMAL DEPARTURE LAST
                VALUE   (LST)  VALUE       VALUE  FROM      YEAR
                                                  NORMAL
..................................................................
TEMPERATURE (F)
 TODAY
  MAXIMUM         49    217 AM  85    2012  64    -15       61
  MINIMUM         42    741 AM  27    1984  41      1       42
  AVERAGE         46                        52     -6       52

PRECIPITATION (IN)
  TODAY            0.11          0.75 1962   0.09   0.02     0.30
  MONTH TO DATE    0.59                      0.19   0.40     0.38
  SINCE MAR 1      8.99                      4.99   4.00     7.04
  SINCE JAN 1     14.54                      8.10   6.44    10.89

SNOWFALL (IN)
  TODAY            0.0           0.1    MM   0.0    0.0      0.0
  MONTH TO DATE    0.0                       0.0    0.0      0.0
  SINCE MAR 1      6.9                       8.8   -1.9     18.4
  SINCE JUL 1     39.4                      47.4   -8.0     69.0
  SNOW DEPTH       0

DEGREE DAYS
 HEATING
  TODAY           19                        13      6       13
  MONTH TO DATE   27                        26      1       28
  SINCE MAR 1   1389                      1545   -156     1307
  SINCE JUL 1   5538                      6633  -1095     5177

 COOLING
  TODAY            0                         0      0        0
  MONTH TO DATE    0                         0      0        0
  SINCE MAR 1      3                         4     -1        1
  SINCE JAN 1      3                         4     -1        1
..................................................................


WIND (MPH)
  HIGHEST WIND SPEED    26   HIGHEST WIND DIRECTION     W (280)
  HIGHEST GUST SPEED    38   HIGHEST GUST DIRECTION     W (260)
  AVERAGE WIND SPEED    15.1


SKY COVER
  POSSIBLE SUNSHINE  MM
  AVERAGE SKY COVER 1.0


WEATHER CONDITIONS
 THE FOLLOWING WEATHER WAS RECORDED TODAY.
  LIGHT RAIN
  FOG


RELATIVE HUMIDITY (PERCENT)
 HIGHEST    96           700 AM
 LOWEST     66          1200 AM
 AVERAGE    81

..........................................................


THE FLINT MI CLIMATE NORMALS FOR TOMORROW
                         NORMAL    RECORD    YEAR
 MAXIMUM TEMPERATURE (F)   64        88      2012
                                             1938
 MINIMUM TEMPERATURE (F)   41        26      1986


SUNRISE AND SUNSET
MAY  2 2017...........SUNRISE   627 AM EDT   SUNSET   837 PM EDT
MAY  3 2017...........SUNRISE   626 AM EDT   SUNSET   838 PM EDT


-  INDICATES NEGATIVE NUMBERS.
R  INDICATES RECORD WAS SET OR TIED.
MM INDICATES DATA IS MISSING.
T  INDICATES TRACE AMOUNT.




$$
