000
CDUS43 KDTX 302152
CLIFNT


CLIMATE REPORT
NATIONAL WEATHER SERVICE DETROIT/PONTIAC MI
427 PM EST SAT DEC 30 2017


...................................

...THE FLINT MI CLIMATE SUMMARY FOR DECEMBER 30 2017...
VALID TODAY AS OF 0400 PM LOCAL TIME.

CLIMATE NORMAL PERIOD 1981 TO 2010
CLIMATE RECORD PERIOD 1921 TO 2017


WEATHER ITEM   OBSERVED TIME   RECORD YEAR NORMAL DEPARTURE LAST
                VALUE   (LST)  VALUE       VALUE  FROM      YEAR
                                                  NORMAL
..................................................................
TEMPERATURE (F)
 TODAY
  MAXIMUM         13    133 PM  59    1936  31    -18       30
  MINIMUM         11    839 AM -10    1976  17     -6       25
                                      1946
  AVERAGE         12                        24    -12       28

PRECIPITATION (IN)
  TODAY            0.04          1.18 1971   0.05  -0.01      T
  MONTH TO DATE    1.38                      1.86  -0.48     1.59
  SINCE DEC 1      1.38                      1.86  -0.48     1.59
  SINCE JAN 1     35.71                     31.31   4.40    30.74

SNOWFALL (IN)
  TODAY            0.6           4.4  1971   0.4    0.2      0.2
  MONTH TO DATE   23.3                      11.3   12.0     20.2
  SINCE DEC 1     23.3                      11.3   12.0     20.2
  SINCE JUL 1     23.7                      14.2    9.5     20.2
  SNOW DEPTH       5

DEGREE DAYS
 HEATING
  TODAY           53                        41     12       37
  MONTH TO DATE 1237                      1122    115     1119
  SINCE DEC 1   1237                      1122    115     1119
  SINCE JUL 1   2535                      2603    -68     2160

 COOLING
  TODAY            0                         0      0        0
  MONTH TO DATE    0                         0      0        0
  SINCE DEC 1      0                         0      0        0
  SINCE JAN 1    567                       531     36     1022
..................................................................


WIND (MPH)
  HIGHEST WIND SPEED    24   HIGHEST WIND DIRECTION    NW (300)
  HIGHEST GUST SPEED    29   HIGHEST GUST DIRECTION     W (280)
  AVERAGE WIND SPEED     9.2


SKY COVER
  POSSIBLE SUNSHINE  MM
  AVERAGE SKY COVER 1.0


WEATHER CONDITIONS
 THE FOLLOWING WEATHER WAS RECORDED TODAY.
  LIGHT SNOW
  FOG
  HAZE


RELATIVE HUMIDITY (PERCENT)
 HIGHEST    92           400 AM
 LOWEST     67          1200 PM
 AVERAGE    80

..........................................................


THE FLINT MI CLIMATE NORMALS FOR TOMORROW
                         NORMAL    RECORD    YEAR
 MAXIMUM TEMPERATURE (F)   31        61      1965
 MINIMUM TEMPERATURE (F)   17       -11      1976
                                             1963


SUNRISE AND SUNSET
DECEMBER 30 2017......SUNRISE   806 AM EST   SUNSET   509 PM EST
DECEMBER 31 2017......SUNRISE   806 AM EST   SUNSET   510 PM EST


-  INDICATES NEGATIVE NUMBERS.
R  INDICATES RECORD WAS SET OR TIED.
MM INDICATES DATA IS MISSING.
T  INDICATES TRACE AMOUNT.




$$
