000
CDUS43 KDTX 032025
CLIFNT


CLIMATE REPORT
NATIONAL WEATHER SERVICE DETROIT/PONTIAC MI
425 PM EDT WED AUG 3 2016


...................................

...THE FLINT MI CLIMATE SUMMARY FOR AUGUST 3 2016...
VALID TODAY AS OF 0400 PM LOCAL TIME.

CLIMATE NORMAL PERIOD 1981 TO 2010
CLIMATE RECORD PERIOD 1921 TO 2016


WEATHER ITEM   OBSERVED TIME   RECORD YEAR NORMAL DEPARTURE LAST
                VALUE   (LST)  VALUE       VALUE  FROM      YEAR
                                                  NORMAL
..................................................................
TEMPERATURE (F)
 TODAY
  MAXIMUM         93    250 PM  98    1930  81     12       80
  MINIMUM         62    554 AM  41    1965  59      3       60
  AVERAGE         78                        70      8       70

PRECIPITATION (IN)
  TODAY            0.00          1.66 2006   0.11  -0.11     0.06
  MONTH TO DATE    0.00                      0.32  -0.32     1.39
  SINCE JUN 1      2.42                      6.71  -4.29     9.79
  SINCE JAN 1     14.65                     17.70  -3.05    17.91

SNOWFALL (IN)
  TODAY            0.0           0.0    MM   0.0    0.0      0.0
  MONTH TO DATE    0.0                       0.0    0.0      0.0
  SINCE JUN 1      0.0                       0.0    0.0      0.0
  SINCE JUL 1      0.0                       0.0    0.0      0.0
  SNOW DEPTH       0

DEGREE DAYS
 HEATING
  TODAY            0                         1     -1        0
  MONTH TO DATE    0                         2     -2        0
  SINCE JUN 1     28                        83    -55       36
  SINCE JUL 1      0                        17    -17        8

 COOLING
  TODAY           13                         6      7        5
  MONTH TO DATE   38                        18     20       23
  SINCE JUN 1    565                       317    248      365
  SINCE JAN 1    644                       349    295      440
..................................................................


WIND (MPH)
  HIGHEST WIND SPEED     9   HIGHEST WIND DIRECTION    SW (210)
  HIGHEST GUST SPEED    13   HIGHEST GUST DIRECTION    SE (140)
  AVERAGE WIND SPEED     2.8


SKY COVER
  POSSIBLE SUNSHINE  MM
  AVERAGE SKY COVER 0.0


WEATHER CONDITIONS
 THE FOLLOWING WEATHER WAS RECORDED TODAY.
  NO SIGNIFICANT WEATHER WAS OBSERVED.


RELATIVE HUMIDITY (PERCENT)
 HIGHEST    90           600 AM
 LOWEST     32          1200 PM
 AVERAGE    61

..........................................................


THE FLINT MI CLIMATE NORMALS FOR TOMORROW
                         NORMAL    RECORD    YEAR
 MAXIMUM TEMPERATURE (F)   81        97      1944
                                             1930
 MINIMUM TEMPERATURE (F)   59        45      1970


SUNRISE AND SUNSET
AUGUST  3 2016........SUNRISE   629 AM EDT   SUNSET   853 PM EDT
AUGUST  4 2016........SUNRISE   630 AM EDT   SUNSET   852 PM EDT


-  INDICATES NEGATIVE NUMBERS.
R  INDICATES RECORD WAS SET OR TIED.
MM INDICATES DATA IS MISSING.
T  INDICATES TRACE AMOUNT.




$$
