000
CDUS43 KDTX 090555
CLIFNT


CLIMATE REPORT
NATIONAL WEATHER SERVICE DETROIT/PONTIAC MI
155 AM EDT TUE SEP 9 2014


...................................

...THE FLINT MI CLIMATE SUMMARY FOR SEPTEMBER 8 2014...

CLIMATE NORMAL PERIOD 1981 TO 2010
CLIMATE RECORD PERIOD 1921 TO 2014


WEATHER ITEM   OBSERVED TIME   RECORD YEAR NORMAL DEPARTURE LAST
                VALUE   (LST)  VALUE       VALUE  FROM      YEAR
                                                  NORMAL
..................................................................
TEMPERATURE (F)
 YESTERDAY
  MAXIMUM         78    448 PM  97    1933  75      3       74
  MINIMUM         52    614 AM  37    1986  53     -1       54
  AVERAGE         65                        64      1       64

PRECIPITATION (IN)
  YESTERDAY        0.00          2.34 1989   0.13  -0.13     0.00
  MONTH TO DATE    1.10                      0.96   0.14     0.11
  SINCE SEP 1      1.10                      0.96   0.14     0.11
  SINCE JAN 1     28.09                     21.52   6.57    25.70

SNOWFALL (IN)
  YESTERDAY        0.0           0.0    MM   0.0    0.0      0.0
  MONTH TO DATE    0.0                       0.0    0.0      0.0
  SINCE SEP 1      0.0                       0.0    0.0      0.0
  SINCE JUL 1      0.0                       0.0    0.0      0.0
  SNOW DEPTH       0

DEGREE DAYS
 HEATING
  YESTERDAY        0                         3     -3        1
  MONTH TO DATE    1                        20    -19       13
  SINCE SEP 1      1                        20    -19       13
  SINCE JUL 1     25                        64    -39       35

 COOLING
  YESTERDAY        0                         2     -2        0
  MONTH TO DATE   49                        21     28       17
  SINCE SEP 1     49                        21     28       17
  SINCE JAN 1    581                       498     83      687
..................................................................


WIND (MPH)
  HIGHEST WIND SPEED    13   HIGHEST WIND DIRECTION    SE (130)
  HIGHEST GUST SPEED    17   HIGHEST GUST DIRECTION     S (170)
  AVERAGE WIND SPEED     4.2


SKY COVER
  POSSIBLE SUNSHINE  MM
  AVERAGE SKY COVER 0.0


WEATHER CONDITIONS
 THE FOLLOWING WEATHER WAS RECORDED YESTERDAY.
  FOG


RELATIVE HUMIDITY (PERCENT)
 HIGHEST    93           500 AM
 LOWEST     35           300 PM
 AVERAGE    64

..........................................................


THE FLINT MI CLIMATE NORMALS FOR TODAY
                         NORMAL    RECORD    YEAR
 MAXIMUM TEMPERATURE (F)   75        96      1933
 MINIMUM TEMPERATURE (F)   53        38      1995
                                             1949
                                             1930


SUNRISE AND SUNSET
SEPTEMBER  9 2014.....SUNRISE   708 AM EDT   SUNSET   756 PM EDT
SEPTEMBER 10 2014.....SUNRISE   709 AM EDT   SUNSET   754 PM EDT


-  INDICATES NEGATIVE NUMBERS.
R  INDICATES RECORD WAS SET OR TIED.
MM INDICATES DATA IS MISSING.
T  INDICATES TRACE AMOUNT.




$$
