000
CDUS43 KDTX 250538
CLIFNT


CLIMATE REPORT
NATIONAL WEATHER SERVICE DETROIT/PONTIAC MI
138 AM EDT TUE AUG 25 2015


...................................

...THE FLINT MI CLIMATE SUMMARY FOR AUGUST 24 2015...

CLIMATE NORMAL PERIOD 1981 TO 2010
CLIMATE RECORD PERIOD 1921 TO 2015


WEATHER ITEM   OBSERVED TIME   RECORD YEAR NORMAL DEPARTURE LAST
                VALUE   (LST)  VALUE       VALUE  FROM      YEAR
                                                  NORMAL
..................................................................
TEMPERATURE (F)
 YESTERDAY
  MAXIMUM         76    218 PM 101    1947  79     -3       81
  MINIMUM         55    534 AM  40    1987  57     -2       64
                                      1951
  AVERAGE         66                        68     -2       73

PRECIPITATION (IN)
  YESTERDAY        0.00          2.64 1985   0.09  -0.09     0.00
  MONTH TO DATE    2.71                      2.44   0.27     3.73
  SINCE JUN 1     11.11                      8.83   2.28    11.95
  SINCE JAN 1     19.23                     19.82  -0.59    26.90

SNOWFALL (IN)
  YESTERDAY        0.0           0.0    MM   0.0    0.0      0.0
  MONTH TO DATE    0.0                       0.0    0.0      0.0
  SINCE JUN 1      0.0                       0.0    0.0      0.0
  SINCE JUL 1      0.0                       0.0    0.0      0.0
  SNOW DEPTH       0

DEGREE DAYS
 HEATING
  YESTERDAY        0                         1     -1        0
  MONTH TO DATE    0                        23    -23        7
  SINCE JUN 1     36                       104    -68       46
  SINCE JUL 1      8                        38    -30       24

 COOLING
  YESTERDAY        1                         4     -3        8
  MONTH TO DATE  178                       121     57      142
  SINCE JUN 1    520                       420    100      423
  SINCE JAN 1    595                       452    143      471
..................................................................


WIND (MPH)
  HIGHEST WIND SPEED    24   HIGHEST WIND DIRECTION     W (280)
  HIGHEST GUST SPEED    32   HIGHEST GUST DIRECTION     W (280)
  AVERAGE WIND SPEED    10.6


SKY COVER
  POSSIBLE SUNSHINE  MM
  AVERAGE SKY COVER 0.4


WEATHER CONDITIONS
 THE FOLLOWING WEATHER WAS RECORDED YESTERDAY.
  NO SIGNIFICANT WEATHER WAS OBSERVED.


RELATIVE HUMIDITY (PERCENT)
 HIGHEST    86           100 AM
 LOWEST     41           300 PM
 AVERAGE    64

..........................................................


THE FLINT MI CLIMATE NORMALS FOR TODAY
                         NORMAL    RECORD    YEAR
 MAXIMUM TEMPERATURE (F)   79        95      1948
 MINIMUM TEMPERATURE (F)   57        41      1923


SUNRISE AND SUNSET
AUGUST 25 2015........SUNRISE   651 AM EDT   SUNSET   822 PM EDT
AUGUST 26 2015........SUNRISE   653 AM EDT   SUNSET   820 PM EDT


-  INDICATES NEGATIVE NUMBERS.
R  INDICATES RECORD WAS SET OR TIED.
MM INDICATES DATA IS MISSING.
T  INDICATES TRACE AMOUNT.




$$
