141
CDUS43 KDTX 130550
CLIFNT


CLIMATE REPORT
NATIONAL WEATHER SERVICE DETROIT/PONTIAC MI
1250 AM EST MON FEB 13 2017


...................................

...THE FLINT MI CLIMATE SUMMARY FOR FEBRUARY 12 2017...

CLIMATE NORMAL PERIOD 1981 TO 2010
CLIMATE RECORD PERIOD 1921 TO 2017


WEATHER ITEM   OBSERVED TIME   RECORD YEAR NORMAL DEPARTURE LAST
                VALUE   (LST)  VALUE       VALUE  FROM      YEAR
                                                  NORMAL
..................................................................
TEMPERATURE (F)
 YESTERDAY
  MAXIMUM         40    403 PM  58    1999  32      8       24
                                      1932
  MINIMUM         31   1159 PM -22    1967  16     15        8
  AVERAGE         36                        24     12       16

PRECIPITATION (IN)
  YESTERDAY        0.16          1.25 1938   0.05   0.11     0.03
  MONTH TO DATE    0.93                      0.58   0.35     1.15
  SINCE DEC 1      5.65                      4.13   1.52     4.69
  SINCE JAN 1      4.06                      2.21   1.85     2.79

SNOWFALL (IN)
  YESTERDAY        0.1           3.7  2003   0.4   -0.3      1.0
  MONTH TO DATE    1.4                       4.8   -3.4     11.0
  SINCE DEC 1     32.0                      29.7    2.3     28.1
  SINCE JUL 1     32.0                      32.6   -0.6     38.9
  SNOW DEPTH       0

DEGREE DAYS
 HEATING
  YESTERDAY       29                        41    -12       49
  MONTH TO DATE  465                       500    -35      418
  SINCE DEC 1   2726                      2983   -257     2294
  SINCE JUL 1   3767                      4464   -697     3275

 COOLING
  YESTERDAY        0                         0      0        0
  MONTH TO DATE    0                         0      0        0
  SINCE DEC 1      0                         0      0        0
  SINCE JAN 1      0                         0      0        0
..................................................................


WIND (MPH)
  HIGHEST WIND SPEED    37   HIGHEST WIND DIRECTION     W (280)
  HIGHEST GUST SPEED    46   HIGHEST GUST DIRECTION     W (270)
  AVERAGE WIND SPEED    13.7


SKY COVER
  POSSIBLE SUNSHINE  MM
  AVERAGE SKY COVER 1.0


WEATHER CONDITIONS
 THE FOLLOWING WEATHER WAS RECORDED YESTERDAY.
  LIGHT RAIN
  LIGHT SNOW
  FOG


RELATIVE HUMIDITY (PERCENT)
 HIGHEST   100           800 AM
 LOWEST     49          1100 PM
 AVERAGE    75

..........................................................


THE FLINT MI CLIMATE NORMALS FOR TODAY
                         NORMAL    RECORD    YEAR
 MAXIMUM TEMPERATURE (F)   32        57      1938
 MINIMUM TEMPERATURE (F)   16        -8      2015


SUNRISE AND SUNSET
FEBRUARY 13 2017......SUNRISE   735 AM EST   SUNSET   604 PM EST
FEBRUARY 14 2017......SUNRISE   733 AM EST   SUNSET   605 PM EST


-  INDICATES NEGATIVE NUMBERS.
R  INDICATES RECORD WAS SET OR TIED.
MM INDICATES DATA IS MISSING.
T  INDICATES TRACE AMOUNT.




$$
