000
CDUS43 KDTX 080540
CLIFNT


CLIMATE REPORT
NATIONAL WEATHER SERVICE DETROIT/PONTIAC MI
1240 AM EST WED MAR 8 2017


...................................

...THE FLINT MI CLIMATE SUMMARY FOR MARCH 7 2017...

CLIMATE NORMAL PERIOD 1981 TO 2010
CLIMATE RECORD PERIOD 1921 TO 2017


WEATHER ITEM   OBSERVED TIME   RECORD YEAR NORMAL DEPARTURE LAST
                VALUE   (LST)  VALUE       VALUE  FROM      YEAR
                                                  NORMAL
..................................................................
TEMPERATURE (F)
 YESTERDAY
  MAXIMUM         59        MM  75    2000  40     19       63
  MINIMUM         39        MM  -6    1999  22     17       41
  AVERAGE         49                        31     18       52

PRECIPITATION (IN)
  YESTERDAY        T             0.86 2009   0.05  -0.05      T
  MONTH TO DATE    0.38                      0.39  -0.01     0.84
  SINCE MAR 1      0.38                      0.39  -0.01     0.84
  SINCE JAN 1      5.93                      3.50   2.43     4.69

SNOWFALL (IN)
  YESTERDAY        0.0           3.2  1975   0.3   -0.3      0.0
  MONTH TO DATE    1.5                       2.0   -0.5     11.2
  SINCE MAR 1      1.5                       2.0   -0.5     11.2
  SINCE JUL 1     34.0                      40.6   -6.6     61.8
  SNOW DEPTH       0

DEGREE DAYS
 HEATING
  YESTERDAY       16                        34    -18       13
  MONTH TO DATE  218                       247    -29      263
  SINCE MAR 1    218                       247    -29      263
  SINCE JUL 1   4367                      5335   -968     4133

 COOLING
  YESTERDAY        0                         0      0        0
  MONTH TO DATE    0                         0      0        0
  SINCE MAR 1      0                         0      0        0
  SINCE JAN 1      0                         0      0        0
..................................................................


WIND (MPH)
  HIGHEST WIND SPEED    27   HIGHEST WIND DIRECTION     W (280)
  HIGHEST GUST SPEED    40   HIGHEST GUST DIRECTION    SW (230)
  AVERAGE WIND SPEED    16.7


SKY COVER
  POSSIBLE SUNSHINE  MM
  AVERAGE SKY COVER 0.5


WEATHER CONDITIONS
 THE FOLLOWING WEATHER WAS RECORDED YESTERDAY.
  LIGHT RAIN


RELATIVE HUMIDITY (PERCENT)
 HIGHEST    86          1200 AM
 LOWEST     34           500 PM
 AVERAGE    60

..........................................................


THE FLINT MI CLIMATE NORMALS FOR TODAY
                         NORMAL    RECORD    YEAR
 MAXIMUM TEMPERATURE (F)   40        80      2000
 MINIMUM TEMPERATURE (F)   22       -10      1943


SUNRISE AND SUNSET
MARCH  8 2017.........SUNRISE   659 AM EST   SUNSET   633 PM EST
MARCH  9 2017.........SUNRISE   657 AM EST   SUNSET   634 PM EST


-  INDICATES NEGATIVE NUMBERS.
R  INDICATES RECORD WAS SET OR TIED.
MM INDICATES DATA IS MISSING.
T  INDICATES TRACE AMOUNT.




$$
