000
CDUS43 KDTX 262027
CLIFNT


CLIMATE REPORT
NATIONAL WEATHER SERVICE DETROIT/PONTIAC MI
426 PM EDT WED MAR 26 2014


...................................

...THE FLINT MI CLIMATE SUMMARY FOR MARCH 26 2014...
VALID TODAY AS OF 0400 PM LOCAL TIME.

CLIMATE NORMAL PERIOD 1981 TO 2010
CLIMATE RECORD PERIOD 1921 TO 2014


WEATHER ITEM   OBSERVED TIME   RECORD YEAR NORMAL DEPARTURE LAST
                VALUE   (LST)  VALUE       VALUE  FROM      YEAR
                                                  NORMAL
..................................................................
TEMPERATURE (F)
 TODAY
  MAXIMUM         30    257 PM  76    2007  48    -18       44
  MINIMUM          9    554 AM   4    2001  28    -19       33
  AVERAGE         20                        38    -18       39

PRECIPITATION (IN)
  TODAY            0.00          0.98 1927   0.07  -0.07      T
  MONTH TO DATE    1.04                      1.54  -0.50     0.76
  SINCE MAR 1      1.04                      1.54  -0.50     0.76
  SINCE JAN 1      5.05                      4.65   0.40     6.22

SNOWFALL (IN)
  TODAY            0.0           4.8  1970   0.1   -0.1      0.1
  MONTH TO DATE    9.4                       5.8    3.6      5.1
  SINCE MAR 1      9.4                       5.8    3.6      5.1
  SINCE JUL 1     82.6                      44.4   38.2     43.6
  SNOW DEPTH       1

DEGREE DAYS
 HEATING
  TODAY           45                        27     18       26
  MONTH TO DATE 1073                       828    245      896
  SINCE MAR 1   1073                       828    245      896
  SINCE JUL 1   6594                      5916    678     5549

 COOLING
  TODAY            0                         0      0        0
  MONTH TO DATE    0                         0      0        0
  SINCE MAR 1      0                         0      0        0
  SINCE JAN 1      0                         0      0        0
..................................................................


WIND (MPH)
  HIGHEST WIND SPEED    14   HIGHEST WIND DIRECTION    SW (220)
  HIGHEST GUST SPEED    19   HIGHEST GUST DIRECTION     W (280)
  AVERAGE WIND SPEED     4.2


SKY COVER
  POSSIBLE SUNSHINE  MM
  AVERAGE SKY COVER 0.1


WEATHER CONDITIONS
 THE FOLLOWING WEATHER WAS RECORDED TODAY.
  NO SIGNIFICANT WEATHER WAS OBSERVED.


RELATIVE HUMIDITY (PERCENT)
 HIGHEST    83           500 AM
 LOWEST     38           100 PM
 AVERAGE    61

..........................................................


THE FLINT MI CLIMATE NORMALS FOR TOMORROW
                         NORMAL    RECORD    YEAR
 MAXIMUM TEMPERATURE (F)   48        78      1989
                                             1945
 MINIMUM TEMPERATURE (F)   29        -2      1965


SUNRISE AND SUNSET
MARCH 26 2014.........SUNRISE   728 AM EDT   SUNSET   754 PM EDT
MARCH 27 2014.........SUNRISE   726 AM EDT   SUNSET   755 PM EDT


-  INDICATES NEGATIVE NUMBERS.
R  INDICATES RECORD WAS SET OR TIED.
MM INDICATES DATA IS MISSING.
T  INDICATES TRACE AMOUNT.




$$
