000
CDUS43 KDTX 080537
CLIFNT


CLIMATE REPORT
NATIONAL WEATHER SERVICE DETROIT/PONTIAC MI
137 AM EDT MON SEP 8 2014


...................................

...THE FLINT MI CLIMATE SUMMARY FOR SEPTEMBER 7 2014...

CLIMATE NORMAL PERIOD 1981 TO 2010
CLIMATE RECORD PERIOD 1921 TO 2014


WEATHER ITEM   OBSERVED TIME   RECORD YEAR NORMAL DEPARTURE LAST
                VALUE   (LST)  VALUE       VALUE  FROM      YEAR
                                                  NORMAL
..................................................................
TEMPERATURE (F)
 YESTERDAY
  MAXIMUM         77    349 PM  93    1960  76      1       79
  MINIMUM         50    554 AM  38    1986  53     -3       61
                                      1962
  AVERAGE         64                        64      0       70

PRECIPITATION (IN)
  YESTERDAY        0.00          1.10 1927   0.11  -0.11     0.05
  MONTH TO DATE    1.10                      0.83   0.27     0.11
  SINCE SEP 1      1.10                      0.83   0.27     0.11
  SINCE JAN 1     28.09                     21.39   6.70    25.70

SNOWFALL (IN)
  YESTERDAY        0.0           0.0    MM   0.0    0.0      0.0
  MONTH TO DATE    0.0                       0.0    0.0      0.0
  SINCE SEP 1      0.0                       0.0    0.0      0.0
  SINCE JUL 1      0.0                       0.0    0.0      0.0
  SNOW DEPTH       0

DEGREE DAYS
 HEATING
  YESTERDAY        1                         3     -2        0
  MONTH TO DATE    1                        17    -16       12
  SINCE SEP 1      1                        17    -16       12
  SINCE JUL 1     25                        61    -36       34

 COOLING
  YESTERDAY        0                         2     -2        5
  MONTH TO DATE   49                        19     30       17
  SINCE SEP 1     49                        19     30       17
  SINCE JAN 1    581                       496     85      687
..................................................................


WIND (MPH)
  HIGHEST WIND SPEED     9   HIGHEST WIND DIRECTION    SW (240)
  HIGHEST GUST SPEED    12   HIGHEST GUST DIRECTION    SW (240)
  AVERAGE WIND SPEED     2.8


SKY COVER
  POSSIBLE SUNSHINE  MM
  AVERAGE SKY COVER 0.0


WEATHER CONDITIONS
 THE FOLLOWING WEATHER WAS RECORDED YESTERDAY.
  FOG


RELATIVE HUMIDITY (PERCENT)
 HIGHEST    89           400 AM
 LOWEST     38           100 PM
 AVERAGE    64

..........................................................


THE FLINT MI CLIMATE NORMALS FOR TODAY
                         NORMAL    RECORD    YEAR
 MAXIMUM TEMPERATURE (F)   75        97      1933
 MINIMUM TEMPERATURE (F)   53        37      1986


SUNRISE AND SUNSET
SEPTEMBER  8 2014.....SUNRISE   707 AM EDT   SUNSET   757 PM EDT
SEPTEMBER  9 2014.....SUNRISE   708 AM EDT   SUNSET   756 PM EDT


-  INDICATES NEGATIVE NUMBERS.
R  INDICATES RECORD WAS SET OR TIED.
MM INDICATES DATA IS MISSING.
T  INDICATES TRACE AMOUNT.




$$
