000
CDUS43 KDTX 160541
CLIFNT


CLIMATE REPORT
NATIONAL WEATHER SERVICE DETROIT/PONTIAC MI
1241 AM EST THU FEB 16 2017


...................................

...THE FLINT MI CLIMATE SUMMARY FOR FEBRUARY 15 2017...

CLIMATE NORMAL PERIOD 1981 TO 2010
CLIMATE RECORD PERIOD 1921 TO 2017


WEATHER ITEM   OBSERVED TIME   RECORD YEAR NORMAL DEPARTURE LAST
                VALUE   (LST)  VALUE       VALUE  FROM      YEAR
                                                  NORMAL
..................................................................
TEMPERATURE (F)
 YESTERDAY
  MAXIMUM         32    136 AM  62    1954  33     -1       29
  MINIMUM         24   1159 PM -17    2015  17      7       18
  AVERAGE         28                        25      3       24

PRECIPITATION (IN)
  YESTERDAY        T             0.55 1992   0.05  -0.05     0.02
  MONTH TO DATE    0.94                      0.74   0.20     1.17
  SINCE DEC 1      5.66                      4.29   1.37     4.71
  SINCE JAN 1      4.07                      2.37   1.70     2.81

SNOWFALL (IN)
  YESTERDAY        0.3           4.6  1975   0.4   -0.1      0.4
  MONTH TO DATE    1.8                       6.0   -4.2     11.4
  SINCE DEC 1     32.4                      30.9    1.5     28.5
  SINCE JUL 1     32.4                      33.8   -1.4     39.3
  SNOW DEPTH       T

DEGREE DAYS
 HEATING
  YESTERDAY       37                        40     -3       41
  MONTH TO DATE  560                       622    -62      579
  SINCE DEC 1   2821                      3105   -284     2455
  SINCE JUL 1   3862                      4586   -724     3436

 COOLING
  YESTERDAY        0                         0      0        0
  MONTH TO DATE    0                         0      0        0
  SINCE DEC 1      0                         0      0        0
  SINCE JAN 1      0                         0      0        0
..................................................................


WIND (MPH)
  HIGHEST WIND SPEED    26   HIGHEST WIND DIRECTION    NW (320)
  HIGHEST GUST SPEED    36   HIGHEST GUST DIRECTION    NW (320)
  AVERAGE WIND SPEED    16.1


SKY COVER
  POSSIBLE SUNSHINE  MM
  AVERAGE SKY COVER 1.0


WEATHER CONDITIONS
 THE FOLLOWING WEATHER WAS RECORDED YESTERDAY.
  LIGHT SNOW
  HAZE


RELATIVE HUMIDITY (PERCENT)
 HIGHEST    85          1200 AM
 LOWEST     63           800 PM
 AVERAGE    74

..........................................................


THE FLINT MI CLIMATE NORMALS FOR TODAY
                         NORMAL    RECORD    YEAR
 MAXIMUM TEMPERATURE (F)   33        58      1921
 MINIMUM TEMPERATURE (F)   17       -21      2015


SUNRISE AND SUNSET
FEBRUARY 16 2017......SUNRISE   731 AM EST   SUNSET   608 PM EST
FEBRUARY 17 2017......SUNRISE   729 AM EST   SUNSET   609 PM EST


-  INDICATES NEGATIVE NUMBERS.
R  INDICATES RECORD WAS SET OR TIED.
MM INDICATES DATA IS MISSING.
T  INDICATES TRACE AMOUNT.




$$
