000
CDUS43 KDTX 192032
CLIFNT


CLIMATE REPORT
NATIONAL WEATHER SERVICE DETROIT/PONTIAC MI
431 PM EDT FRI JUN 19 2015


...................................

...THE FLINT MI CLIMATE SUMMARY FOR JUNE 19 2015...
VALID TODAY AS OF 0400 PM LOCAL TIME.

CLIMATE NORMAL PERIOD 1981 TO 2010
CLIMATE RECORD PERIOD 1921 TO 2015


WEATHER ITEM   OBSERVED TIME   RECORD YEAR NORMAL DEPARTURE LAST
                VALUE   (LST)  VALUE       VALUE  FROM      YEAR
                                                  NORMAL
..................................................................
TEMPERATURE (F)
 TODAY
  MAXIMUM         75    259 PM  96    1995  79     -4       77
                                      1933
  MINIMUM         60    709 AM  44    2005  56      4       59
                                      1970
                                      1959
  AVERAGE         68                        68      0       68

PRECIPITATION (IN)
  TODAY            0.00          1.70 1993   0.10  -0.10     0.00
  MONTH TO DATE    3.43                      1.97   1.46     1.33
  SINCE JUN 1      3.43                      1.97   1.46     1.33
  SINCE JAN 1     11.55                     12.96  -1.41    16.28

SNOWFALL (IN)
  TODAY            0.0           0.0    MM   0.0    0.0      0.0
  MONTH TO DATE    0.0                       0.0    0.0      0.0
  SINCE JUN 1      0.0                       0.0    0.0      0.0
  SINCE JUL 1     45.3                      47.4   -2.1     83.9
  SNOW DEPTH       0

DEGREE DAYS
 HEATING
  TODAY            0                         1     -1        0
  MONTH TO DATE   26                        55    -29       20
  SINCE JUN 1     26                        55    -29       20
  SINCE JUL 1   6946                      6942      4     7477

 COOLING
  TODAY            3                         4     -1        3
  MONTH TO DATE   78                        55     23       78
  SINCE JUN 1     78                        55     23       78
  SINCE JAN 1    153                        87     66      126
..................................................................


WIND (MPH)
  HIGHEST WIND SPEED    15   HIGHEST WIND DIRECTION    NE (60)
  HIGHEST GUST SPEED    20   HIGHEST GUST DIRECTION     N (20)
  AVERAGE WIND SPEED     7.8


SKY COVER
  POSSIBLE SUNSHINE  MM
  AVERAGE SKY COVER 0.4


WEATHER CONDITIONS
 THE FOLLOWING WEATHER WAS RECORDED TODAY.
  NO SIGNIFICANT WEATHER WAS OBSERVED.


RELATIVE HUMIDITY (PERCENT)
 HIGHEST    90           100 AM
 LOWEST     38           200 PM
 AVERAGE    64

..........................................................


THE FLINT MI CLIMATE NORMALS FOR TOMORROW
                         NORMAL    RECORD    YEAR
 MAXIMUM TEMPERATURE (F)   79        97      1988
                                             1953
                                             1933
 MINIMUM TEMPERATURE (F)   57        40      1970
                                             1926


SUNRISE AND SUNSET
JUNE 19 2015..........SUNRISE   556 AM EDT   SUNSET   917 PM EDT
JUNE 20 2015..........SUNRISE   556 AM EDT   SUNSET   917 PM EDT


-  INDICATES NEGATIVE NUMBERS.
R  INDICATES RECORD WAS SET OR TIED.
MM INDICATES DATA IS MISSING.
T  INDICATES TRACE AMOUNT.




$$
