000
CDUS43 KDTX 160545
CLIFNT


CLIMATE REPORT
NATIONAL WEATHER SERVICE DETROIT/PONTIAC MI
1245 AM EST WED NOV 16 2016


...................................

...THE FLINT MI CLIMATE SUMMARY FOR NOVEMBER 15 2016...

CLIMATE NORMAL PERIOD 1981 TO 2010
CLIMATE RECORD PERIOD 1921 TO 2016


WEATHER ITEM   OBSERVED TIME   RECORD YEAR NORMAL DEPARTURE LAST
                VALUE   (LST)  VALUE       VALUE  FROM      YEAR
                                                  NORMAL
..................................................................
TEMPERATURE (F)
 YESTERDAY
  MAXIMUM         60    252 PM  69    1990  47     13       67
  MINIMUM         33    753 AM  10    1933  31      2       46
  AVERAGE         47                        39      8       57

PRECIPITATION (IN)
  YESTERDAY        0.00          1.08 1973   0.10  -0.10     0.00
  MONTH TO DATE    0.61                      1.37  -0.76     0.56
  SINCE SEP 1      8.20                      7.59   0.61     6.35
  SINCE JAN 1     27.75                     28.15  -0.40    25.72

SNOWFALL (IN)
  YESTERDAY        0.0           2.1  1997   0.0    0.0      0.0
  MONTH TO DATE    0.0                       0.5   -0.5       T
  SINCE SEP 1      T                         0.9   -0.9       T
  SINCE JUL 1      T                         0.9   -0.9       T
  SNOW DEPTH       0

DEGREE DAYS
 HEATING
  YESTERDAY       18                        26     -8        8
  MONTH TO DATE  239                       348   -109      209
  SINCE SEP 1    678                      1000   -322      604
  SINCE JUL 1    678                      1044   -366      626

 COOLING
  YESTERDAY        0                         0      0        0
  MONTH TO DATE    0                         0      0        2
  SINCE SEP 1     83                        54     29      153
  SINCE JAN 1   1022                       531    491      766
..................................................................


WIND (MPH)
  HIGHEST WIND SPEED    15   HIGHEST WIND DIRECTION     W (280)
  HIGHEST GUST SPEED    19   HIGHEST GUST DIRECTION     W (280)
  AVERAGE WIND SPEED     3.6


SKY COVER
  POSSIBLE SUNSHINE  MM
  AVERAGE SKY COVER 0.2


WEATHER CONDITIONS
 THE FOLLOWING WEATHER WAS RECORDED YESTERDAY.
  FOG
  HAZE


RELATIVE HUMIDITY (PERCENT)
 HIGHEST    96           800 AM
 LOWEST     57           300 PM
 AVERAGE    77

..........................................................


THE FLINT MI CLIMATE NORMALS FOR TODAY
                         NORMAL    RECORD    YEAR
 MAXIMUM TEMPERATURE (F)   47        68      1953
                                             1931
 MINIMUM TEMPERATURE (F)   31         7      1933


SUNRISE AND SUNSET
NOVEMBER 16 2016......SUNRISE   729 AM EST   SUNSET   510 PM EST
NOVEMBER 17 2016......SUNRISE   730 AM EST   SUNSET   509 PM EST


-  INDICATES NEGATIVE NUMBERS.
R  INDICATES RECORD WAS SET OR TIED.
MM INDICATES DATA IS MISSING.
T  INDICATES TRACE AMOUNT.




$$
