000
CDUS43 KDTX 230556
CLIFNT


CLIMATE REPORT
NATIONAL WEATHER SERVICE DETROIT/PONTIAC MI
1237 AM EST MON FEB 23 2015


...................................

...THE FLINT MI CLIMATE SUMMARY FOR FEBRUARY 22 2015...

CLIMATE NORMAL PERIOD 1981 TO 2010
CLIMATE RECORD PERIOD 1921 TO 2015


WEATHER ITEM   OBSERVED TIME   RECORD YEAR NORMAL DEPARTURE LAST
                VALUE   (LST)  VALUE       VALUE  FROM      YEAR
                                                  NORMAL
..................................................................
TEMPERATURE (F)
 YESTERDAY
  MAXIMUM         24    916 AM  65    1930  35    -11       35
  MINIMUM          2   1159 PM  -5    1963  18    -16       25
  AVERAGE         13                        26    -13       30

PRECIPITATION (IN)
  YESTERDAY        0.03          0.95 1922   0.06  -0.03     0.00
  MONTH TO DATE    0.83                      1.12  -0.29     1.45
  SINCE DEC 1      3.77                      4.67  -0.90     5.83
  SINCE JAN 1      2.13                      2.75  -0.62     3.98

SNOWFALL (IN)
  YESTERDAY        0.6           5.3  1950   0.4    0.2      0.0
  MONTH TO DATE   17.0                       8.7    8.3     20.4
  SINCE DEC 1     30.7                      33.6   -2.9     70.2
  SINCE JUL 1     40.1                      36.5    3.6     71.8
  SNOW DEPTH       8

DEGREE DAYS
 HEATING
  YESTERDAY       52                        39     13       35
  MONTH TO DATE 1146                       898    248     1046
  SINCE DEC 1   3494                      3381    113     3800
  SINCE JUL 1   4958                      4862     96     5199

 COOLING
  YESTERDAY        0                         0      0        0
  MONTH TO DATE    0                         0      0        0
  SINCE DEC 1      0                         0      0        0
  SINCE JAN 1      0                         0      0        0
..................................................................


WIND (MPH)
  HIGHEST WIND SPEED    20   HIGHEST WIND DIRECTION    NW (330)
  HIGHEST GUST SPEED    24   HIGHEST GUST DIRECTION    NW (320)
  AVERAGE WIND SPEED     9.4


SKY COVER
  POSSIBLE SUNSHINE  MM
  AVERAGE SKY COVER 0.9


WEATHER CONDITIONS
 THE FOLLOWING WEATHER WAS RECORDED YESTERDAY.
  LIGHT SNOW
  FOG
  HAZE


RELATIVE HUMIDITY (PERCENT)
 HIGHEST    84           700 AM
 LOWEST     56           200 PM
 AVERAGE    70

..........................................................


THE FLINT MI CLIMATE NORMALS FOR TODAY
                         NORMAL    RECORD    YEAR
 MAXIMUM TEMPERATURE (F)   35        63      1984
 MINIMUM TEMPERATURE (F)   18       -10      2011


SUNRISE AND SUNSET
FEBRUARY 23 2015......SUNRISE   721 AM EST   SUNSET   616 PM EST
FEBRUARY 24 2015......SUNRISE   719 AM EST   SUNSET   618 PM EST


-  INDICATES NEGATIVE NUMBERS.
R  INDICATES RECORD WAS SET OR TIED.
MM INDICATES DATA IS MISSING.
T  INDICATES TRACE AMOUNT.




$$
