193
CDUS43 KDTX 012127
CLIFNT


CLIMATE REPORT
NATIONAL WEATHER SERVICE DETROIT/PONTIAC MI
426 PM EST FRI DEC 1 2017


...................................

...THE FLINT MI CLIMATE SUMMARY FOR DECEMBER 1 2017...
VALID TODAY AS OF 0400 PM LOCAL TIME.

CLIMATE NORMAL PERIOD 1981 TO 2010
CLIMATE RECORD PERIOD 1921 TO 2017


WEATHER ITEM   OBSERVED TIME   RECORD YEAR NORMAL DEPARTURE LAST
                VALUE   (LST)  VALUE       VALUE  FROM      YEAR
                                                  NORMAL
..................................................................
TEMPERATURE (F)
 TODAY
  MAXIMUM         47    316 PM  63    1982  39      8       42
                                      1970
  MINIMUM         22    709 AM   4    1966  26     -4       34
  AVERAGE         35                        32      3       38

PRECIPITATION (IN)
  TODAY            0.00          0.88 2006   0.07  -0.07     0.05
  MONTH TO DATE    0.00                      0.07  -0.07     0.05
  SINCE DEC 1      0.00                      0.07  -0.07     0.05
  SINCE JAN 1     34.33                     29.52   4.81    29.20

SNOWFALL (IN)
  TODAY            0.0           7.9  1974   0.3   -0.3       T
  MONTH TO DATE    0.0                       0.3   -0.3       T
  SINCE DEC 1      0.0                       0.3   -0.3       T
  SINCE JUL 1      0.4                       3.2   -2.8       T
  SNOW DEPTH       0

DEGREE DAYS
 HEATING
  TODAY           30                        32     -2       27
  MONTH TO DATE   30                        32     -2       27
  SINCE DEC 1     30                        32     -2       27
  SINCE JUL 1   1328                      1513   -185     1068

 COOLING
  TODAY            0                         0      0        0
  MONTH TO DATE    0                         0      0        0
  SINCE DEC 1      0                         0      0        0
  SINCE JAN 1    567                       531     36     1022
..................................................................


WIND (MPH)
  HIGHEST WIND SPEED    14   HIGHEST WIND DIRECTION    SW (220)
  HIGHEST GUST SPEED    17   HIGHEST GUST DIRECTION    SW (230)
  AVERAGE WIND SPEED     4.7


SKY COVER
  POSSIBLE SUNSHINE  MM
  AVERAGE SKY COVER 0.0


WEATHER CONDITIONS
 THE FOLLOWING WEATHER WAS RECORDED TODAY.
  NO SIGNIFICANT WEATHER WAS OBSERVED.


RELATIVE HUMIDITY (PERCENT)
 HIGHEST   100           600 AM
 LOWEST     45           200 PM
 AVERAGE    73

..........................................................


THE FLINT MI CLIMATE NORMALS FOR TOMORROW
                         NORMAL    RECORD    YEAR
 MAXIMUM TEMPERATURE (F)   39        66      1982
 MINIMUM TEMPERATURE (F)   25        -5      1976


SUNRISE AND SUNSET
DECEMBER  1 2017......SUNRISE   747 AM EST   SUNSET   501 PM EST
DECEMBER  2 2017......SUNRISE   748 AM EST   SUNSET   501 PM EST


-  INDICATES NEGATIVE NUMBERS.
R  INDICATES RECORD WAS SET OR TIED.
MM INDICATES DATA IS MISSING.
T  INDICATES TRACE AMOUNT.




$$
