000
CDUS43 KDTX 110540
CLIFNT


CLIMATE REPORT
NATIONAL WEATHER SERVICE DETROIT/PONTIAC MI
140 AM EDT MON APR 11 2016


...................................

...THE FLINT MI CLIMATE SUMMARY FOR APRIL 10 2016...

CLIMATE NORMAL PERIOD 1981 TO 2010
CLIMATE RECORD PERIOD 1921 TO 2016


WEATHER ITEM   OBSERVED TIME   RECORD YEAR NORMAL DEPARTURE LAST
                VALUE   (LST)  VALUE       VALUE  FROM      YEAR
                                                  NORMAL
..................................................................
TEMPERATURE (F)
 YESTERDAY
  MAXIMUM         42   1159 PM  83    2011  55    -13       67
  MINIMUM         26   1206 AM  16    1989  34     -8       39
  AVERAGE         34                        44    -10       53

PRECIPITATION (IN)
  YESTERDAY        0.60          0.91 2013   0.11   0.49     0.04
  MONTH TO DATE    1.36                      0.93   0.43     1.17
  SINCE MAR 1      5.69                      2.84   2.85     2.09
  SINCE JAN 1      9.54                      5.95   3.59     4.26

SNOWFALL (IN)
  YESTERDAY        3.1 R         0.4  1982   0.1    3.0      0.0
  MONTH TO DATE    6.8                       1.2    5.6       T
  SINCE MAR 1     18.4                       7.7   10.7      4.5
  SINCE JUL 1     68.8                      46.3   22.5     45.0
  SNOW DEPTH       T

DEGREE DAYS
 HEATING
  YESTERDAY       31                        21     10       12
  MONTH TO DATE  295                       225     70      182
  SINCE MAR 1   1006                      1182   -176     1172
  SINCE JUL 1   4876                      6270  -1394     6480

 COOLING
  YESTERDAY        0                         0      0        0
  MONTH TO DATE    0                         0      0        0
  SINCE MAR 1      1                         0      1        0
  SINCE JAN 1      1                         0      1        0
..................................................................


WIND (MPH)
  HIGHEST WIND SPEED    23   HIGHEST WIND DIRECTION     S (170)
  HIGHEST GUST SPEED    30   HIGHEST GUST DIRECTION     S (160)
  AVERAGE WIND SPEED    12.8


SKY COVER
  POSSIBLE SUNSHINE  MM
  AVERAGE SKY COVER 0.9


WEATHER CONDITIONS
 THE FOLLOWING WEATHER WAS RECORDED YESTERDAY.
  LIGHT RAIN
  FREEZING RAIN
  HEAVY SNOW
  SNOW
  LIGHT SNOW
  SLEET
  FOG
  HAZE


RELATIVE HUMIDITY (PERCENT)
 HIGHEST    85          1100 AM
 LOWEST     45           800 AM
 AVERAGE    65

..........................................................


THE FLINT MI CLIMATE NORMALS FOR TODAY
                         NORMAL    RECORD    YEAR
 MAXIMUM TEMPERATURE (F)   55        82      1945
 MINIMUM TEMPERATURE (F)   34        21      1989
                                             1946
                                             1943


SUNRISE AND SUNSET
APRIL 11 2016.........SUNRISE   659 AM EDT   SUNSET   813 PM EDT
APRIL 12 2016.........SUNRISE   657 AM EDT   SUNSET   815 PM EDT


-  INDICATES NEGATIVE NUMBERS.
R  INDICATES RECORD WAS SET OR TIED.
MM INDICATES DATA IS MISSING.
T  INDICATES TRACE AMOUNT.




$$
