000
CDUS43 KDTX 090551
CLIFNT


CLIMATE REPORT
NATIONAL WEATHER SERVICE DETROIT/PONTIAC MI
1250 AM EST MON JAN 9 2017


...................................

...THE FLINT MI CLIMATE SUMMARY FOR JANUARY 8 2017...

CLIMATE NORMAL PERIOD 1981 TO 2010
CLIMATE RECORD PERIOD 1921 TO 2017


WEATHER ITEM   OBSERVED TIME   RECORD YEAR NORMAL DEPARTURE LAST
                VALUE   (LST)  VALUE       VALUE  FROM      YEAR
                                                  NORMAL
..................................................................
TEMPERATURE (F)
 YESTERDAY
  MAXIMUM         17    345 PM  60    1965  30    -13       43
  MINIMUM          7    552 AM -10    1986  16     -9       29
  AVERAGE         12                        23    -11       36

PRECIPITATION (IN)
  YESTERDAY        0.00          1.12 1935   0.05  -0.05     0.14
  MONTH TO DATE    0.73                      0.46   0.27     0.22
  SINCE DEC 1      2.32                      2.38  -0.06     2.12
  SINCE JAN 1      0.73                      0.46   0.27     0.22

SNOWFALL (IN)
  YESTERDAY        0.0           2.7  1952   0.4   -0.4      0.0
  MONTH TO DATE    1.0                       3.4   -2.4      2.4
  SINCE DEC 1     21.2                      15.2    6.0      4.9
  SINCE JUL 1     21.2                      18.1    3.1     15.7
  SNOW DEPTH       1

DEGREE DAYS
 HEATING
  YESTERDAY       53                        42     11       29
  MONTH TO DATE  346                       335     11      288
  SINCE DEC 1   1494                      1499     -5     1025
  SINCE JUL 1   2535                      2980   -445     2006

 COOLING
  YESTERDAY        0                         0      0        0
  MONTH TO DATE    0                         0      0        0
  SINCE DEC 1      0                         0      0        0
  SINCE JAN 1      0                         0      0        0
..................................................................


WIND (MPH)
  HIGHEST WIND SPEED    21   HIGHEST WIND DIRECTION     W (280)
  HIGHEST GUST SPEED    24   HIGHEST GUST DIRECTION     W (280)
  AVERAGE WIND SPEED    11.0


SKY COVER
  POSSIBLE SUNSHINE  MM
  AVERAGE SKY COVER 0.6


WEATHER CONDITIONS
 THE FOLLOWING WEATHER WAS RECORDED YESTERDAY.
  NO SIGNIFICANT WEATHER WAS OBSERVED.


RELATIVE HUMIDITY (PERCENT)
 HIGHEST    80          1200 AM
 LOWEST     59          1100 AM
 AVERAGE    70

..........................................................


THE FLINT MI CLIMATE NORMALS FOR TODAY
                         NORMAL    RECORD    YEAR
 MAXIMUM TEMPERATURE (F)   30        54      1939
 MINIMUM TEMPERATURE (F)   16       -21      2014


SUNRISE AND SUNSET
JANUARY  9 2017.......SUNRISE   805 AM EST   SUNSET   519 PM EST
JANUARY 10 2017.......SUNRISE   805 AM EST   SUNSET   520 PM EST


-  INDICATES NEGATIVE NUMBERS.
R  INDICATES RECORD WAS SET OR TIED.
MM INDICATES DATA IS MISSING.
T  INDICATES TRACE AMOUNT.




$$
