000
CDUS43 KDTX 092128
CLIFNT


CLIMATE REPORT
NATIONAL WEATHER SERVICE DETROIT/PONTIAC MI
427 PM EST THU FEB 9 2017


...................................

...THE FLINT MI CLIMATE SUMMARY FOR FEBRUARY 9 2017...
VALID TODAY AS OF 0400 PM LOCAL TIME.

CLIMATE NORMAL PERIOD 1981 TO 2010
CLIMATE RECORD PERIOD 1921 TO 2017


WEATHER ITEM   OBSERVED TIME   RECORD YEAR NORMAL DEPARTURE LAST
                VALUE   (LST)  VALUE       VALUE  FROM      YEAR
                                                  NORMAL
..................................................................
TEMPERATURE (F)
 TODAY
  MAXIMUM         20    345 PM  54    2001  31    -11       36
                                      1966
  MINIMUM         17   1230 PM -15    1979  16      1       25
                                      1951
                                      1934
  AVERAGE         19                        24     -5       31

PRECIPITATION (IN)
  TODAY            T             1.38 2001   0.06  -0.06     0.63
  MONTH TO DATE    0.77                      0.43   0.34     1.02
  SINCE DEC 1      5.49                      3.98   1.51     4.56
  SINCE JAN 1      3.90                      2.06   1.84     2.66

SNOWFALL (IN)
  TODAY            0.3           7.1  2016   0.4   -0.1      7.1
  MONTH TO DATE    1.3                       3.6   -2.3      8.2
  SINCE DEC 1     31.9                      28.5    3.4     25.3
  SINCE JUL 1     31.9                      31.4    0.5     36.1
  SNOW DEPTH       T

DEGREE DAYS
 HEATING
  TODAY           46                        41      5       34
  MONTH TO DATE  365                       377    -12      269
  SINCE DEC 1   2626                      2860   -234     2145
  SINCE JUL 1   3667                      4341   -674     3126

 COOLING
  TODAY            0                         0      0        0
  MONTH TO DATE    0                         0      0        0
  SINCE DEC 1      0                         0      0        0
  SINCE JAN 1      0                         0      0        0
..................................................................


WIND (MPH)
  HIGHEST WIND SPEED    28   HIGHEST WIND DIRECTION     W (270)
  HIGHEST GUST SPEED    33   HIGHEST GUST DIRECTION     W (280)
  AVERAGE WIND SPEED    13.6


SKY COVER
  POSSIBLE SUNSHINE  MM
  AVERAGE SKY COVER 1.0


WEATHER CONDITIONS
 THE FOLLOWING WEATHER WAS RECORDED TODAY.
  LIGHT SNOW
  FOG
  HAZE


RELATIVE HUMIDITY (PERCENT)
 HIGHEST    80           900 AM
 LOWEST     56           100 PM
 AVERAGE    68

..........................................................


THE FLINT MI CLIMATE NORMALS FOR TOMORROW
                         NORMAL    RECORD    YEAR
 MAXIMUM TEMPERATURE (F)   31        60      2009
 MINIMUM TEMPERATURE (F)   16       -19      1994


SUNRISE AND SUNSET
FEBRUARY  9 2017......SUNRISE   740 AM EST   SUNSET   559 PM EST
FEBRUARY 10 2017......SUNRISE   739 AM EST   SUNSET   600 PM EST


-  INDICATES NEGATIVE NUMBERS.
R  INDICATES RECORD WAS SET OR TIED.
MM INDICATES DATA IS MISSING.
T  INDICATES TRACE AMOUNT.




$$
