000
CDUS43 KDTX 312030
CLIFNT


CLIMATE REPORT
NATIONAL WEATHER SERVICE DETROIT/PONTIAC MI
430 PM EDT MON JUL 31 2017


...................................

...THE FLINT MI CLIMATE SUMMARY FOR JULY 31 2017...
VALID TODAY AS OF 0400 PM LOCAL TIME.

CLIMATE NORMAL PERIOD 1981 TO 2010
CLIMATE RECORD PERIOD 1921 TO 2017


WEATHER ITEM   OBSERVED TIME   RECORD YEAR NORMAL DEPARTURE LAST
                VALUE   (LST)  VALUE       VALUE  FROM      YEAR
                                                  NORMAL
..................................................................
TEMPERATURE (F)
 TODAY
  MAXIMUM         86    257 PM  97    1955  81      5       84
                                      1933
  MINIMUM         54    550 AM  47    1960  59     -5       66
  AVERAGE         70                        70      0       75

PRECIPITATION (IN)
  TODAY            0.00          2.18 1992   0.12  -0.12      T
  MONTH TO DATE    2.72                      3.32  -0.60     1.75
  SINCE JUN 1      5.38                      6.39  -1.01     2.42
  SINCE JAN 1     21.81                     17.38   4.43    14.65

SNOWFALL (IN)
  TODAY            0.0           0.0    MM   0.0    0.0      0.0
  MONTH TO DATE    0.0                       0.0    0.0      0.0
  SINCE JUN 1      0.0                       0.0    0.0      0.0
  SINCE JUL 1      0.0                       0.0    0.0      0.0
  SNOW DEPTH       0

DEGREE DAYS
 HEATING
  TODAY            0                         0      0        0
  MONTH TO DATE    1                        10     -9        0
  SINCE JUN 1     40                        81    -41       28
  SINCE JUL 1      1                        15    -14        0

 COOLING
  TODAY            5                         6     -1       10
  MONTH TO DATE  189                       187      2      349
  SINCE JUN 1    334                       299     35      527
  SINCE JAN 1    359                       331     28      606
..................................................................


WIND (MPH)
  HIGHEST WIND SPEED    14   HIGHEST WIND DIRECTION     W (270)
  HIGHEST GUST SPEED    18   HIGHEST GUST DIRECTION     W (270)
  AVERAGE WIND SPEED     4.5


SKY COVER
  POSSIBLE SUNSHINE  MM
  AVERAGE SKY COVER 0.0


WEATHER CONDITIONS
 THE FOLLOWING WEATHER WAS RECORDED TODAY.
  NO SIGNIFICANT WEATHER WAS OBSERVED.


RELATIVE HUMIDITY (PERCENT)
 HIGHEST   100           400 AM
 LOWEST     37           100 PM
 AVERAGE    69

..........................................................


THE FLINT MI CLIMATE NORMALS FOR TOMORROW
                         NORMAL    RECORD    YEAR
 MAXIMUM TEMPERATURE (F)   81        98      1988
 MINIMUM TEMPERATURE (F)   59        43      1947


SUNRISE AND SUNSET
JULY 31 2017..........SUNRISE   625 AM EDT   SUNSET   857 PM EDT
AUGUST  1 2017........SUNRISE   626 AM EDT   SUNSET   856 PM EDT


-  INDICATES NEGATIVE NUMBERS.
R  INDICATES RECORD WAS SET OR TIED.
MM INDICATES DATA IS MISSING.
T  INDICATES TRACE AMOUNT.




$$
