000
CDUS43 KDTX 200537
CLIFNT


CLIMATE REPORT
NATIONAL WEATHER SERVICE DETROIT/PONTIAC MI
137 AM EDT THU AUG 20 2015


...................................

...THE FLINT MI CLIMATE SUMMARY FOR AUGUST 19 2015...

CLIMATE NORMAL PERIOD 1981 TO 2010
CLIMATE RECORD PERIOD 1921 TO 2015


WEATHER ITEM   OBSERVED TIME   RECORD YEAR NORMAL DEPARTURE LAST
                VALUE   (LST)  VALUE       VALUE  FROM      YEAR
                                                  NORMAL
..................................................................
TEMPERATURE (F)
 YESTERDAY
  MAXIMUM         89    151 PM  96    1934  80      9       75
  MINIMUM         73    531 AM  41    1998  58     15       66
  AVERAGE         81                        69     12       71

PRECIPITATION (IN)
  YESTERDAY        0.09          2.23 1961   0.10  -0.01     0.76
  MONTH TO DATE    2.41                      1.97   0.44     3.73
  SINCE JUN 1     10.81                      8.36   2.45    11.95
  SINCE JAN 1     18.93                     19.35  -0.42    26.90

SNOWFALL (IN)
  YESTERDAY        0.0           0.0    MM   0.0    0.0      0.0
  MONTH TO DATE    0.0                       0.0    0.0      0.0
  SINCE JUN 1      0.0                       0.0    0.0      0.0
  SINCE JUL 1      0.0                       0.0    0.0      0.0
  SNOW DEPTH       0

DEGREE DAYS
 HEATING
  YESTERDAY        0                         1     -1        0
  MONTH TO DATE    0                        18    -18        7
  SINCE JUN 1     36                        99    -63       46
  SINCE JUL 1      8                        33    -25       24

 COOLING
  YESTERDAY       16                         5     11        6
  MONTH TO DATE  159                       100     59       97
  SINCE JUN 1    501                       399    102      378
  SINCE JAN 1    576                       431    145      426
..................................................................


WIND (MPH)
  HIGHEST WIND SPEED    31   HIGHEST WIND DIRECTION     S (170)
  HIGHEST GUST SPEED    43   HIGHEST GUST DIRECTION     S (170)
  AVERAGE WIND SPEED     9.8


SKY COVER
  POSSIBLE SUNSHINE  MM
  AVERAGE SKY COVER 0.4


WEATHER CONDITIONS
 THE FOLLOWING WEATHER WAS RECORDED YESTERDAY.
  THUNDERSTORM
  LIGHT RAIN
  HAZE


RELATIVE HUMIDITY (PERCENT)
 HIGHEST    84           300 AM
 LOWEST     55           200 PM
 AVERAGE    70

..........................................................


THE FLINT MI CLIMATE NORMALS FOR TODAY
                         NORMAL    RECORD    YEAR
 MAXIMUM TEMPERATURE (F)   80        94      1955
 MINIMUM TEMPERATURE (F)   58        41      1977
                                             1929


SUNRISE AND SUNSET
AUGUST 20 2015........SUNRISE   646 AM EDT   SUNSET   830 PM EDT
AUGUST 21 2015........SUNRISE   647 AM EDT   SUNSET   828 PM EDT


-  INDICATES NEGATIVE NUMBERS.
R  INDICATES RECORD WAS SET OR TIED.
MM INDICATES DATA IS MISSING.
T  INDICATES TRACE AMOUNT.




$$
