087
CDUS43 KDTX 060536
CLIFNT


CLIMATE REPORT
NATIONAL WEATHER SERVICE DETROIT/PONTIAC MI
1236 AM EST SAT JAN 6 2018


...................................

...THE FLINT MI CLIMATE SUMMARY FOR JANUARY 5 2018...

CLIMATE NORMAL PERIOD 1981 TO 2010
CLIMATE RECORD PERIOD 1921 TO 2018


WEATHER ITEM   OBSERVED TIME   RECORD YEAR NORMAL DEPARTURE LAST
                VALUE   (LST)  VALUE       VALUE  FROM      YEAR
                                                  NORMAL
..................................................................
TEMPERATURE (F)
 YESTERDAY
  MAXIMUM          4    959 PM  59    1997  30    -26       16
  MINIMUM        -10R   658 AM  -7    1924  16    -26        7
  AVERAGE         -3                        23    -26       12

PRECIPITATION (IN)
  YESTERDAY        0.00          1.03 2014   0.06  -0.06      T
  MONTH TO DATE    0.02                      0.29  -0.27     0.70
  SINCE DEC 1      1.40                      2.21  -0.81     2.29
  SINCE JAN 1      0.02                      0.29  -0.27     0.70

SNOWFALL (IN)
  YESTERDAY        0.0          14.5  2014   0.4   -0.4       T
  MONTH TO DATE    1.0                       2.1   -1.1      0.5
  SINCE DEC 1     24.3                      13.9   10.4     20.7
  SINCE JUL 1     24.7                      16.8    7.9     20.7
  SNOW DEPTH       4

DEGREE DAYS
 HEATING
  YESTERDAY       68                        42     26       53
  MONTH TO DATE  297                       209     88      183
  SINCE DEC 1   1605                      1373    232     1331
  SINCE JUL 1   2903                      2854     49     2372

 COOLING
  YESTERDAY        0                         0      0        0
  MONTH TO DATE    0                         0      0        0
  SINCE DEC 1      0                         0      0        0
  SINCE JAN 1      0                         0      0        0
..................................................................


WIND (MPH)
  HIGHEST WIND SPEED    20   HIGHEST WIND DIRECTION    NW (330)
  HIGHEST GUST SPEED    25   HIGHEST GUST DIRECTION    NW (320)
  AVERAGE WIND SPEED    10.3


SKY COVER
  POSSIBLE SUNSHINE  MM
  AVERAGE SKY COVER 0.1


WEATHER CONDITIONS
 THE FOLLOWING WEATHER WAS RECORDED YESTERDAY.
  NO SIGNIFICANT WEATHER WAS OBSERVED.


RELATIVE HUMIDITY (PERCENT)
 HIGHEST    83           800 AM
 LOWEST     51          1200 PM
 AVERAGE    67

..........................................................


THE FLINT MI CLIMATE NORMALS FOR TODAY
                         NORMAL    RECORD    YEAR
 MAXIMUM TEMPERATURE (F)   30        57      1946
 MINIMUM TEMPERATURE (F)   16       -14      2014


SUNRISE AND SUNSET
JANUARY  6 2018.......SUNRISE   806 AM EST   SUNSET   516 PM EST
JANUARY  7 2018.......SUNRISE   806 AM EST   SUNSET   517 PM EST


-  INDICATES NEGATIVE NUMBERS.
R  INDICATES RECORD WAS SET OR TIED.
MM INDICATES DATA IS MISSING.
T  INDICATES TRACE AMOUNT.




$$
