000
CDUS43 KDTX 230537
CLIFNT


CLIMATE REPORT
NATIONAL WEATHER SERVICE DETROIT/PONTIAC MI
136 AM EDT SAT AUG 23 2014


...................................

...THE FLINT MI CLIMATE SUMMARY FOR AUGUST 22 2014...

CLIMATE NORMAL PERIOD 1981 TO 2010
CLIMATE RECORD PERIOD 1921 TO 2014


WEATHER ITEM   OBSERVED TIME   RECORD YEAR NORMAL DEPARTURE LAST
                VALUE   (LST)  VALUE       VALUE  FROM      YEAR
                                                  NORMAL
..................................................................
TEMPERATURE (F)
 YESTERDAY
  MAXIMUM         84    321 PM  98    1936  79      5       84
  MINIMUM         68    623 AM  40    1923  57     11       68
  AVERAGE         76                        68      8       76

PRECIPITATION (IN)
  YESTERDAY        0.00          1.22 1987   0.09  -0.09      T
  MONTH TO DATE    3.73                      2.25   1.48     1.33
  SINCE JUN 1     11.95                      8.64   3.31     7.58
  SINCE JAN 1     26.90                     19.63   7.27    24.34

SNOWFALL (IN)
  YESTERDAY        0.0           0.0    MM   0.0    0.0      0.0
  MONTH TO DATE    0.0                       0.0    0.0      0.0
  SINCE JUN 1      0.0                       0.0    0.0      0.0
  SINCE JUL 1      0.0                       0.0    0.0      0.0
  SNOW DEPTH       0

DEGREE DAYS
 HEATING
  YESTERDAY        0                         1     -1        0
  MONTH TO DATE    7                        21    -14       13
  SINCE JUN 1     46                       102    -56       63
  SINCE JUL 1     24                        36    -12       22

 COOLING
  YESTERDAY       11                         4      7       11
  MONTH TO DATE  125                       113     12       84
  SINCE JUN 1    406                       412     -6      507
  SINCE JAN 1    454                       444     10      586
..................................................................


WIND (MPH)
  HIGHEST WIND SPEED    13   HIGHEST WIND DIRECTION     E (80)
  HIGHEST GUST SPEED    14   HIGHEST GUST DIRECTION    NE (50)
  AVERAGE WIND SPEED     5.7


SKY COVER
  POSSIBLE SUNSHINE  MM
  AVERAGE SKY COVER 0.7


WEATHER CONDITIONS
 THE FOLLOWING WEATHER WAS RECORDED YESTERDAY.
  NO SIGNIFICANT WEATHER WAS OBSERVED.


RELATIVE HUMIDITY (PERCENT)
 HIGHEST    84           100 AM
 LOWEST     58          1200 PM
 AVERAGE    71

..........................................................


THE FLINT MI CLIMATE NORMALS FOR TODAY
                         NORMAL    RECORD    YEAR
 MAXIMUM TEMPERATURE (F)   79        98      1936
 MINIMUM TEMPERATURE (F)   57        41      1952


SUNRISE AND SUNSET
AUGUST 23 2014........SUNRISE   650 AM EDT   SUNSET   825 PM EDT
AUGUST 24 2014........SUNRISE   651 AM EDT   SUNSET   823 PM EDT


-  INDICATES NEGATIVE NUMBERS.
R  INDICATES RECORD WAS SET OR TIED.
MM INDICATES DATA IS MISSING.
T  INDICATES TRACE AMOUNT.




$$
