000
CDUS43 KDTX 092033
CLIFNT


CLIMATE REPORT
NATIONAL WEATHER SERVICE DETROIT/PONTIAC MI
432 PM EDT THU OCT 9 2014


...................................

...THE FLINT MI CLIMATE SUMMARY FOR OCTOBER 9 2014...
VALID TODAY AS OF 0400 PM LOCAL TIME.

CLIMATE NORMAL PERIOD 1981 TO 2010
CLIMATE RECORD PERIOD 1921 TO 2014


WEATHER ITEM   OBSERVED TIME   RECORD YEAR NORMAL DEPARTURE LAST
                VALUE   (LST)  VALUE       VALUE  FROM      YEAR
                                                  NORMAL
..................................................................
TEMPERATURE (F)
 TODAY
  MAXIMUM         61    258 PM  85    1939  62     -1       72
  MINIMUM         38    649 AM  25    1989  41     -3       44
  AVERAGE         50                        52     -2       58

PRECIPITATION (IN)
  TODAY            0.00          1.07 1990   0.08  -0.08     0.00
  MONTH TO DATE    0.59                      0.82  -0.23     0.84
  SINCE SEP 1      3.84                      4.57  -0.73     1.45
  SINCE JAN 1     30.83                     25.13   5.70    27.04

SNOWFALL (IN)
  TODAY            0.0           T      MM   0.1   -0.1      0.0
  MONTH TO DATE    0.0                       0.1   -0.1      0.0
  SINCE SEP 1      0.0                       0.1   -0.1      0.0
  SINCE JUL 1      0.0                       0.1   -0.1      0.0
  SNOW DEPTH       0

DEGREE DAYS
 HEATING
  TODAY           15                        14      1        7
  MONTH TO DATE   91                       110    -19       33
  SINCE SEP 1    230                       276    -46      185
  SINCE JUL 1    254                       320    -66      207

 COOLING
  TODAY            0                         0      0        0
  MONTH TO DATE    0                         2     -2       15
  SINCE SEP 1     64                        51     13       88
  SINCE JAN 1    596                       528     68      758
..................................................................


WIND (MPH)
  HIGHEST WIND SPEED    20   HIGHEST WIND DIRECTION     W (280)
  HIGHEST GUST SPEED    26   HIGHEST GUST DIRECTION     W (280)
  AVERAGE WIND SPEED     8.1


SKY COVER
  POSSIBLE SUNSHINE  MM
  AVERAGE SKY COVER 0.0


WEATHER CONDITIONS
 THE FOLLOWING WEATHER WAS RECORDED TODAY.
  NO SIGNIFICANT WEATHER WAS OBSERVED.


RELATIVE HUMIDITY (PERCENT)
 HIGHEST    79           600 AM
 LOWEST     40          1200 PM
 AVERAGE    60

..........................................................


THE FLINT MI CLIMATE NORMALS FOR TOMORROW
                         NORMAL    RECORD    YEAR
 MAXIMUM TEMPERATURE (F)   62        85      1949
                                             1938
 MINIMUM TEMPERATURE (F)   41        26      1993
                                             1964
                                             1956


SUNRISE AND SUNSET
OCTOBER  9 2014.......SUNRISE   741 AM EDT   SUNSET   702 PM EDT
OCTOBER 10 2014.......SUNRISE   742 AM EDT   SUNSET   701 PM EDT


-  INDICATES NEGATIVE NUMBERS.
R  INDICATES RECORD WAS SET OR TIED.
MM INDICATES DATA IS MISSING.
T  INDICATES TRACE AMOUNT.




$$
