000
CDUS43 KDTX 022131
CLIFNT


CLIMATE REPORT
NATIONAL WEATHER SERVICE DETROIT/PONTIAC MI
429 PM EST TUE JAN 2 2018


...................................

...THE FLINT MI CLIMATE SUMMARY FOR JANUARY 2 2018...
VALID TODAY AS OF 0400 PM LOCAL TIME.

CLIMATE NORMAL PERIOD 1981 TO 2010
CLIMATE RECORD PERIOD 1921 TO 2018


WEATHER ITEM   OBSERVED TIME   RECORD YEAR NORMAL DEPARTURE LAST
                VALUE   (LST)  VALUE       VALUE  FROM      YEAR
                                                  NORMAL
..................................................................
TEMPERATURE (F)
 TODAY
  MAXIMUM         19    253 PM  57    2004  30    -11       46
  MINIMUM          9    815 AM -12    2001  17     -8       23
  AVERAGE         14                        23     -9       35

PRECIPITATION (IN)
  TODAY            T             1.09 1951   0.06  -0.06     0.49
  MONTH TO DATE    T                         0.12  -0.12     0.49
  SINCE DEC 1      1.38                      2.04  -0.66     2.08
  SINCE JAN 1      T                         0.12  -0.12     0.49

SNOWFALL (IN)
  TODAY            T             7.5  1999   0.4   -0.4      0.0
  MONTH TO DATE    T                         0.8   -0.8      0.0
  SINCE DEC 1     23.3                      12.6   10.7     20.2
  SINCE JUL 1     23.7                      15.5    8.2     20.2
  SNOW DEPTH       4

DEGREE DAYS
 HEATING
  TODAY           51                        42      9       30
  MONTH TO DATE  110                        83     27       63
  SINCE DEC 1   1418                      1247    171     1211
  SINCE JUL 1   2716                      2728    -12     2252

 COOLING
  TODAY            0                         0      0        0
  MONTH TO DATE    0                         0      0        0
  SINCE DEC 1      0                         0      0        0
  SINCE JAN 1      0                         0      0        0
..................................................................


WIND (MPH)
  HIGHEST WIND SPEED    23   HIGHEST WIND DIRECTION     W (250)
  HIGHEST GUST SPEED    32   HIGHEST GUST DIRECTION     W (250)
  AVERAGE WIND SPEED    12.7


SKY COVER
  POSSIBLE SUNSHINE  MM
  AVERAGE SKY COVER 0.6


WEATHER CONDITIONS
 THE FOLLOWING WEATHER WAS RECORDED TODAY.
  LIGHT SNOW


RELATIVE HUMIDITY (PERCENT)
 HIGHEST    83           700 AM
 LOWEST     61           400 PM
 AVERAGE    72

..........................................................


THE FLINT MI CLIMATE NORMALS FOR TOMORROW
                         NORMAL    RECORD    YEAR
 MAXIMUM TEMPERATURE (F)   30        59      2004
 MINIMUM TEMPERATURE (F)   16       -10      2014


SUNRISE AND SUNSET
JANUARY  2 2018.......SUNRISE   806 AM EST   SUNSET   512 PM EST
JANUARY  3 2018.......SUNRISE   806 AM EST   SUNSET   513 PM EST


-  INDICATES NEGATIVE NUMBERS.
R  INDICATES RECORD WAS SET OR TIED.
MM INDICATES DATA IS MISSING.
T  INDICATES TRACE AMOUNT.




$$
