000
CDUS43 KDTX 062042
CLIFNT


CLIMATE REPORT
NATIONAL WEATHER SERVICE DETROIT/PONTIAC MI
442 PM EDT MON OCT 6 2014


...................................

...THE FLINT MI CLIMATE SUMMARY FOR OCTOBER 6 2014...
VALID TODAY AS OF 0400 PM LOCAL TIME.

CLIMATE NORMAL PERIOD 1981 TO 2010
CLIMATE RECORD PERIOD 1921 TO 2014


WEATHER ITEM   OBSERVED TIME   RECORD YEAR NORMAL DEPARTURE LAST
                VALUE   (LST)  VALUE       VALUE  FROM      YEAR
                                                  NORMAL
..................................................................
TEMPERATURE (F)
 TODAY
  MAXIMUM         64    255 PM  89    1963  64      0       72
  MINIMUM         49    252 AM  26    2003  42      7       53
  AVERAGE         57                        53      4       63

PRECIPITATION (IN)
  TODAY            0.00          2.00 1940   0.09  -0.09     0.39
  MONTH TO DATE    0.52                      0.57  -0.05     0.79
  SINCE SEP 1      3.77                      4.32  -0.55     1.40
  SINCE JAN 1     30.76                     24.88   5.88    26.99

SNOWFALL (IN)
  TODAY            0.0           T      MM   0.0    0.0      0.0
  MONTH TO DATE    0.0                       0.0    0.0      0.0
  SINCE SEP 1      0.0                       0.0    0.0      0.0
  SINCE JUL 1      0.0                       0.0    0.0      0.0
  SNOW DEPTH       0

DEGREE DAYS
 HEATING
  TODAY            8                        13     -5        2
  MONTH TO DATE   55                        70    -15        4
  SINCE SEP 1    194                       236    -42      156
  SINCE JUL 1    218                       280    -62      178

 COOLING
  TODAY            0                         0      0        0
  MONTH TO DATE    0                         2     -2       15
  SINCE SEP 1     64                        51     13       88
  SINCE JAN 1    596                       528     68      758
..................................................................


WIND (MPH)
  HIGHEST WIND SPEED    22   HIGHEST WIND DIRECTION     S (190)
  HIGHEST GUST SPEED    28   HIGHEST GUST DIRECTION    SW (210)
  AVERAGE WIND SPEED    10.2


SKY COVER
  POSSIBLE SUNSHINE  MM
  AVERAGE SKY COVER 0.8


WEATHER CONDITIONS
 THE FOLLOWING WEATHER WAS RECORDED TODAY.
  NO SIGNIFICANT WEATHER WAS OBSERVED.


RELATIVE HUMIDITY (PERCENT)
 HIGHEST    77           900 AM
 LOWEST     48           100 PM
 AVERAGE    63

..........................................................


THE FLINT MI CLIMATE NORMALS FOR TOMORROW
                         NORMAL    RECORD    YEAR
 MAXIMUM TEMPERATURE (F)   63        88      2007
 MINIMUM TEMPERATURE (F)   42        23      1964


SUNRISE AND SUNSET
OCTOBER  6 2014.......SUNRISE   738 AM EDT   SUNSET   707 PM EDT
OCTOBER  7 2014.......SUNRISE   739 AM EDT   SUNSET   706 PM EDT


-  INDICATES NEGATIVE NUMBERS.
R  INDICATES RECORD WAS SET OR TIED.
MM INDICATES DATA IS MISSING.
T  INDICATES TRACE AMOUNT.




$$
