000
CDUS43 KDTX 120540
CLIFNT


CLIMATE REPORT
NATIONAL WEATHER SERVICE DETROIT/PONTIAC MI
1239 AM EST SAT NOV 12 2016


...................................

...THE FLINT MI CLIMATE SUMMARY FOR NOVEMBER 11 2016...

CLIMATE NORMAL PERIOD 1981 TO 2010
CLIMATE RECORD PERIOD 1921 TO 2016


WEATHER ITEM   OBSERVED TIME   RECORD YEAR NORMAL DEPARTURE LAST
                VALUE   (LST)  VALUE       VALUE  FROM      YEAR
                                                  NORMAL
..................................................................
TEMPERATURE (F)
 YESTERDAY
  MAXIMUM         53    102 AM  70    2012  49      4       60
  MINIMUM         24   1159 PM  14    1926  33     -9       28
  AVERAGE         39                        41     -2       44

PRECIPITATION (IN)
  YESTERDAY        0.00          1.40 1995   0.09  -0.09     0.00
  MONTH TO DATE    0.61                      0.99  -0.38     0.33
  SINCE SEP 1      8.20                      7.21   0.99     6.12
  SINCE JAN 1     27.75                     27.77  -0.02    25.49

SNOWFALL (IN)
  YESTERDAY        0.0           1.0  1984   0.0    0.0      0.0
  MONTH TO DATE    0.0                       0.3   -0.3      0.0
  SINCE SEP 1      T                         0.7   -0.7      0.0
  SINCE JUL 1      T                         0.7   -0.7      0.0
  SNOW DEPTH       0

DEGREE DAYS
 HEATING
  YESTERDAY       26                        24      2       21
  MONTH TO DATE  156                       247    -91      144
  SINCE SEP 1    595                       899   -304      539
  SINCE JUL 1    595                       943   -348      561

 COOLING
  YESTERDAY        0                         0      0        0
  MONTH TO DATE    0                         0      0        2
  SINCE SEP 1     83                        54     29      153
  SINCE JAN 1   1022                       531    491      766
..................................................................


WIND (MPH)
  HIGHEST WIND SPEED    24   HIGHEST WIND DIRECTION     N (350)
  HIGHEST GUST SPEED    31   HIGHEST GUST DIRECTION     N (350)
  AVERAGE WIND SPEED     9.6


SKY COVER
  POSSIBLE SUNSHINE  MM
  AVERAGE SKY COVER 0.3


WEATHER CONDITIONS
 THE FOLLOWING WEATHER WAS RECORDED YESTERDAY.
  NO SIGNIFICANT WEATHER WAS OBSERVED.


RELATIVE HUMIDITY (PERCENT)
 HIGHEST    92          1000 PM
 LOWEST     49           100 PM
 AVERAGE    71

..........................................................


THE FLINT MI CLIMATE NORMALS FOR TODAY
                         NORMAL    RECORD    YEAR
 MAXIMUM TEMPERATURE (F)   49        68      2010
                                             1964
                                             1927
 MINIMUM TEMPERATURE (F)   32        15      1997


SUNRISE AND SUNSET
NOVEMBER 12 2016......SUNRISE   724 AM EST   SUNSET   514 PM EST
NOVEMBER 13 2016......SUNRISE   725 AM EST   SUNSET   513 PM EST


-  INDICATES NEGATIVE NUMBERS.
R  INDICATES RECORD WAS SET OR TIED.
MM INDICATES DATA IS MISSING.
T  INDICATES TRACE AMOUNT.




$$
