000
CDUS43 KDTX 100606
CLIFNT


CLIMATE REPORT
NATIONAL WEATHER SERVICE DETROIT/PONTIAC MI
206 AM EDT SUN AUG 10 2014


...................................

...THE FLINT MI CLIMATE SUMMARY FOR AUGUST 9 2014...

CLIMATE NORMAL PERIOD 1981 TO 2010
CLIMATE RECORD PERIOD 1921 TO 2014


WEATHER ITEM   OBSERVED TIME   RECORD YEAR NORMAL DEPARTURE LAST
                VALUE   (LST)  VALUE       VALUE  FROM      YEAR
                                                  NORMAL
..................................................................
TEMPERATURE (F)
 YESTERDAY
  MAXIMUM         83    354 PM  96    1934  81      2       82
  MINIMUM         53    625 AM  39    1964  59     -6       54
  AVERAGE         68                        70     -2       68

PRECIPITATION (IN)
  YESTERDAY        0.00          2.23 1937   0.11  -0.11     0.00
  MONTH TO DATE    0.02                      0.95  -0.93     1.25
  SINCE JUN 1      8.24                      7.34   0.90     7.50
  SINCE JAN 1     23.19                     18.33   4.86    24.26

SNOWFALL (IN)
  YESTERDAY        0.0           0.0    MM   0.0    0.0      0.0
  MONTH TO DATE    0.0                       0.0    0.0      0.0
  SINCE JUN 1      0.0                       0.0    0.0      0.0
  SINCE JUL 1      0.0                       0.0    0.0      0.0
  SNOW DEPTH       0

DEGREE DAYS
 HEATING
  YESTERDAY        0                         1     -1        0
  MONTH TO DATE    0                         8     -8        2
  SINCE JUN 1     39                        89    -50       52
  SINCE JUL 1     17                        23     -6       11

 COOLING
  YESTERDAY        3                         5     -2        3
  MONTH TO DATE   51                        50      1       35
  SINCE JUN 1    332                       349    -17      458
  SINCE JAN 1    380                       381     -1      537
..................................................................


WIND (MPH)
  HIGHEST WIND SPEED    16   HIGHEST WIND DIRECTION     E (110)
  HIGHEST GUST SPEED    29   HIGHEST GUST DIRECTION     S (190)
  AVERAGE WIND SPEED     5.9


SKY COVER
  POSSIBLE SUNSHINE  MM
  AVERAGE SKY COVER 0.0


WEATHER CONDITIONS
 THE FOLLOWING WEATHER WAS RECORDED YESTERDAY.
  NO SIGNIFICANT WEATHER WAS OBSERVED.


RELATIVE HUMIDITY (PERCENT)
 HIGHEST    86           600 AM
 LOWEST     37           200 PM
 AVERAGE    62

..........................................................


THE FLINT MI CLIMATE NORMALS FOR TODAY
                         NORMAL    RECORD    YEAR
 MAXIMUM TEMPERATURE (F)   80        98      1944
 MINIMUM TEMPERATURE (F)   59        43      1972
                                             1962


SUNRISE AND SUNSET
AUGUST 10 2014........SUNRISE   635 AM EDT   SUNSET   844 PM EDT
AUGUST 11 2014........SUNRISE   637 AM EDT   SUNSET   843 PM EDT


-  INDICATES NEGATIVE NUMBERS.
R  INDICATES RECORD WAS SET OR TIED.
MM INDICATES DATA IS MISSING.
T  INDICATES TRACE AMOUNT.




$$
