000
CDUS43 KDTX 182030
CLIFNT


CLIMATE REPORT
NATIONAL WEATHER SERVICE DETROIT/PONTIAC MI
430 PM EDT THU JUN 18 2015


...................................

...THE FLINT MI CLIMATE SUMMARY FOR JUNE 18 2015...
VALID TODAY AS OF 0400 PM LOCAL TIME.

CLIMATE NORMAL PERIOD 1981 TO 2010
CLIMATE RECORD PERIOD 1921 TO 2015


WEATHER ITEM   OBSERVED TIME   RECORD YEAR NORMAL DEPARTURE LAST
                VALUE   (LST)  VALUE       VALUE  FROM      YEAR
                                                  NORMAL
..................................................................
TEMPERATURE (F)
 TODAY
  MAXIMUM         80    110 PM  97    1994  79      1       80
  MINIMUM         67   1216 AM  41    1999  56     11       65
  AVERAGE         74                        68      6       73

PRECIPITATION (IN)
  TODAY            T             1.33 1930   0.11  -0.11     0.60
  MONTH TO DATE    3.43                      1.87   1.56     1.33
  SINCE JUN 1      3.43                      1.87   1.56     1.33
  SINCE JAN 1     11.55                     12.86  -1.31    16.28

SNOWFALL (IN)
  TODAY            0.0           0.0    MM   0.0    0.0      0.0
  MONTH TO DATE    0.0                       0.0    0.0      0.0
  SINCE JUN 1      0.0                       0.0    0.0      0.0
  SINCE JUL 1     45.3                      47.4   -2.1     83.9
  SNOW DEPTH       0

DEGREE DAYS
 HEATING
  TODAY            0                         2     -2        0
  MONTH TO DATE   26                        54    -28       20
  SINCE JUN 1     26                        54    -28       20
  SINCE JUL 1   6946                      6941      5     7477

 COOLING
  TODAY            9                         4      5        8
  MONTH TO DATE   76                        51     25       75
  SINCE JUN 1     76                        51     25       75
  SINCE JAN 1    151                        83     68      123
..................................................................


WIND (MPH)
  HIGHEST WIND SPEED    13   HIGHEST WIND DIRECTION    SW (230)
  HIGHEST GUST SPEED    17   HIGHEST GUST DIRECTION    SW (240)
  AVERAGE WIND SPEED     7.0


SKY COVER
  POSSIBLE SUNSHINE  MM
  AVERAGE SKY COVER 0.7


WEATHER CONDITIONS
 THE FOLLOWING WEATHER WAS RECORDED TODAY.
  LIGHT RAIN
  FOG
  HAZE


RELATIVE HUMIDITY (PERCENT)
 HIGHEST    90           700 AM
 LOWEST     62          1200 PM
 AVERAGE    76

..........................................................


THE FLINT MI CLIMATE NORMALS FOR TOMORROW
                         NORMAL    RECORD    YEAR
 MAXIMUM TEMPERATURE (F)   79        96      1995
                                             1933
 MINIMUM TEMPERATURE (F)   56        44      2005
                                             1970
                                             1959


SUNRISE AND SUNSET
JUNE 18 2015..........SUNRISE   555 AM EDT   SUNSET   917 PM EDT
JUNE 19 2015..........SUNRISE   556 AM EDT   SUNSET   917 PM EDT


-  INDICATES NEGATIVE NUMBERS.
R  INDICATES RECORD WAS SET OR TIED.
MM INDICATES DATA IS MISSING.
T  INDICATES TRACE AMOUNT.




$$
