000
CDUS43 KDTX 200549
CLIFNT


CLIMATE REPORT
NATIONAL WEATHER SERVICE DETROIT/PONTIAC MI
1243 AM EST MON NOV 20 2017


...................................

...THE FLINT MI CLIMATE SUMMARY FOR NOVEMBER 19 2017...

CLIMATE NORMAL PERIOD 1981 TO 2010
CLIMATE RECORD PERIOD 1921 TO 2017


WEATHER ITEM   OBSERVED TIME   RECORD YEAR NORMAL DEPARTURE LAST
                VALUE   (LST)  VALUE       VALUE  FROM      YEAR
                                                  NORMAL
..................................................................
TEMPERATURE (F)
 YESTERDAY
  MAXIMUM         37    153 AM  70    1953  45     -8       58
  MINIMUM         27   1159 PM  13    1986  30     -3       31
  AVERAGE         32                        38     -6       45

PRECIPITATION (IN)
  YESTERDAY        T             1.20 1921   0.09  -0.09     0.15
  MONTH TO DATE    2.97                      1.74   1.23     0.98
  SINCE SEP 1      8.50                      7.96   0.54     8.57
  SINCE JAN 1     34.19                     28.52   5.67    28.12

SNOWFALL (IN)
  YESTERDAY        T             3.0  1969   0.1   -0.1       T
  MONTH TO DATE    0.3                       0.9   -0.6       T
  SINCE SEP 1      0.4                       1.3   -0.9       T
  SINCE JUL 1      0.4                       1.3   -0.9       T
  SNOW DEPTH       0

DEGREE DAYS
 HEATING
  YESTERDAY       33                        27      6       20
  MONTH TO DATE  526                       455     71      299
  SINCE SEP 1    977                      1107   -130      738
  SINCE JUL 1   1009                      1151   -142      738

 COOLING
  YESTERDAY        0                         0      0        0
  MONTH TO DATE    0                         0      0        0
  SINCE SEP 1    110                        54     56       83
  SINCE JAN 1    567                       531     36     1022
..................................................................


WIND (MPH)
  HIGHEST WIND SPEED    24   HIGHEST WIND DIRECTION     W (290)
  HIGHEST GUST SPEED    32   HIGHEST GUST DIRECTION    NW (330)
  AVERAGE WIND SPEED    15.0


SKY COVER
  POSSIBLE SUNSHINE  MM
  AVERAGE SKY COVER 1.0


WEATHER CONDITIONS
 THE FOLLOWING WEATHER WAS RECORDED YESTERDAY.
  LIGHT SNOW
  HAZE


RELATIVE HUMIDITY (PERCENT)
 HIGHEST    85          1200 AM
 LOWEST     63           600 PM
 AVERAGE    74

..........................................................


THE FLINT MI CLIMATE NORMALS FOR TODAY
                         NORMAL    RECORD    YEAR
 MAXIMUM TEMPERATURE (F)   45        68      1953
                                             1934
                                             1931
 MINIMUM TEMPERATURE (F)   30        11      2014


SUNRISE AND SUNSET
NOVEMBER 20 2017......SUNRISE   734 AM EST   SUNSET   507 PM EST
NOVEMBER 21 2017......SUNRISE   735 AM EST   SUNSET   506 PM EST


-  INDICATES NEGATIVE NUMBERS.
R  INDICATES RECORD WAS SET OR TIED.
MM INDICATES DATA IS MISSING.
T  INDICATES TRACE AMOUNT.




$$
