000
CDUS43 KDTX 270536
CLIFNT


CLIMATE REPORT
NATIONAL WEATHER SERVICE DETROIT/PONTIAC MI
1236 AM EST THU NOV 27 2014


...................................

...THE FLINT MI CLIMATE SUMMARY FOR NOVEMBER 26 2014...

CLIMATE NORMAL PERIOD 1981 TO 2010
CLIMATE RECORD PERIOD 1921 TO 2014


WEATHER ITEM   OBSERVED TIME   RECORD YEAR NORMAL DEPARTURE LAST
                VALUE   (LST)  VALUE       VALUE  FROM      YEAR
                                                  NORMAL
..................................................................
TEMPERATURE (F)
 YESTERDAY
  MAXIMUM         34    409 PM  63    1984  42     -8       33
  MINIMUM         30   1159 PM  -7    1949  28      2       29
  AVERAGE         32                        35     -3       31

PRECIPITATION (IN)
  YESTERDAY        0.00          1.03 1965   0.08  -0.08      T
  MONTH TO DATE    1.67                      2.35  -0.68     1.65
  SINCE SEP 1      6.77                      8.57  -1.80     5.17
  SINCE JAN 1     33.76                     29.13   4.63    30.76

SNOWFALL (IN)
  YESTERDAY        0.0           3.6  1972   0.2   -0.2      0.2
  MONTH TO DATE    8.0                       1.8    6.2      0.8
  SINCE SEP 1      8.7                       2.2    6.5      0.8
  SINCE JUL 1      8.7                       2.2    6.5      0.8
  SNOW DEPTH       0

DEGREE DAYS
 HEATING
  YESTERDAY       33                        30      3       34
  MONTH TO DATE  759                       659    100      677
  SINCE SEP 1   1317                      1311      6     1221
  SINCE JUL 1   1341                      1355    -14     1243

 COOLING
  YESTERDAY        0                         0      0        0
  MONTH TO DATE    0                         0      0        0
  SINCE SEP 1     65                        54     11       88
  SINCE JAN 1    597                       531     66      758
..................................................................


WIND (MPH)
  HIGHEST WIND SPEED    15   HIGHEST WIND DIRECTION     N (10)
  HIGHEST GUST SPEED    18   HIGHEST GUST DIRECTION     N (10)
  AVERAGE WIND SPEED     5.0


SKY COVER
  POSSIBLE SUNSHINE  MM
  AVERAGE SKY COVER 1.0


WEATHER CONDITIONS
 THE FOLLOWING WEATHER WAS RECORDED YESTERDAY.
  NO SIGNIFICANT WEATHER WAS OBSERVED.


RELATIVE HUMIDITY (PERCENT)
 HIGHEST    78           700 PM
 LOWEST     56          1200 PM
 AVERAGE    67

..........................................................


THE FLINT MI CLIMATE NORMALS FOR TODAY
                         NORMAL    RECORD    YEAR
 MAXIMUM TEMPERATURE (F)   41        66      1990
 MINIMUM TEMPERATURE (F)   27         4      1930


SUNRISE AND SUNSET
NOVEMBER 27 2014......SUNRISE   742 AM EST   SUNSET   503 PM EST
NOVEMBER 28 2014......SUNRISE   743 AM EST   SUNSET   503 PM EST


-  INDICATES NEGATIVE NUMBERS.
R  INDICATES RECORD WAS SET OR TIED.
MM INDICATES DATA IS MISSING.
T  INDICATES TRACE AMOUNT.




$$
