000
CDUS43 KDTX 250556
CLIFNT


CLIMATE REPORT
NATIONAL WEATHER SERVICE DETROIT/PONTIAC MI
1256 AM EST SUN DEC 25 2016


...................................

...THE FLINT MI CLIMATE SUMMARY FOR DECEMBER 24 2016...

CLIMATE NORMAL PERIOD 1981 TO 2010
CLIMATE RECORD PERIOD 1921 TO 2016


WEATHER ITEM   OBSERVED TIME   RECORD YEAR NORMAL DEPARTURE LAST
                VALUE   (LST)  VALUE       VALUE  FROM      YEAR
                                                  NORMAL
..................................................................
TEMPERATURE (F)
 YESTERDAY
  MAXIMUM         36   1254 PM  61    2015  32      4       61
  MINIMUM         33    411 AM -10    1960  18     15       43
  AVERAGE         35                        25     10       52

PRECIPITATION (IN)
  YESTERDAY        0.06          1.42 1931   0.06   0.00      T
  MONTH TO DATE    1.45                      1.52  -0.07     0.94
  SINCE DEC 1      1.45                      1.52  -0.07     0.94
  SINCE JAN 1     30.60                     30.97  -0.37    28.32

SNOWFALL (IN)
  YESTERDAY        0.1           3.4  1980   0.4   -0.3      0.0
  MONTH TO DATE   20.0                       8.8   11.2      0.5
  SINCE DEC 1     20.0                       8.8   11.2      0.5
  SINCE JUL 1     20.0                      11.7    8.3     11.3
  SNOW DEPTH       4

DEGREE DAYS
 HEATING
  YESTERDAY       30                        40    -10       13
  MONTH TO DATE  933                       878     55      533
  SINCE DEC 1    933                       878     55      533
  SINCE JUL 1   1974                      2359   -385     1514

 COOLING
  YESTERDAY        0                         0      0        0
  MONTH TO DATE    0                         0      0        0
  SINCE DEC 1      0                         0      0        0
  SINCE JAN 1   1022                       531    491      766
..................................................................


WIND (MPH)
  HIGHEST WIND SPEED    18   HIGHEST WIND DIRECTION    NW (300)
  HIGHEST GUST SPEED    24   HIGHEST GUST DIRECTION    NW (300)
  AVERAGE WIND SPEED     7.6


SKY COVER
  POSSIBLE SUNSHINE  MM
  AVERAGE SKY COVER 1.0


WEATHER CONDITIONS
 THE FOLLOWING WEATHER WAS RECORDED YESTERDAY.
  LIGHT SNOW
  FOG


RELATIVE HUMIDITY (PERCENT)
 HIGHEST   100           300 AM
 LOWEST     82           100 PM
 AVERAGE    91

..........................................................


THE FLINT MI CLIMATE NORMALS FOR TODAY
                         NORMAL    RECORD    YEAR
 MAXIMUM TEMPERATURE (F)   32        65      1982
 MINIMUM TEMPERATURE (F)   18       -13      2000


SUNRISE AND SUNSET
DECEMBER 25 2016......SUNRISE   805 AM EST   SUNSET   506 PM EST
DECEMBER 26 2016......SUNRISE   805 AM EST   SUNSET   507 PM EST


-  INDICATES NEGATIVE NUMBERS.
R  INDICATES RECORD WAS SET OR TIED.
MM INDICATES DATA IS MISSING.
T  INDICATES TRACE AMOUNT.




$$
