000
CDUS43 KDTX 210536
CLIFNT


CLIMATE REPORT
NATIONAL WEATHER SERVICE DETROIT/PONTIAC MI
136 AM EDT SUN JUN 21 2015


...................................

...THE FLINT MI CLIMATE SUMMARY FOR JUNE 20 2015...

CLIMATE NORMAL PERIOD 1981 TO 2010
CLIMATE RECORD PERIOD 1921 TO 2015


WEATHER ITEM   OBSERVED TIME   RECORD YEAR NORMAL DEPARTURE LAST
                VALUE   (LST)  VALUE       VALUE  FROM      YEAR
                                                  NORMAL
..................................................................
TEMPERATURE (F)
 YESTERDAY
  MAXIMUM         81    322 PM  97    1988  79      2       69
                                      1953
                                      1933
  MINIMUM         51    529 AM  40    1970  57     -6       57
                                      1926
  AVERAGE         66                        68     -2       63

PRECIPITATION (IN)
  YESTERDAY        0.00          0.85 1979   0.10  -0.10     0.10
  MONTH TO DATE    3.43                      2.07   1.36     1.43
  SINCE JUN 1      3.43                      2.07   1.36     1.43
  SINCE JAN 1     11.55                     13.06  -1.51    16.38

SNOWFALL (IN)
  YESTERDAY        0.0           0.0    MM   0.0    0.0      0.0
  MONTH TO DATE    0.0                       0.0    0.0      0.0
  SINCE JUN 1      0.0                       0.0    0.0      0.0
  SINCE JUL 1     45.3                      47.4   -2.1     83.9
  SNOW DEPTH       0

DEGREE DAYS
 HEATING
  YESTERDAY        0                         1     -1        2
  MONTH TO DATE   26                        56    -30       22
  SINCE JUN 1     26                        56    -30       22
  SINCE JUL 1   6946                      6943      3     7479

 COOLING
  YESTERDAY        1                         4     -3        0
  MONTH TO DATE   77                        59     18       78
  SINCE JUN 1     77                        59     18       78
  SINCE JAN 1    152                        91     61      126
..................................................................


WIND (MPH)
  HIGHEST WIND SPEED    13   HIGHEST WIND DIRECTION     S (190)
  HIGHEST GUST SPEED    16   HIGHEST GUST DIRECTION    SE (150)
  AVERAGE WIND SPEED     6.2


SKY COVER
  POSSIBLE SUNSHINE  MM
  AVERAGE SKY COVER 0.3


WEATHER CONDITIONS
 THE FOLLOWING WEATHER WAS RECORDED YESTERDAY.
  HAZE


RELATIVE HUMIDITY (PERCENT)
 HIGHEST    83           600 AM
 LOWEST     57          1000 AM
 AVERAGE    70

..........................................................


THE FLINT MI CLIMATE NORMALS FOR TODAY
                         NORMAL    RECORD    YEAR
 MAXIMUM TEMPERATURE (F)   80        98      1923
 MINIMUM TEMPERATURE (F)   57        40      1969


SUNRISE AND SUNSET
JUNE 21 2015..........SUNRISE   556 AM EDT   SUNSET   917 PM EDT
JUNE 22 2015..........SUNRISE   556 AM EDT   SUNSET   918 PM EDT


-  INDICATES NEGATIVE NUMBERS.
R  INDICATES RECORD WAS SET OR TIED.
MM INDICATES DATA IS MISSING.
T  INDICATES TRACE AMOUNT.




$$
