000
CDUS43 KDTX 142143
CLIFNT


CLIMATE REPORT
NATIONAL WEATHER SERVICE DETROIT/PONTIAC MI
436 PM EST WED JAN 14 2015


...................................

...THE FLINT MI CLIMATE SUMMARY FOR JANUARY 14 2015...
VALID TODAY AS OF 0400 PM LOCAL TIME.

CLIMATE NORMAL PERIOD 1981 TO 2010
CLIMATE RECORD PERIOD 1921 TO 2015


WEATHER ITEM   OBSERVED TIME   RECORD YEAR NORMAL DEPARTURE LAST
                VALUE   (LST)  VALUE       VALUE  FROM      YEAR
                                                  NORMAL
..................................................................
TEMPERATURE (F)
 TODAY
  MAXIMUM         20    359 PM  56    1995  29     -9       39
  MINIMUM        -19R   604 AM -19    2009  15    -34       25
  AVERAGE          1                        22    -21       32

PRECIPITATION (IN)
  TODAY            T             0.64 2004   0.05  -0.05      T
  MONTH TO DATE    0.95                      0.80   0.15     1.86
  SINCE DEC 1      2.59                      2.72  -0.13     3.71
  SINCE JAN 1      0.95                      0.80   0.15     1.86

SNOWFALL (IN)
  TODAY            T             9.8  2004   0.5   -0.5      0.1
  MONTH TO DATE    8.3                       6.0    2.3     20.5
  SINCE DEC 1      8.9                      17.8   -8.9     37.4
  SINCE JUL 1     18.3                      20.7   -2.4     39.0
  SNOW DEPTH       5

DEGREE DAYS
 HEATING
  TODAY           64                        43     21       33
  MONTH TO DATE  687                       591     96      652
  SINCE DEC 1   1677                      1755    -78     1883
  SINCE JUL 1   3141                      3236    -95     3282

 COOLING
  TODAY            0                         0      0        0
  MONTH TO DATE    0                         0      0        0
  SINCE DEC 1      0                         0      0        0
  SINCE JAN 1      0                         0      0        0
..................................................................


WIND (MPH)
  HIGHEST WIND SPEED     8   HIGHEST WIND DIRECTION     W (250)
  HIGHEST GUST SPEED    10   HIGHEST GUST DIRECTION     W (250)
  AVERAGE WIND SPEED     2.1


SKY COVER
  POSSIBLE SUNSHINE  MM
  AVERAGE SKY COVER 0.2


WEATHER CONDITIONS
 THE FOLLOWING WEATHER WAS RECORDED TODAY.
  LIGHT SNOW
  FOG
  HAZE


RELATIVE HUMIDITY (PERCENT)
 HIGHEST    87          1000 AM
 LOWEST     61           100 PM
 AVERAGE    74

..........................................................


THE FLINT MI CLIMATE NORMALS FOR TOMORROW
                         NORMAL    RECORD    YEAR
 MAXIMUM TEMPERATURE (F)   29        57      1953
 MINIMUM TEMPERATURE (F)   15       -18      1984


SUNRISE AND SUNSET
JANUARY 14 2015.......SUNRISE   804 AM EST   SUNSET   524 PM EST
JANUARY 15 2015.......SUNRISE   803 AM EST   SUNSET   526 PM EST


-  INDICATES NEGATIVE NUMBERS.
R  INDICATES RECORD WAS SET OR TIED.
MM INDICATES DATA IS MISSING.
T  INDICATES TRACE AMOUNT.




$$
