000
CDUS43 KDTX 310557
CLIFNT


CLIMATE REPORT
NATIONAL WEATHER SERVICE DETROIT/PONTIAC MI
157 AM EDT THU JUL 31 2014


...................................

...THE FLINT MI CLIMATE SUMMARY FOR JULY 30 2014...

CLIMATE NORMAL PERIOD 1981 TO 2010
CLIMATE RECORD PERIOD 1921 TO 2014


WEATHER ITEM   OBSERVED TIME   RECORD YEAR NORMAL DEPARTURE LAST
                VALUE   (LST)  VALUE       VALUE  FROM      YEAR
                                                  NORMAL
..................................................................
TEMPERATURE (F)
 YESTERDAY
  MAXIMUM         74    519 PM  98    1933  81     -7       79
  MINIMUM         54    554 AM  44    1965  59     -5       48
  AVERAGE         64                        70     -6       64

PRECIPITATION (IN)
  YESTERDAY        0.02          1.12 2000   0.12  -0.10     0.00
  MONTH TO DATE    5.69                      3.20   2.49     1.15
  SINCE JUN 1      8.15                      6.27   1.88     5.66
  SINCE JAN 1     23.10                     17.26   5.84    22.42

SNOWFALL (IN)
  YESTERDAY        0.0           0.0    MM   0.0    0.0      0.0
  MONTH TO DATE    0.0                       0.0    0.0      0.0
  SINCE JUN 1      0.0                       0.0    0.0      0.0
  SINCE JUL 1      0.0                       0.0    0.0      0.0
  SNOW DEPTH       0

DEGREE DAYS
 HEATING
  YESTERDAY        1                         0      1        1
  MONTH TO DATE   17                        10      7        9
  SINCE JUN 1     39                        76    -37       50
  SINCE JUL 1     17                        10      7        9

 COOLING
  YESTERDAY        0                         6     -6        0
  MONTH TO DATE  127                       180    -53      263
  SINCE JUN 1    279                       292    -13      422
  SINCE JAN 1    327                       324      3      501
..................................................................


WIND (MPH)
  HIGHEST WIND SPEED     9   HIGHEST WIND DIRECTION     W (260)
  HIGHEST GUST SPEED    13   HIGHEST GUST DIRECTION     W (270)
  AVERAGE WIND SPEED     4.0


SKY COVER
  POSSIBLE SUNSHINE  MM
  AVERAGE SKY COVER 0.6


WEATHER CONDITIONS
 THE FOLLOWING WEATHER WAS RECORDED YESTERDAY.
  RAIN
  LIGHT RAIN
  FOG


RELATIVE HUMIDITY (PERCENT)
 HIGHEST    93          1200 AM
 LOWEST     53           500 PM
 AVERAGE    73

..........................................................


THE FLINT MI CLIMATE NORMALS FOR TODAY
                         NORMAL    RECORD    YEAR
 MAXIMUM TEMPERATURE (F)   81        97      1955
                                             1933
 MINIMUM TEMPERATURE (F)   59        47      1960


SUNRISE AND SUNSET
JULY 31 2014..........SUNRISE   625 AM EDT   SUNSET   857 PM EDT
AUGUST  1 2014........SUNRISE   626 AM EDT   SUNSET   856 PM EDT


-  INDICATES NEGATIVE NUMBERS.
R  INDICATES RECORD WAS SET OR TIED.
MM INDICATES DATA IS MISSING.
T  INDICATES TRACE AMOUNT.




$$
