000
CDUS43 KDTX 172034
CLIFNT


CLIMATE REPORT
NATIONAL WEATHER SERVICE DETROIT/PONTIAC MI
433 PM EDT WED SEP 17 2014


...................................

...THE FLINT MI CLIMATE SUMMARY FOR SEPTEMBER 17 2014...
VALID TODAY AS OF 0400 PM LOCAL TIME.

CLIMATE NORMAL PERIOD 1981 TO 2010
CLIMATE RECORD PERIOD 1921 TO 2014


WEATHER ITEM   OBSERVED TIME   RECORD YEAR NORMAL DEPARTURE LAST
                VALUE   (LST)  VALUE       VALUE  FROM      YEAR
                                                  NORMAL
..................................................................
TEMPERATURE (F)
 TODAY
  MAXIMUM         68    259 PM  94    1955  72     -4       69
  MINIMUM         39    633 AM  30    1959  49    -10       32
  AVERAGE         54                        61     -7       51

PRECIPITATION (IN)
  TODAY            0.00          1.68 1973   0.14  -0.14     0.00
  MONTH TO DATE    2.10                      2.11  -0.01     0.42
  SINCE SEP 1      2.10                      2.11  -0.01     0.42
  SINCE JAN 1     29.09                     22.67   6.42    26.01

SNOWFALL (IN)
  TODAY            0.0           0.0    MM   0.0    0.0      0.0
  MONTH TO DATE    0.0                       0.0    0.0      0.0
  SINCE SEP 1      0.0                       0.0    0.0      0.0
  SINCE JUL 1      0.0                       0.0    0.0      0.0
  SNOW DEPTH       0

DEGREE DAYS
 HEATING
  TODAY           11                         6      5       14
  MONTH TO DATE   75                        60     15       75
  SINCE SEP 1     75                        60     15       75
  SINCE JUL 1     99                       104     -5       97

 COOLING
  TODAY            0                         1     -1        0
  MONTH TO DATE   60                        36     24       58
  SINCE SEP 1     60                        36     24       58
  SINCE JAN 1    592                       513     79      728
..................................................................


WIND (MPH)
  HIGHEST WIND SPEED    13   HIGHEST WIND DIRECTION     W (250)
  HIGHEST GUST SPEED    17   HIGHEST GUST DIRECTION    NW (300)
  AVERAGE WIND SPEED     3.1


SKY COVER
  POSSIBLE SUNSHINE  MM
  AVERAGE SKY COVER 0.1


WEATHER CONDITIONS
 THE FOLLOWING WEATHER WAS RECORDED TODAY.
  FOG


RELATIVE HUMIDITY (PERCENT)
 HIGHEST    92           600 AM
 LOWEST     48          1200 PM
 AVERAGE    70

..........................................................


THE FLINT MI CLIMATE NORMALS FOR TOMORROW
                         NORMAL    RECORD    YEAR
 MAXIMUM TEMPERATURE (F)   72        93      1955
 MINIMUM TEMPERATURE (F)   49        34      1995


SUNRISE AND SUNSET
SEPTEMBER 17 2014.....SUNRISE   717 AM EDT   SUNSET   741 PM EDT
SEPTEMBER 18 2014.....SUNRISE   718 AM EDT   SUNSET   739 PM EDT


-  INDICATES NEGATIVE NUMBERS.
R  INDICATES RECORD WAS SET OR TIED.
MM INDICATES DATA IS MISSING.
T  INDICATES TRACE AMOUNT.




$$
