000
CDUS43 KDTX 250538
CLIFNT


CLIMATE REPORT
NATIONAL WEATHER SERVICE DETROIT/PONTIAC MI
138 AM EDT SUN JUN 25 2017


...................................

...THE FLINT MI CLIMATE SUMMARY FOR JUNE 24 2017...

CLIMATE NORMAL PERIOD 1981 TO 2010
CLIMATE RECORD PERIOD 1921 TO 2017


WEATHER ITEM   OBSERVED TIME   RECORD YEAR NORMAL DEPARTURE LAST
                VALUE   (LST)  VALUE       VALUE  FROM      YEAR
                                                  NORMAL
..................................................................
TEMPERATURE (F)
 YESTERDAY
  MAXIMUM         77    123 PM  95    1934  80     -3       86
                                      1923
  MINIMUM         58    406 AM  42    1979  58      0       51
  AVERAGE         68                        69     -1       69

PRECIPITATION (IN)
  YESTERDAY        0.00          1.90 1975   0.10  -0.10     0.00
  MONTH TO DATE    2.64                      2.48   0.16     0.67
  SINCE JUN 1      2.64                      2.48   0.16     0.67
  SINCE JAN 1     19.07                     13.47   5.60    12.90

SNOWFALL (IN)
  YESTERDAY        0.0           0.0    MM   0.0    0.0      0.0
  MONTH TO DATE    0.0                       0.0    0.0      0.0
  SINCE JUN 1      0.0                       0.0    0.0      0.0
  SINCE JUL 1     39.4                      47.4   -8.0     69.0
  SNOW DEPTH       0

DEGREE DAYS
 HEATING
  YESTERDAY        0                         1     -1        0
  MONTH TO DATE   27                        60    -33       22
  SINCE JUN 1     27                        60    -33       22
  SINCE JUL 1   5815                      6947  -1132     5378

 COOLING
  YESTERDAY        3                         5     -2        4
  MONTH TO DATE  125                        79     46      136
  SINCE JUN 1    125                        79     46      136
  SINCE JAN 1    150                       111     39      215
..................................................................


WIND (MPH)
  HIGHEST WIND SPEED    26   HIGHEST WIND DIRECTION     W (280)
  HIGHEST GUST SPEED    33   HIGHEST GUST DIRECTION     W (290)
  AVERAGE WIND SPEED    10.7


SKY COVER
  POSSIBLE SUNSHINE  MM
  AVERAGE SKY COVER 0.2


WEATHER CONDITIONS
 THE FOLLOWING WEATHER WAS RECORDED YESTERDAY.
  NO SIGNIFICANT WEATHER WAS OBSERVED.


RELATIVE HUMIDITY (PERCENT)
 HIGHEST    87           500 AM
 LOWEST     43           100 PM
 AVERAGE    65

..........................................................


THE FLINT MI CLIMATE NORMALS FOR TODAY
                         NORMAL    RECORD    YEAR
 MAXIMUM TEMPERATURE (F)   81       101      1988
 MINIMUM TEMPERATURE (F)   58        40      1979


SUNRISE AND SUNSET
JUNE 25 2017..........SUNRISE   557 AM EDT   SUNSET   918 PM EDT
JUNE 26 2017..........SUNRISE   558 AM EDT   SUNSET   918 PM EDT


-  INDICATES NEGATIVE NUMBERS.
R  INDICATES RECORD WAS SET OR TIED.
MM INDICATES DATA IS MISSING.
T  INDICATES TRACE AMOUNT.




$$
