000
CDUS43 KDTX 210541
CLIFNT


CLIMATE REPORT
NATIONAL WEATHER SERVICE DETROIT/PONTIAC MI
141 AM EDT TUE MAR 21 2017


...................................

...THE FLINT MI CLIMATE SUMMARY FOR MARCH 20 2017...

CLIMATE NORMAL PERIOD 1981 TO 2010
CLIMATE RECORD PERIOD 1921 TO 2017


WEATHER ITEM   OBSERVED TIME   RECORD YEAR NORMAL DEPARTURE LAST
                VALUE   (LST)  VALUE       VALUE  FROM      YEAR
                                                  NORMAL
..................................................................
TEMPERATURE (F)
 YESTERDAY
  MAXIMUM         53    451 PM  84    2012  45      8       45
  MINIMUM         34    400 AM   2    1923  26      8       26
  AVERAGE         44                        36      8       36

PRECIPITATION (IN)
  YESTERDAY        0.06          0.95 1996   0.06   0.00     0.00
  MONTH TO DATE    0.78                      1.13  -0.35     1.56
  SINCE MAR 1      0.78                      1.13  -0.35     1.56
  SINCE JAN 1      6.33                      4.24   2.09     5.41

SNOWFALL (IN)
  YESTERDAY        0.0           8.1  1996   0.2   -0.2      0.0
  MONTH TO DATE    5.4                       4.9    0.5     11.2
  SINCE MAR 1      5.4                       4.9    0.5     11.2
  SINCE JUL 1     37.9                      43.5   -5.6     61.8
  SNOW DEPTH       0

DEGREE DAYS
 HEATING
  YESTERDAY       21                        29     -8       29
  MONTH TO DATE  689                       660     29      481
  SINCE MAR 1    689                       660     29      481
  SINCE JUL 1   4838                      5748   -910     4351

 COOLING
  YESTERDAY        0                         0      0        0
  MONTH TO DATE    0                         0      0        1
  SINCE MAR 1      0                         0      0        1
  SINCE JAN 1      0                         0      0        1
..................................................................


WIND (MPH)
  HIGHEST WIND SPEED    16   HIGHEST WIND DIRECTION     S (180)
  HIGHEST GUST SPEED    20   HIGHEST GUST DIRECTION     S (180)
  AVERAGE WIND SPEED     6.2


SKY COVER
  POSSIBLE SUNSHINE  MM
  AVERAGE SKY COVER 0.8


WEATHER CONDITIONS
 THE FOLLOWING WEATHER WAS RECORDED YESTERDAY.
  FOG


RELATIVE HUMIDITY (PERCENT)
 HIGHEST    96           400 AM
 LOWEST     59           500 PM
 AVERAGE    78

..........................................................


THE FLINT MI CLIMATE NORMALS FOR TODAY
                         NORMAL    RECORD    YEAR
 MAXIMUM TEMPERATURE (F)   46        86      2012
 MINIMUM TEMPERATURE (F)   27         7      1965


SUNRISE AND SUNSET
MARCH 21 2017.........SUNRISE   736 AM EDT   SUNSET   749 PM EDT
MARCH 22 2017.........SUNRISE   734 AM EDT   SUNSET   750 PM EDT


-  INDICATES NEGATIVE NUMBERS.
R  INDICATES RECORD WAS SET OR TIED.
MM INDICATES DATA IS MISSING.
T  INDICATES TRACE AMOUNT.




$$
