000
CDUS43 KDTX 140537
CLIFNT


CLIMATE REPORT
NATIONAL WEATHER SERVICE DETROIT/PONTIAC MI
1237 AM EST THU DEC 14 2017


...................................

...THE FLINT MI CLIMATE SUMMARY FOR DECEMBER 13 2017...

CLIMATE NORMAL PERIOD 1981 TO 2010
CLIMATE RECORD PERIOD 1921 TO 2017


WEATHER ITEM   OBSERVED TIME   RECORD YEAR NORMAL DEPARTURE LAST
                VALUE   (LST)  VALUE       VALUE  FROM      YEAR
                                                  NORMAL
..................................................................
TEMPERATURE (F)
 YESTERDAY
  MAXIMUM         20   1159 PM  65    2015  35    -15       27
  MINIMUM         14    608 AM  -3    1960  22     -8       12
                                      1958
  AVERAGE         17                        28    -11       20

PRECIPITATION (IN)
  YESTERDAY        0.52R         0.30 1923   0.05   0.47     0.05
  MONTH TO DATE    0.70                      0.87  -0.17     0.94
  SINCE DEC 1      0.70                      0.87  -0.17     0.94
  SINCE JAN 1     35.03                     30.32   4.71    30.09

SNOWFALL (IN)
  YESTERDAY        7.9 R         4.7  1973   0.4    7.5      1.3
  MONTH TO DATE   11.0                       4.4    6.6     14.9
  SINCE DEC 1     11.0                       4.4    6.6     14.9
  SINCE JUL 1     11.4                       7.3    4.1     14.9
  SNOW DEPTH       2

DEGREE DAYS
 HEATING
  YESTERDAY       48                        37     11       45
  MONTH TO DATE  451                       452     -1      445
  SINCE DEC 1    451                       452     -1      445
  SINCE JUL 1   1749                      1933   -184     1486

 COOLING
  YESTERDAY        0                         0      0        0
  MONTH TO DATE    0                         0      0        0
  SINCE DEC 1      0                         0      0        0
  SINCE JAN 1    567                       531     36     1022
..................................................................


WIND (MPH)
  HIGHEST WIND SPEED    17   HIGHEST WIND DIRECTION    NE (50)
  HIGHEST GUST SPEED    22   HIGHEST GUST DIRECTION    NE (50)
  AVERAGE WIND SPEED     9.3


SKY COVER
  POSSIBLE SUNSHINE  MM
  AVERAGE SKY COVER 1.0


WEATHER CONDITIONS
 THE FOLLOWING WEATHER WAS RECORDED YESTERDAY.
  HEAVY SNOW
  SNOW
  LIGHT SNOW
  FOG
  FOG W/VISIBILITY <= 1/4 MILE


RELATIVE HUMIDITY (PERCENT)
 HIGHEST    91           500 PM
 LOWEST     73           100 AM
 AVERAGE    82

..........................................................


THE FLINT MI CLIMATE NORMALS FOR TODAY
                         NORMAL    RECORD    YEAR
 MAXIMUM TEMPERATURE (F)   34        63      2015
                                             1975
 MINIMUM TEMPERATURE (F)   21         0      1944


SUNRISE AND SUNSET
DECEMBER 14 2017......SUNRISE   759 AM EST   SUNSET   501 PM EST
DECEMBER 15 2017......SUNRISE   759 AM EST   SUNSET   501 PM EST


-  INDICATES NEGATIVE NUMBERS.
R  INDICATES RECORD WAS SET OR TIED.
MM INDICATES DATA IS MISSING.
T  INDICATES TRACE AMOUNT.




$$
