000
CDUS43 KDTX 040537
CLIFNT


CLIMATE REPORT
NATIONAL WEATHER SERVICE DETROIT/PONTIAC MI
137 AM EDT TUE AUG 4 2015


...................................

...THE FLINT MI CLIMATE SUMMARY FOR AUGUST 3 2015...

CLIMATE NORMAL PERIOD 1981 TO 2010
CLIMATE RECORD PERIOD 1921 TO 2015


WEATHER ITEM   OBSERVED TIME   RECORD YEAR NORMAL DEPARTURE LAST
                VALUE   (LST)  VALUE       VALUE  FROM      YEAR
                                                  NORMAL
..................................................................
TEMPERATURE (F)
 YESTERDAY
  MAXIMUM         80    514 PM  98    1930  81     -1       85
  MINIMUM         60   1133 PM  41    1965  59      1       56
  AVERAGE         70                        70      0       71

PRECIPITATION (IN)
  YESTERDAY        0.06          1.66 2006   0.11  -0.05     0.00
  MONTH TO DATE    1.39                      0.32   1.07      T
  SINCE JUN 1      9.79                      6.71   3.08     8.22
  SINCE JAN 1     17.91                     17.70   0.21    23.17

SNOWFALL (IN)
  YESTERDAY        0.0           0.0    MM   0.0    0.0      0.0
  MONTH TO DATE    0.0                       0.0    0.0      0.0
  SINCE JUN 1      0.0                       0.0    0.0      0.0
  SINCE JUL 1      0.0                       0.0    0.0      0.0
  SNOW DEPTH       0

DEGREE DAYS
 HEATING
  YESTERDAY        0                         1     -1        0
  MONTH TO DATE    0                         2     -2        0
  SINCE JUN 1     36                        83    -47       39
  SINCE JUL 1      8                        17     -9       17

 COOLING
  YESTERDAY        5                         6     -1        6
  MONTH TO DATE   23                        18      5       18
  SINCE JUN 1    365                       317     48      299
  SINCE JAN 1    440                       349     91      347
..................................................................


WIND (MPH)
  HIGHEST WIND SPEED    21   HIGHEST WIND DIRECTION     W (280)
  HIGHEST GUST SPEED    25   HIGHEST GUST DIRECTION     W (280)
  AVERAGE WIND SPEED     7.7


SKY COVER
  POSSIBLE SUNSHINE  MM
  AVERAGE SKY COVER 0.6


WEATHER CONDITIONS
 THE FOLLOWING WEATHER WAS RECORDED YESTERDAY.
  THUNDERSTORM
  LIGHT RAIN


RELATIVE HUMIDITY (PERCENT)
 HIGHEST    87          1200 AM
 LOWEST     39           600 PM
 AVERAGE    63

..........................................................


THE FLINT MI CLIMATE NORMALS FOR TODAY
                         NORMAL    RECORD    YEAR
 MAXIMUM TEMPERATURE (F)   81        97      1944
                                             1930
 MINIMUM TEMPERATURE (F)   59        45      1970


SUNRISE AND SUNSET
AUGUST  4 2015........SUNRISE   629 AM EDT   SUNSET   853 PM EDT
AUGUST  5 2015........SUNRISE   630 AM EDT   SUNSET   851 PM EDT


-  INDICATES NEGATIVE NUMBERS.
R  INDICATES RECORD WAS SET OR TIED.
MM INDICATES DATA IS MISSING.
T  INDICATES TRACE AMOUNT.




$$
