147
CDUS43 KDTX 162134
CLIFNT


CLIMATE REPORT
NATIONAL WEATHER SERVICE DETROIT/PONTIAC MI
431 PM EST THU NOV 16 2017


...................................

...THE FLINT MI CLIMATE SUMMARY FOR NOVEMBER 16 2017...
VALID TODAY AS OF 0400 PM LOCAL TIME.

CLIMATE NORMAL PERIOD 1981 TO 2010
CLIMATE RECORD PERIOD 1921 TO 2017


WEATHER ITEM   OBSERVED TIME   RECORD YEAR NORMAL DEPARTURE LAST
                VALUE   (LST)  VALUE       VALUE  FROM      YEAR
                                                  NORMAL
..................................................................
TEMPERATURE (F)
 TODAY
  MAXIMUM         42   1251 AM  68    1953  47     -5       57
                                      1931
  MINIMUM         36    843 AM   7    1933  31      5       30
  AVERAGE         39                        39      0       44

PRECIPITATION (IN)
  TODAY            0.01          0.89 1988   0.09  -0.08     0.00
  MONTH TO DATE    1.80                      1.46   0.34     0.61
  SINCE SEP 1      7.33                      7.68  -0.35     8.20
  SINCE JAN 1     33.02                     28.24   4.78    27.75

SNOWFALL (IN)
  TODAY            0.0           4.8  1989   0.1   -0.1      0.0
  MONTH TO DATE    T                         0.6   -0.6      0.0
  SINCE SEP 1      0.1                       1.0   -0.9       T
  SINCE JUL 1      0.1                       1.0   -0.9       T
  SNOW DEPTH       0

DEGREE DAYS
 HEATING
  TODAY           26                        26      0       21
  MONTH TO DATE  438                       374     64      260
  SINCE SEP 1    889                      1026   -137      699
  SINCE JUL 1    921                      1070   -149      699

 COOLING
  TODAY            0                         0      0        0
  MONTH TO DATE    0                         0      0        0
  SINCE SEP 1    110                        54     56       83
  SINCE JAN 1    567                       531     36     1022
..................................................................


WIND (MPH)
  HIGHEST WIND SPEED    26   HIGHEST WIND DIRECTION     W (290)
  HIGHEST GUST SPEED    36   HIGHEST GUST DIRECTION     W (260)
  AVERAGE WIND SPEED    18.9


SKY COVER
  POSSIBLE SUNSHINE  MM
  AVERAGE SKY COVER 1.0


WEATHER CONDITIONS
 THE FOLLOWING WEATHER WAS RECORDED TODAY.
  LIGHT RAIN


RELATIVE HUMIDITY (PERCENT)
 HIGHEST    85           400 AM
 LOWEST     64          1100 AM
 AVERAGE    75

..........................................................


THE FLINT MI CLIMATE NORMALS FOR TOMORROW
                         NORMAL    RECORD    YEAR
 MAXIMUM TEMPERATURE (F)   46        70      1953
 MINIMUM TEMPERATURE (F)   31         9      1959


SUNRISE AND SUNSET
NOVEMBER 16 2017......SUNRISE   729 AM EST   SUNSET   510 PM EST
NOVEMBER 17 2017......SUNRISE   730 AM EST   SUNSET   509 PM EST


-  INDICATES NEGATIVE NUMBERS.
R  INDICATES RECORD WAS SET OR TIED.
MM INDICATES DATA IS MISSING.
T  INDICATES TRACE AMOUNT.




$$
