000
CDUS43 KDTX 232029
CLIFNT


CLIMATE REPORT
NATIONAL WEATHER SERVICE DETROIT/PONTIAC MI
428 PM EDT SAT MAY 23 2015


...................................

...THE FLINT MI CLIMATE SUMMARY FOR MAY 23 2015...
VALID TODAY AS OF 0400 PM LOCAL TIME.

CLIMATE NORMAL PERIOD 1981 TO 2010
CLIMATE RECORD PERIOD 1921 TO 2015


WEATHER ITEM   OBSERVED TIME   RECORD YEAR NORMAL DEPARTURE LAST
                VALUE   (LST)  VALUE       VALUE  FROM      YEAR
                                                  NORMAL
..................................................................
TEMPERATURE (F)
 TODAY
  MAXIMUM         76    259 PM  88    1936  71      5       71
                                      1925
  MINIMUM         36    522 AM  28    1963  48    -12       47
  AVERAGE         56                        59     -3       59

PRECIPITATION (IN)
  TODAY            0.00          1.90 1952   0.10  -0.10     0.00
  MONTH TO DATE    2.07                      2.28  -0.21     6.47
  SINCE MAR 1      4.62                      7.08  -2.46    10.16
  SINCE JAN 1      6.79                     10.19  -3.40    14.17

SNOWFALL (IN)
  TODAY            0.0           0.0    MM   0.0    0.0      0.0
  MONTH TO DATE    0.0                       0.0    0.0      0.0
  SINCE MAR 1      4.8                       8.8   -4.0     10.7
  SINCE JUL 1     45.3                      47.4   -2.1     83.9
  SNOW DEPTH       0

DEGREE DAYS
 HEATING
  TODAY            9                         7      2        6
  MONTH TO DATE  119                       232   -113      201
  SINCE MAR 1   1600                      1751   -151     1932
  SINCE JUL 1   6908                      6839     69     7453

 COOLING
  TODAY            0                         1     -1        0
  MONTH TO DATE   38                        15     23       24
  SINCE MAR 1     38                        19     19       24
  SINCE JAN 1     38                        19     19       24
..................................................................


WIND (MPH)
  HIGHEST WIND SPEED    15   HIGHEST WIND DIRECTION     W (250)
  HIGHEST GUST SPEED    21   HIGHEST GUST DIRECTION    SW (240)
  AVERAGE WIND SPEED     5.5


SKY COVER
  POSSIBLE SUNSHINE  MM
  AVERAGE SKY COVER 0.0


WEATHER CONDITIONS
 THE FOLLOWING WEATHER WAS RECORDED TODAY.
  NO SIGNIFICANT WEATHER WAS OBSERVED.


RELATIVE HUMIDITY (PERCENT)
 HIGHEST    76           600 AM
 LOWEST     21           300 PM
 AVERAGE    49

..........................................................


THE FLINT MI CLIMATE NORMALS FOR TOMORROW
                         NORMAL    RECORD    YEAR
 MAXIMUM TEMPERATURE (F)   71        88      2007
 MINIMUM TEMPERATURE (F)   48        32      1956
                                             1931


SUNRISE AND SUNSET
MAY 23 2015...........SUNRISE   605 AM EDT   SUNSET   859 PM EDT
MAY 24 2015...........SUNRISE   604 AM EDT   SUNSET   900 PM EDT


-  INDICATES NEGATIVE NUMBERS.
R  INDICATES RECORD WAS SET OR TIED.
MM INDICATES DATA IS MISSING.
T  INDICATES TRACE AMOUNT.




$$
