757
CDUS43 KDTX 220552
CLIFNT


CLIMATE REPORT
NATIONAL WEATHER SERVICE DETROIT/PONTIAC MI
1252 AM EST SUN JAN 22 2017


...................................

...THE FLINT MI CLIMATE SUMMARY FOR JANUARY 21 2017...

CLIMATE NORMAL PERIOD 1981 TO 2010
CLIMATE RECORD PERIOD 1921 TO 2017


WEATHER ITEM   OBSERVED TIME   RECORD YEAR NORMAL DEPARTURE LAST
                VALUE   (LST)  VALUE       VALUE  FROM      YEAR
                                                  NORMAL
..................................................................
TEMPERATURE (F)
 YESTERDAY
  MAXIMUM         54    411 PM  55    1934  29     25       28
  MINIMUM         36   1251 AM -16    1984  15     21       14
  AVERAGE         45                        22     23       21

PRECIPITATION (IN)
  YESTERDAY        0.00          0.60 1993   0.05  -0.05     0.30
  MONTH TO DATE    2.61                      1.16   1.45     1.38
  SINCE DEC 1      4.20                      3.08   1.12     3.28
  SINCE JAN 1      2.61                      1.16   1.45     1.38

SNOWFALL (IN)
  YESTERDAY        0.0           5.1  1995   0.4   -0.4      0.6
  MONTH TO DATE    5.7                       8.9   -3.2     12.4
  SINCE DEC 1     25.9                      20.7    5.2     14.9
  SINCE JUL 1     25.9                      23.6    2.3     25.7
  SNOW DEPTH       0

DEGREE DAYS
 HEATING
  YESTERDAY       20                        43    -23       44
  MONTH TO DATE  783                       892   -109      818
  SINCE DEC 1   1931                      2056   -125     1555
  SINCE JUL 1   2972                      3537   -565     2536

 COOLING
  YESTERDAY        0                         0      0        0
  MONTH TO DATE    0                         0      0        0
  SINCE DEC 1      0                         0      0        0
  SINCE JAN 1      0                         0      0        0
..................................................................


WIND (MPH)
  HIGHEST WIND SPEED    10   HIGHEST WIND DIRECTION    SE (150)
  HIGHEST GUST SPEED    14   HIGHEST GUST DIRECTION     S (170)
  AVERAGE WIND SPEED     6.6


SKY COVER
  POSSIBLE SUNSHINE  MM
  AVERAGE SKY COVER 0.7


WEATHER CONDITIONS
 THE FOLLOWING WEATHER WAS RECORDED YESTERDAY.
  FOG
  FOG W/VISIBILITY <= 1/4 MILE


RELATIVE HUMIDITY (PERCENT)
 HIGHEST   100           200 AM
 LOWEST     89           400 PM
 AVERAGE    95

..........................................................


THE FLINT MI CLIMATE NORMALS FOR TODAY
                         NORMAL    RECORD    YEAR
 MAXIMUM TEMPERATURE (F)   29        55      1933
 MINIMUM TEMPERATURE (F)   15       -13      2014
                                             2000


SUNRISE AND SUNSET
JANUARY 22 2017.......SUNRISE   759 AM EST   SUNSET   535 PM EST
JANUARY 23 2017.......SUNRISE   758 AM EST   SUNSET   536 PM EST


-  INDICATES NEGATIVE NUMBERS.
R  INDICATES RECORD WAS SET OR TIED.
MM INDICATES DATA IS MISSING.
T  INDICATES TRACE AMOUNT.




$$
