000
CDUS43 KDTX 190543
CLIFNT


CLIMATE REPORT
NATIONAL WEATHER SERVICE DETROIT/PONTIAC MI
143 AM EDT WED APR 19 2017


...................................

...THE FLINT MI CLIMATE SUMMARY FOR APRIL 18 2017...

CLIMATE NORMAL PERIOD 1981 TO 2010
CLIMATE RECORD PERIOD 1921 TO 2017


WEATHER ITEM   OBSERVED TIME   RECORD YEAR NORMAL DEPARTURE LAST
                VALUE   (LST)  VALUE       VALUE  FROM      YEAR
                                                  NORMAL
..................................................................
TEMPERATURE (F)
 YESTERDAY
  MAXIMUM         66    327 PM  87    2004  59      7       82
  MINIMUM         33    546 AM  22    1990  36     -3       43
                                      1921
  AVERAGE         50                        48      2       63

PRECIPITATION (IN)
  YESTERDAY        0.00          2.69 1975   0.10  -0.10     0.00
  MONTH TO DATE    3.00                      1.75   1.25     1.41
  SINCE MAR 1      6.21                      3.66   2.55     5.74
  SINCE JAN 1     11.76                      6.77   4.99     9.59

SNOWFALL (IN)
  YESTERDAY        0.0           1.6  2011   0.1   -0.1      0.0
  MONTH TO DATE    1.5                       1.9   -0.4      6.8
  SINCE MAR 1      6.9                       8.4   -1.5     18.4
  SINCE JUL 1     39.4                      47.0   -7.6     69.0
  SNOW DEPTH       0

DEGREE DAYS
 HEATING
  YESTERDAY       15                        18     -3        2
  MONTH TO DATE  271                       377   -106      401
  SINCE MAR 1   1229                      1334   -105     1115
  SINCE JUL 1   5378                      6422  -1044     4985

 COOLING
  YESTERDAY        0                         0      0        0
  MONTH TO DATE    1                         0      1        0
  SINCE MAR 1      1                         0      1        1
  SINCE JAN 1      1                         0      1        1
..................................................................


WIND (MPH)
  HIGHEST WIND SPEED    20   HIGHEST WIND DIRECTION    SE (140)
  HIGHEST GUST SPEED    27   HIGHEST GUST DIRECTION    SE (150)
  AVERAGE WIND SPEED    12.5


SKY COVER
  POSSIBLE SUNSHINE  MM
  AVERAGE SKY COVER 0.2


WEATHER CONDITIONS
 THE FOLLOWING WEATHER WAS RECORDED YESTERDAY.
  NO SIGNIFICANT WEATHER WAS OBSERVED.


RELATIVE HUMIDITY (PERCENT)
 HIGHEST    89           600 AM
 LOWEST     43           500 PM
 AVERAGE    66

..........................................................


THE FLINT MI CLIMATE NORMALS FOR TODAY
                         NORMAL    RECORD    YEAR
 MAXIMUM TEMPERATURE (F)   59        83      2005
 MINIMUM TEMPERATURE (F)   37        22      1926


SUNRISE AND SUNSET
APRIL 19 2017.........SUNRISE   646 AM EDT   SUNSET   822 PM EDT
APRIL 20 2017.........SUNRISE   645 AM EDT   SUNSET   824 PM EDT


-  INDICATES NEGATIVE NUMBERS.
R  INDICATES RECORD WAS SET OR TIED.
MM INDICATES DATA IS MISSING.
T  INDICATES TRACE AMOUNT.




$$
