991
CDUS43 KDTX 042130
CLIFNT


CLIMATE REPORT
NATIONAL WEATHER SERVICE DETROIT/PONTIAC MI
429 PM EST THU FEB 4 2016


...................................

...THE FLINT MI CLIMATE SUMMARY FOR FEBRUARY 4 2016...
VALID TODAY AS OF 0400 PM LOCAL TIME.

CLIMATE NORMAL PERIOD 1981 TO 2010
CLIMATE RECORD PERIOD 1921 TO 2016


WEATHER ITEM   OBSERVED TIME   RECORD YEAR NORMAL DEPARTURE LAST
                VALUE   (LST)  VALUE       VALUE  FROM      YEAR
                                                  NORMAL
..................................................................
TEMPERATURE (F)
 TODAY
  MAXIMUM         36   1203 AM  55    1991  30      6       28
  MINIMUM         30    820 AM -16    1978  15     15       10
  AVERAGE         33                        23     10       19

PRECIPITATION (IN)
  TODAY            0.03          0.80 1924   0.05  -0.02     0.07
  MONTH TO DATE    0.39                      0.19   0.20     0.67
  SINCE DEC 1      3.93                      3.74   0.19     3.61
  SINCE JAN 1      2.03                      1.82   0.21     1.97

SNOWFALL (IN)
  TODAY            0.7           4.5  2006   0.4    0.3      1.4
  MONTH TO DATE    0.7                       1.6   -0.9     11.6
  SINCE DEC 1     17.8                      26.5   -8.7     25.3
  SINCE JUL 1     28.6                      29.4   -0.8     34.7
  SNOW DEPTH       T

DEGREE DAYS
 HEATING
  TODAY           32                        42    -10       46
  MONTH TO DATE  111                       168    -57      191
  SINCE DEC 1   1987                      2651   -664     2539
  SINCE JUL 1   2968                      4132  -1164     4003

 COOLING
  TODAY            0                         0      0        0
  MONTH TO DATE    0                         0      0        0
  SINCE DEC 1      0                         0      0        0
  SINCE JAN 1      0                         0      0        0
..................................................................


WIND (MPH)
  HIGHEST WIND SPEED    18   HIGHEST WIND DIRECTION     W (270)
  HIGHEST GUST SPEED    23   HIGHEST GUST DIRECTION     W (280)
  AVERAGE WIND SPEED     6.6


SKY COVER
  POSSIBLE SUNSHINE  MM
  AVERAGE SKY COVER 0.9


WEATHER CONDITIONS
 THE FOLLOWING WEATHER WAS RECORDED TODAY.
  HEAVY SNOW
  SNOW
  LIGHT SNOW
  FOG


RELATIVE HUMIDITY (PERCENT)
 HIGHEST    72           900 AM
 LOWEST     63           600 AM
 AVERAGE    68

..........................................................


THE FLINT MI CLIMATE NORMALS FOR TOMORROW
                         NORMAL    RECORD    YEAR
 MAXIMUM TEMPERATURE (F)   31        49      2005
 MINIMUM TEMPERATURE (F)   15       -18      2009


SUNRISE AND SUNSET
FEBRUARY  4 2016......SUNRISE   747 AM EST   SUNSET   551 PM EST
FEBRUARY  5 2016......SUNRISE   746 AM EST   SUNSET   552 PM EST


-  INDICATES NEGATIVE NUMBERS.
R  INDICATES RECORD WAS SET OR TIED.
MM INDICATES DATA IS MISSING.
T  INDICATES TRACE AMOUNT.




$$
