000
CDUS43 KDTX 280535
CLIFNT


CLIMATE REPORT
NATIONAL WEATHER SERVICE DETROIT/PONTIAC MI
135 AM EDT SUN SEP 28 2014


...................................

...THE FLINT MI CLIMATE SUMMARY FOR SEPTEMBER 27 2014...

CLIMATE NORMAL PERIOD 1981 TO 2010
CLIMATE RECORD PERIOD 1921 TO 2014


WEATHER ITEM   OBSERVED TIME   RECORD YEAR NORMAL DEPARTURE LAST
                VALUE   (LST)  VALUE       VALUE  FROM      YEAR
                                                  NORMAL
..................................................................
TEMPERATURE (F)
 YESTERDAY
  MAXIMUM         80    242 PM  86    1999  68     12       79
                                      1998
                                      1946
  MINIMUM         48    656 AM  27    1957  45      3       42
  AVERAGE         64                        56      8       61

PRECIPITATION (IN)
  YESTERDAY        0.00          1.43 1936   0.12  -0.12     0.00
  MONTH TO DATE    3.17                      3.41  -0.24     0.43
  SINCE SEP 1      3.17                      3.41  -0.24     0.43
  SINCE JAN 1     30.16                     23.97   6.19    26.02

SNOWFALL (IN)
  YESTERDAY        0.0           0.0    MM   0.0    0.0      0.0
  MONTH TO DATE    0.0                       0.0    0.0      0.0
  SINCE SEP 1      0.0                       0.0    0.0      0.0
  SINCE JUL 1      0.0                       0.0    0.0      0.0
  SNOW DEPTH       0

DEGREE DAYS
 HEATING
  YESTERDAY        1                         9     -8        4
  MONTH TO DATE  127                       135     -8      142
  SINCE SEP 1    127                       135     -8      142
  SINCE JUL 1    151                       179    -28      164

 COOLING
  YESTERDAY        0                         1     -1        0
  MONTH TO DATE   64                        46     18       73
  SINCE SEP 1     64                        46     18       73
  SINCE JAN 1    596                       523     73      743
..................................................................


WIND (MPH)
  HIGHEST WIND SPEED    12   HIGHEST WIND DIRECTION     E (110)
  HIGHEST GUST SPEED    17   HIGHEST GUST DIRECTION     E (80)
  AVERAGE WIND SPEED     2.6


SKY COVER
  POSSIBLE SUNSHINE  MM
  AVERAGE SKY COVER 0.0


WEATHER CONDITIONS
 THE FOLLOWING WEATHER WAS RECORDED YESTERDAY.
  FOG
  FOG W/VISIBILITY <= 1/4 MILE


RELATIVE HUMIDITY (PERCENT)
 HIGHEST    96           300 AM
 LOWEST     45           200 PM
 AVERAGE    71

..........................................................


THE FLINT MI CLIMATE NORMALS FOR TODAY
                         NORMAL    RECORD    YEAR
 MAXIMUM TEMPERATURE (F)   67        87      1946
 MINIMUM TEMPERATURE (F)   45        26      1991


SUNRISE AND SUNSET
SEPTEMBER 28 2014.....SUNRISE   729 AM EDT   SUNSET   722 PM EDT
SEPTEMBER 29 2014.....SUNRISE   730 AM EDT   SUNSET   720 PM EDT


-  INDICATES NEGATIVE NUMBERS.
R  INDICATES RECORD WAS SET OR TIED.
MM INDICATES DATA IS MISSING.
T  INDICATES TRACE AMOUNT.




$$
