000
CDUS43 KDTX 150547
CLIFNT


CLIMATE REPORT
NATIONAL WEATHER SERVICE DETROIT/PONTIAC MI
147 AM EDT MON SEP 15 2014


...................................

...THE FLINT MI CLIMATE SUMMARY FOR SEPTEMBER 14 2014...

CLIMATE NORMAL PERIOD 1981 TO 2010
CLIMATE RECORD PERIOD 1921 TO 2014


WEATHER ITEM   OBSERVED TIME   RECORD YEAR NORMAL DEPARTURE LAST
                VALUE   (LST)  VALUE       VALUE  FROM      YEAR
                                                  NORMAL
..................................................................
TEMPERATURE (F)
 YESTERDAY
  MAXIMUM         63    422 PM  98    1939  73    -10       70
  MINIMUM         41    205 AM  33    1963  51    -10       36
  AVERAGE         52                        62    -10       53

PRECIPITATION (IN)
  YESTERDAY        0.00          2.63 2008   0.13  -0.13     0.00
  MONTH TO DATE    1.98                      1.71   0.27     0.30
  SINCE SEP 1      1.98                      1.71   0.27     0.30
  SINCE JAN 1     28.97                     22.27   6.70    25.89

SNOWFALL (IN)
  YESTERDAY        0.0           0.0    MM   0.0    0.0      0.0
  MONTH TO DATE    0.0                       0.0    0.0      0.0
  SINCE SEP 1      0.0                       0.0    0.0      0.0
  SINCE JUL 1      0.0                       0.0    0.0      0.0
  SNOW DEPTH       0

DEGREE DAYS
 HEATING
  YESTERDAY       13                         5      8       12
  MONTH TO DATE   45                        44      1       41
  SINCE SEP 1     45                        44      1       41
  SINCE JUL 1     69                        88    -19       63

 COOLING
  YESTERDAY        0                         2     -2        0
  MONTH TO DATE   60                        33     27       58
  SINCE SEP 1     60                        33     27       58
  SINCE JAN 1    592                       510     82      728
..................................................................


WIND (MPH)
  HIGHEST WIND SPEED    13   HIGHEST WIND DIRECTION    SW (240)
  HIGHEST GUST SPEED    22   HIGHEST GUST DIRECTION    SW (220)
  AVERAGE WIND SPEED     3.3


SKY COVER
  POSSIBLE SUNSHINE  MM
  AVERAGE SKY COVER 0.7


WEATHER CONDITIONS
 THE FOLLOWING WEATHER WAS RECORDED YESTERDAY.
  FOG


RELATIVE HUMIDITY (PERCENT)
 HIGHEST    89          1200 AM
 LOWEST     46           100 PM
 AVERAGE    68

..........................................................


THE FLINT MI CLIMATE NORMALS FOR TODAY
                         NORMAL    RECORD    YEAR
 MAXIMUM TEMPERATURE (F)   73       100      1939
 MINIMUM TEMPERATURE (F)   50        38      2011
                                             2010
                                             2007


SUNRISE AND SUNSET
SEPTEMBER 15 2014.....SUNRISE   715 AM EDT   SUNSET   745 PM EDT
SEPTEMBER 16 2014.....SUNRISE   716 AM EDT   SUNSET   743 PM EDT


-  INDICATES NEGATIVE NUMBERS.
R  INDICATES RECORD WAS SET OR TIED.
MM INDICATES DATA IS MISSING.
T  INDICATES TRACE AMOUNT.




$$
